-- Table structure for table `ipd_payments`
--

CREATE TABLE `ipd_payments` (
  `id` int(11) NOT NULL,
  `ipd_id` int(11) NOT NULL,
  `invoice_id` int(11) NOT NULL,
  `collection_type` varchar(15) NOT NULL DEFAULT '1' COMMENT 'First Time = 1, Due = 2, Advanced = 3',
  `payment_date` datetime NOT NULL,
  `amount` decimal(10,2) UNSIGNED NOT NULL DEFAULT 0.00,
  `second_less` decimal(10,2) UNSIGNED NOT NULL DEFAULT 0.00,
  `due` decimal(10,2) UNSIGNED NOT NULL DEFAULT 0.00,
  `note` text DEFAULT NULL,
  `payment_status` enum('complete','rejected','canceled','pending') NOT NULL DEFAULT 'complete',
  `status` tinyint(1) NOT NULL,
  `created_at` datetime NOT NULL,
  `modified_at` datetime NOT NULL,
  `created_by` int(11) NOT NULL,
  `modified_by` int(11) NOT NULL
) ENGINE=InnoDB DEFAULT CHARSET=utf8mb3 COLLATE=utf8mb3_general_ci;

--
-- Dumping data for table `ipd_payments`
--

INSERT INTO `ipd_payments` (`id`, `ipd_id`, `invoice_id`, `collection_type`, `payment_date`, `amount`, `second_less`, `due`, `note`, `payment_status`, `status`, `created_at`, `modified_at`, `created_by`, `modified_by`) VALUES
(14, 24, 14, '1', '2024-06-26 14:30:00', 0.00, 0.00, 0.00, NULL, 'complete', 1, '2024-06-26 14:29:24', '0000-00-00 00:00:00', 264, 0),
(15, 27, 15, '1', '2024-06-27 11:59:00', 3700.00, 0.00, 0.00, NULL, 'complete', 1, '2024-06-27 11:58:38', '0000-00-00 00:00:00', 266, 0),
(16, 21, 16, '1', '2024-06-27 16:46:00', 8200.00, 0.00, 0.00, NULL, 'complete', 1, '2024-06-27 16:47:09', '0000-00-00 00:00:00', 211, 0),
(17, 26, 17, '1', '2024-06-28 20:02:00', 10200.00, 0.00, 0.00, NULL, 'complete', 1, '2024-06-28 20:03:16', '0000-00-00 00:00:00', 275, 0),
(18, 31, 18, '1', '2024-06-29 17:22:00', 300.00, 0.00, 0.00, NULL, 'complete', 1, '2024-06-29 17:21:12', '0000-00-00 00:00:00', 264, 0),
(19, 32, 19, '1', '2024-06-29 17:26:00', 1400.00, 0.00, 0.00, NULL, 'complete', 1, '2024-06-29 17:25:17', '0000-00-00 00:00:00', 264, 0),
(20, 28, 20, '1', '2024-06-29 17:32:00', 4200.00, 0.00, 0.00, NULL, 'complete', 1, '2024-06-29 17:30:50', '0000-00-00 00:00:00', 264, 0),
(21, 29, 21, '1', '2024-06-29 17:38:00', 10200.00, 0.00, 0.00, NULL, 'complete', 1, '2024-06-29 17:37:18', '0000-00-00 00:00:00', 264, 0),
(22, 33, 22, '1', '2024-06-29 19:14:00', 3000.00, 0.00, 0.00, NULL, 'complete', 1, '2024-06-29 19:12:58', '0000-00-00 00:00:00', 264, 0),
(23, 34, 23, '1', '2024-06-29 19:18:00', 5000.00, 0.00, 0.00, NULL, 'complete', 1, '2024-06-29 19:16:36', '0000-00-00 00:00:00', 264, 0),
(24, 25, 24, '1', '2024-06-29 19:32:00', 11700.00, 0.00, 0.00, NULL, 'complete', 1, '2024-06-29 19:30:36', '0000-00-00 00:00:00', 264, 0),
(25, 22, 25, '1', '2024-06-30 17:40:00', 0.00, 0.00, 0.00, NULL, 'complete', 1, '2024-06-30 17:39:46', '0000-00-00 00:00:00', 264, 0),
(26, 30, 26, '1', '2024-06-30 17:42:00', 0.00, 0.00, 0.00, NULL, 'complete', 1, '2024-06-30 17:41:42', '0000-00-00 00:00:00', 264, 0),
(27, 44, 27, '1', '2024-07-01 16:10:00', 400.00, 0.00, 0.00, NULL, 'complete', 1, '2024-07-01 16:09:21', '0000-00-00 00:00:00', 264, 0),
(28, 39, 28, '1', '2024-07-01 16:15:00', 9000.00, 0.00, 0.00, NULL, 'complete', 1, '2024-07-01 16:13:34', '0000-00-00 00:00:00', 264, 0),
(29, 40, 29, '1', '2024-07-01 16:23:00', 8000.00, 0.00, 0.00, NULL, 'complete', 1, '2024-07-01 16:22:38', '0000-00-00 00:00:00', 264, 0),
(30, 41, 30, '1', '2024-07-01 16:32:00', 7200.00, 0.00, 0.00, NULL, 'complete', 1, '2024-07-01 16:30:54', '0000-00-00 00:00:00', 264, 0),
(31, 37, 31, '1', '2024-07-01 16:48:00', 12000.00, 0.00, 0.00, NULL, 'complete', 1, '2024-07-01 16:47:07', '0000-00-00 00:00:00', 264, 0),
(32, 46, 32, '1', '2024-07-01 16:58:00', 7200.00, 0.00, 0.00, NULL, 'complete', 1, '2024-07-01 16:57:07', '0000-00-00 00:00:00', 264, 0),
(33, 49, 33, '1', '2024-07-01 17:50:00', 0.00, 0.00, 0.00, NULL, 'complete', 1, '2024-07-01 17:48:26', '0000-00-00 00:00:00', 264, 0),
(34, 36, 34, '1', '2024-07-01 18:11:00', 8500.00, 0.00, 0.00, NULL, 'complete', 1, '2024-07-01 18:10:21', '0000-00-00 00:00:00', 264, 0),
(35, 50, 35, '1', '2024-07-02 17:00:00', 500.00, 0.00, 0.00, NULL, 'complete', 1, '2024-07-02 16:58:28', '0000-00-00 00:00:00', 264, 0),
(36, 43, 36, '1', '2024-07-02 17:04:00', 5200.00, 0.00, 0.00, NULL, 'complete', 1, '2024-07-02 17:03:25', '0000-00-00 00:00:00', 264, 0),
(37, 54, 37, '1', '2024-07-03 17:36:00', 16200.00, 0.00, 0.00, NULL, 'complete', 1, '2024-07-03 17:35:22', '0000-00-00 00:00:00', 264, 0),
(38, 55, 38, '1', '2024-07-03 17:53:00', 8200.00, 0.00, 0.00, NULL, 'complete', 1, '2024-07-03 17:52:46', '0000-00-00 00:00:00', 264, 0),
(39, 38, 39, '1', '2024-07-03 17:58:00', 8000.00, 0.00, 0.00, NULL, 'complete', 1, '2024-07-03 17:57:42', '0000-00-00 00:00:00', 264, 0),
(40, 35, 40, '1', '2024-07-03 19:42:00', 0.00, 0.00, 0.00, NULL, 'complete', 1, '2024-07-03 19:41:09', '0000-00-00 00:00:00', 264, 0),
(41, 48, 41, '1', '2024-07-03 19:45:00', 11000.00, 0.00, 0.00, NULL, 'complete', 1, '2024-07-03 19:44:18', '0000-00-00 00:00:00', 264, 0),
(42, 47, 42, '1', '2024-07-04 17:15:00', 3700.00, 0.00, 0.00, NULL, 'complete', 1, '2024-07-04 17:13:47', '0000-00-00 00:00:00', 264, 0),
(43, 56, 43, '1', '2024-07-04 17:18:00', 2500.00, 0.00, 0.00, NULL, 'complete', 1, '2024-07-04 17:16:34', '0000-00-00 00:00:00', 264, 0),
(44, 51, 44, '1', '2024-07-05 20:46:00', 11000.00, 0.00, 0.00, NULL, 'complete', 1, '2024-07-05 20:44:50', '0000-00-00 00:00:00', 264, 0),
(45, 52, 45, '1', '2024-07-05 20:56:00', 10500.00, 0.00, 0.00, NULL, 'complete', 1, '2024-07-05 20:55:14', '0000-00-00 00:00:00', 264, 0),
(46, 53, 46, '1', '2024-07-05 20:59:00', 9500.00, 0.00, 0.00, NULL, 'complete', 1, '2024-07-05 20:57:49', '0000-00-00 00:00:00', 264, 0),
(47, 51, 47, '1', '2024-07-06 12:23:00', 0.00, 0.00, 0.00, NULL, 'complete', 1, '2024-07-06 12:25:02', '0000-00-00 00:00:00', 211, 0),
(48, 51, 48, '1', '2024-07-05 12:26:00', 0.00, 0.00, 0.00, NULL, 'complete', 1, '2024-07-06 12:27:14', '0000-00-00 00:00:00', 211, 0),
(49, 57, 49, '1', '2024-07-06 13:01:00', 9200.00, 0.00, 0.00, NULL, 'complete', 1, '2024-07-06 13:02:34', '0000-00-00 00:00:00', 1004, 0),
(50, 65, 50, '1', '2024-07-07 11:34:00', 500.00, 0.00, 0.00, NULL, 'complete', 1, '2024-07-07 11:34:38', '0000-00-00 00:00:00', 1004, 0),
(51, 69, 51, '1', '2024-07-08 18:03:00', 4200.00, 0.00, 0.00, NULL, 'complete', 1, '2024-07-08 18:02:26', '0000-00-00 00:00:00', 264, 0),
(52, 60, 52, '1', '2024-07-08 18:41:00', 9500.00, 0.00, 0.00, NULL, 'complete', 1, '2024-07-08 18:39:43', '0000-00-00 00:00:00', 264, 0),
(53, 68, 53, '1', '2024-07-08 18:45:00', 3700.00, 0.00, 0.00, NULL, 'complete', 1, '2024-07-08 18:43:32', '0000-00-00 00:00:00', 264, 0),
(54, 58, 54, '1', '2024-07-09 19:04:00', 11500.00, 0.00, 0.00, NULL, 'complete', 1, '2024-07-09 19:03:10', '0000-00-00 00:00:00', 264, 0),
(55, 67, 55, '1', '2024-07-09 19:07:00', 1000.00, 0.00, 0.00, NULL, 'complete', 1, '2024-07-09 19:05:51', '0000-00-00 00:00:00', 264, 0),
(56, 63, 56, '1', '2024-07-09 19:10:00', 8000.00, 0.00, 0.00, NULL, 'complete', 1, '2024-07-09 19:09:11', '0000-00-00 00:00:00', 264, 0),
(57, 59, 57, '1', '2024-07-09 19:16:00', 6200.00, 0.00, 0.00, NULL, 'complete', 1, '2024-07-09 19:14:43', '0000-00-00 00:00:00', 264, 0),
(58, 62, 58, '1', '2024-07-09 19:37:00', 9200.00, 0.00, 0.00, NULL, 'complete', 1, '2024-07-09 19:37:35', '0000-00-00 00:00:00', 1004, 0),
(59, 64, 59, '1', '2024-07-09 19:47:00', 7700.00, 0.00, 0.00, NULL, 'complete', 1, '2024-07-09 19:47:22', '0000-00-00 00:00:00', 1004, 0),
(60, 71, 60, '1', '2024-07-10 16:23:00', 15200.00, 0.00, 0.00, NULL, 'complete', 1, '2024-07-10 16:24:00', '0000-00-00 00:00:00', 1004, 0),
(61, 73, 61, '1', '2024-07-10 20:04:00', 500.00, 0.00, 0.00, NULL, 'complete', 1, '2024-07-10 20:04:17', '0000-00-00 00:00:00', 264, 0),
(62, 72, 62, '1', '2024-07-10 20:05:00', 500.00, 0.00, 0.00, NULL, 'complete', 1, '2024-07-10 20:05:38', '0000-00-00 00:00:00', 264, 0),
(63, 76, 63, '1', '2024-07-11 17:44:00', 400.00, 0.00, 0.00, NULL, 'complete', 1, '2024-07-11 17:43:11', '0000-00-00 00:00:00', 264, 0),
(64, 75, 64, '1', '2024-07-11 17:47:00', 200.00, 0.00, 0.00, NULL, 'complete', 1, '2024-07-11 17:45:37', '0000-00-00 00:00:00', 264, 0),
(65, 70, 65, '1', '2024-07-11 17:50:00', 7700.00, 0.00, 0.00, NULL, 'complete', 1, '2024-07-11 17:48:28', '0000-00-00 00:00:00', 264, 0),
(66, 74, 66, '1', '2024-07-11 20:00:00', 7700.00, 0.00, 0.00, NULL, 'complete', 1, '2024-07-11 19:58:44', '0000-00-00 00:00:00', 264, 0),
(67, 93, 67, '1', '2024-07-13 10:21:00', 12200.00, 0.00, 0.00, NULL, 'complete', 1, '2024-07-13 10:21:44', '0000-00-00 00:00:00', 1004, 0),
(68, 92, 68, '1', '2024-07-13 10:26:00', 300.00, 0.00, 0.00, NULL, 'complete', 1, '2024-07-13 10:26:48', '0000-00-00 00:00:00', 1004, 0),
(69, 90, 69, '1', '2024-07-13 10:54:00', 7700.00, 0.00, 0.00, NULL, 'complete', 1, '2024-07-13 10:55:26', '0000-00-00 00:00:00', 1004, 0),
(70, 86, 70, '1', '2024-07-12 11:12:00', 5100.00, 0.00, 0.00, NULL, 'complete', 1, '2024-07-13 11:14:53', '0000-00-00 00:00:00', 1004, 0),
(71, 89, 71, '1', '2024-07-13 11:27:00', 3500.00, 0.00, 0.00, NULL, 'complete', 1, '2024-07-13 11:31:05', '0000-00-00 00:00:00', 1004, 0),
(72, 91, 72, '1', '2024-07-13 11:36:00', 1400.00, 0.00, 0.00, NULL, 'complete', 1, '2024-07-13 11:37:48', '0000-00-00 00:00:00', 1004, 0),
(73, 80, 73, '1', '2024-07-13 17:48:00', 4700.00, 0.00, 0.00, NULL, 'complete', 1, '2024-07-13 17:47:13', '0000-00-00 00:00:00', 264, 0),
(74, 82, 74, '1', '2024-07-14 17:36:00', 9500.00, 0.00, 0.00, NULL, 'complete', 1, '2024-07-14 17:34:31', '0000-00-00 00:00:00', 1005, 0),
(75, 83, 75, '1', '2024-07-15 17:52:00', 9200.00, 0.00, 0.00, NULL, 'complete', 1, '2024-07-15 17:52:38', '0000-00-00 00:00:00', 1004, 0),
(76, 81, 76, '1', '2024-07-15 17:53:00', 9200.00, 0.00, 0.00, NULL, 'complete', 1, '2024-07-15 17:54:09', '0000-00-00 00:00:00', 1004, 0),
(77, 79, 77, '1', '2024-07-15 17:55:00', 9700.00, 0.00, 0.00, NULL, 'complete', 1, '2024-07-15 17:55:54', '0000-00-00 00:00:00', 1004, 0),
(78, 77, 78, '1', '2024-07-16 11:56:00', 0.00, 0.00, 0.00, NULL, 'complete', 1, '2024-07-16 11:55:39', '0000-00-00 00:00:00', 264, 0),
(79, 99, 79, '1', '2024-07-16 12:03:00', 22200.00, 0.00, 0.00, NULL, 'complete', 1, '2024-07-16 12:01:35', '0000-00-00 00:00:00', 264, 0),
(80, 85, 80, '1', '2024-07-16 12:06:00', 4700.00, 0.00, 0.00, NULL, 'complete', 1, '2024-07-16 12:05:07', '0000-00-00 00:00:00', 264, 0),
(81, 61, 81, '1', '2024-07-16 13:04:00', 0.00, 0.00, 0.00, NULL, 'complete', 1, '2024-07-16 13:02:53', '0000-00-00 00:00:00', 264, 0),
(82, 96, 82, '1', '2024-07-17 19:08:00', 5700.00, 0.00, 0.00, NULL, 'complete', 1, '2024-07-17 19:06:13', '0000-00-00 00:00:00', 264, 0),
(83, 98, 83, '1', '2024-07-17 19:10:00', 5200.00, 0.00, 0.00, NULL, 'complete', 1, '2024-07-17 19:08:59', '0000-00-00 00:00:00', 264, 0),
(84, 95, 84, '1', '2024-07-24 19:18:00', 7700.00, 0.00, 0.00, NULL, 'complete', 1, '2024-07-24 19:17:03', '0000-00-00 00:00:00', 264, 0),
(85, 106, 85, '1', '2024-07-24 19:20:00', 300.00, 0.00, 0.00, NULL, 'complete', 1, '2024-07-24 19:21:03', '0000-00-00 00:00:00', 1004, 0),
(86, 97, 86, '1', '2024-07-24 19:23:00', 4700.00, 0.00, 0.00, NULL, 'complete', 1, '2024-07-24 19:23:14', '0000-00-00 00:00:00', 264, 0),
(87, 105, 87, '1', '2024-07-24 19:27:00', 5000.00, 0.00, 0.00, NULL, 'complete', 1, '2024-07-24 19:26:59', '0000-00-00 00:00:00', 264, 0),
(88, 108, 88, '1', '2024-07-25 13:48:00', 4500.00, 0.00, 0.00, NULL, 'complete', 1, '2024-07-25 13:46:03', '0000-00-00 00:00:00', 264, 0),
(89, 107, 89, '1', '2024-07-25 13:50:00', 4000.00, 0.00, 0.00, NULL, 'complete', 1, '2024-07-25 13:48:42', '0000-00-00 00:00:00', 264, 0),
(90, 102, 90, '1', '2024-07-25 15:58:00', 3500.00, 0.00, 0.00, NULL, 'complete', 1, '2024-07-25 15:57:01', '0000-00-00 00:00:00', 264, 0),
(91, 94, 91, '1', '2024-07-25 16:06:00', 9500.00, 0.00, 0.00, NULL, 'complete', 1, '2024-07-25 16:04:39', '0000-00-00 00:00:00', 264, 0),
(92, 104, 92, '1', '2024-07-25 16:12:00', 5000.00, 0.00, 0.00, NULL, 'complete', 1, '2024-07-25 16:12:03', '0000-00-00 00:00:00', 264, 0),
(93, 100, 93, '1', '2024-07-25 16:19:00', 9000.00, 0.00, 0.00, NULL, 'complete', 1, '2024-07-25 16:17:37', '0000-00-00 00:00:00', 264, 0),
(94, 101, 94, '1', '2024-07-25 16:22:00', 8000.00, 0.00, 0.00, NULL, 'complete', 1, '2024-07-25 16:20:37', '0000-00-00 00:00:00', 264, 0),
(95, 103, 95, '1', '2024-07-25 16:25:00', 9000.00, 0.00, 0.00, NULL, 'complete', 1, '2024-07-25 16:23:47', '0000-00-00 00:00:00', 264, 0),
(96, 110, 96, '1', '2024-07-25 20:48:00', 4000.00, 0.00, 0.00, NULL, 'complete', 1, '2024-07-25 20:50:24', '0000-00-00 00:00:00', 1004, 0),
(97, 111, 97, '1', '2024-07-26 14:36:00', 15000.00, 0.00, 0.00, NULL, 'complete', 1, '2024-07-26 14:34:16', '0000-00-00 00:00:00', 264, 0),
(98, 112, 98, '1', '2024-07-26 20:01:00', 12200.00, 0.00, 0.00, NULL, 'complete', 1, '2024-07-26 19:59:35', '0000-00-00 00:00:00', 264, 0),
(99, 113, 99, '1', '2024-07-27 18:18:00', 4000.00, 0.00, 0.00, NULL, 'complete', 1, '2024-07-27 18:19:49', '0000-00-00 00:00:00', 1004, 0),
(100, 119, 100, '1', '2024-07-27 18:22:00', 8000.00, 0.00, 0.00, NULL, 'complete', 1, '2024-07-27 18:23:32', '0000-00-00 00:00:00', 1004, 0),
(101, 118, 101, '1', '2024-07-27 18:28:00', 9000.00, 0.00, 0.00, NULL, 'complete', 1, '2024-07-27 18:29:21', '0000-00-00 00:00:00', 1004, 0),
(102, 117, 102, '1', '2024-07-27 18:34:00', 9000.00, 0.00, 0.00, NULL, 'complete', 1, '2024-07-27 18:34:41', '0000-00-00 00:00:00', 1004, 0),
(103, 120, 103, '1', '2024-07-27 18:38:00', 8000.00, 0.00, 0.00, NULL, 'complete', 1, '2024-07-27 18:39:24', '0000-00-00 00:00:00', 1004, 0),
(104, 121, 104, '1', '2024-07-27 18:50:00', 5000.00, 0.00, 0.00, NULL, 'complete', 1, '2024-07-27 18:51:15', '0000-00-00 00:00:00', 1004, 0),
(105, 116, 105, '1', '2024-07-27 18:56:00', 3000.00, 0.00, 0.00, NULL, 'complete', 1, '2024-07-27 18:56:49', '0000-00-00 00:00:00', 1004, 0),
(106, 115, 106, '1', '2024-07-27 18:59:00', 200.00, 0.00, 0.00, NULL, 'complete', 1, '2024-07-27 18:59:24', '0000-00-00 00:00:00', 1004, 0),
(107, 114, 107, '1', '2024-07-27 19:02:00', 1100.00, 0.00, 0.00, NULL, 'complete', 1, '2024-07-27 19:03:03', '0000-00-00 00:00:00', 1004, 0),
(108, 122, 108, '1', '2024-07-28 19:09:00', 11000.00, 0.00, 0.00, NULL, 'complete', 1, '2024-07-28 19:07:25', '0000-00-00 00:00:00', 264, 0),
(109, 126, 109, '1', '2024-07-28 19:15:00', 10500.00, 0.00, 0.00, NULL, 'complete', 1, '2024-07-28 19:13:26', '0000-00-00 00:00:00', 264, 0),
(110, 128, 110, '1', '2024-07-28 19:16:00', 2000.00, 0.00, 0.00, NULL, 'complete', 1, '2024-07-28 19:16:56', '0000-00-00 00:00:00', 264, 0),
(111, 130, 111, '1', '2024-07-28 19:20:00', 4500.00, 0.00, 0.00, NULL, 'complete', 1, '2024-07-28 19:18:02', '0000-00-00 00:00:00', 264, 0),
(112, 124, 112, '1', '2024-07-28 19:19:00', 100.00, 0.00, 0.00, NULL, 'complete', 1, '2024-07-28 19:20:07', '0000-00-00 00:00:00', 264, 0),
(113, 134, 113, '1', '2024-07-29 19:25:00', 200.00, 0.00, 0.00, NULL, 'complete', 1, '2024-07-29 19:25:24', '0000-00-00 00:00:00', 1004, 0),
(114, 133, 114, '1', '2024-07-29 19:27:00', 300.00, 0.00, 0.00, NULL, 'complete', 1, '2024-07-29 19:27:12', '0000-00-00 00:00:00', 1004, 0),
(115, 129, 115, '1', '2024-07-29 19:29:00', 10000.00, 0.00, 0.00, NULL, 'complete', 1, '2024-07-29 19:30:35', '0000-00-00 00:00:00', 1004, 0),
(116, 123, 116, '1', '2024-07-29 19:35:00', 3700.00, 0.00, 0.00, NULL, 'complete', 1, '2024-07-29 19:36:31', '0000-00-00 00:00:00', 1004, 0),
(117, 125, 117, '1', '2024-07-29 19:40:00', 9000.00, 0.00, 0.00, NULL, 'complete', 1, '2024-07-29 19:40:40', '0000-00-00 00:00:00', 1004, 0),
(118, 141, 118, '1', '2024-08-01 15:47:00', 100.00, 0.00, 0.00, NULL, 'complete', 1, '2024-08-01 15:45:28', '0000-00-00 00:00:00', 264, 0),
(119, 137, 119, '1', '2024-08-02 17:07:00', 9500.00, 0.00, 0.00, NULL, 'complete', 1, '2024-08-02 17:08:39', '0000-00-00 00:00:00', 264, 0),
(120, 147, 120, '1', '2024-08-02 17:14:00', 300.00, 0.00, 0.00, NULL, 'complete', 1, '2024-08-02 17:14:32', '0000-00-00 00:00:00', 264, 0),
(121, 138, 121, '1', '2024-08-02 17:18:00', 9000.00, 0.00, 0.00, NULL, 'complete', 1, '2024-08-02 17:18:38', '0000-00-00 00:00:00', 264, 0),
(122, 140, 122, '1', '2024-08-02 17:22:00', 6800.00, 0.00, 0.00, NULL, 'complete', 1, '2024-08-02 17:22:31', '0000-00-00 00:00:00', 264, 0),
(123, 145, 123, '1', '2024-08-02 17:25:00', 11200.00, 0.00, 0.00, NULL, 'complete', 1, '2024-08-02 17:25:36', '0000-00-00 00:00:00', 264, 0),
(124, 135, 124, '1', '2024-08-02 17:28:00', 10700.00, 0.00, 0.00, NULL, 'complete', 1, '2024-08-02 17:29:34', '0000-00-00 00:00:00', 264, 0),
(125, 148, 125, '1', '2024-08-02 17:33:00', 4500.00, 0.00, 0.00, NULL, 'complete', 1, '2024-08-02 17:33:30', '0000-00-00 00:00:00', 264, 0),
(126, 127, 126, '1', '2024-08-02 17:41:00', 6700.00, 0.00, 0.00, NULL, 'complete', 1, '2024-08-02 17:41:33', '0000-00-00 00:00:00', 264, 0),
(127, 131, 127, '1', '2024-08-02 17:46:00', 7700.00, 0.00, 0.00, NULL, 'complete', 1, '2024-08-02 17:46:40', '0000-00-00 00:00:00', 264, 0),
(128, 139, 128, '1', '2024-08-02 18:59:00', 0.00, 0.00, 0.00, NULL, 'complete', 1, '2024-08-02 18:57:21', '0000-00-00 00:00:00', 264, 0),
(129, 136, 129, '1', '2024-08-02 19:00:00', 0.00, 0.00, 0.00, NULL, 'complete', 1, '2024-08-02 18:58:02', '0000-00-00 00:00:00', 264, 0),
(130, 144, 130, '1', '2024-08-04 19:15:00', 9000.00, 0.00, 0.00, NULL, 'complete', 1, '2024-08-04 19:15:28', '0000-00-00 00:00:00', 264, 0),
(131, 143, 131, '1', '2024-08-04 19:19:00', 4700.00, 0.00, 0.00, NULL, 'complete', 1, '2024-08-04 19:16:51', '0000-00-00 00:00:00', 264, 0),
(132, 142, 132, '1', '2024-08-04 19:17:00', 7200.00, 0.00, 0.00, NULL, 'complete', 1, '2024-08-04 19:18:00', '0000-00-00 00:00:00', 264, 0),
(133, 151, 133, '1', '2024-08-04 19:22:00', 5500.00, 0.00, 0.00, NULL, 'complete', 1, '2024-08-04 19:20:12', '0000-00-00 00:00:00', 264, 0),
(134, 154, 134, '1', '2024-08-05 18:21:00', 2000.00, 0.00, 0.00, NULL, 'complete', 1, '2024-08-05 18:21:30', '0000-00-00 00:00:00', 1004, 0),
(135, 149, 135, '1', '2024-08-05 18:24:00', 9700.00, 0.00, 0.00, NULL, 'complete', 1, '2024-08-05 18:22:07', '0000-00-00 00:00:00', 264, 0),
(136, 150, 136, '1', '2024-08-05 18:29:00', 5200.00, 0.00, 0.00, NULL, 'complete', 1, '2024-08-05 18:30:00', '0000-00-00 00:00:00', 1004, 0),
(137, 156, 137, '1', '2024-08-06 18:40:00', 200.00, 0.00, 0.00, NULL, 'complete', 1, '2024-08-06 18:41:23', '0000-00-00 00:00:00', 1004, 0),
(138, 146, 138, '1', '2024-08-06 18:43:00', 3700.00, 0.00, 0.00, NULL, 'complete', 1, '2024-08-06 18:43:41', '0000-00-00 00:00:00', 1004, 0),
(139, 158, 139, '1', '2024-08-07 17:34:00', 1000.00, 0.00, 0.00, NULL, 'complete', 1, '2024-08-07 17:34:57', '0000-00-00 00:00:00', 1004, 0),
(140, 157, 140, '1', '2024-08-07 17:36:00', 250.00, 0.00, 0.00, NULL, 'complete', 1, '2024-08-07 17:36:30', '0000-00-00 00:00:00', 1004, 0),
(141, 155, 141, '1', '2024-08-07 18:05:00', 0.00, 0.00, 0.00, NULL, 'complete', 1, '2024-08-07 18:03:09', '0000-00-00 00:00:00', 264, 0),
(142, 153, 142, '1', '2024-08-09 19:31:00', 8700.00, 0.00, 0.00, NULL, 'complete', 1, '2024-08-09 19:32:21', '0000-00-00 00:00:00', 1004, 0),
(143, 152, 143, '1', '2024-08-09 19:35:00', 15000.00, 0.00, 0.00, NULL, 'complete', 1, '2024-08-09 19:36:08', '0000-00-00 00:00:00', 1004, 0),
(144, 159, 144, '1', '2024-08-09 19:38:00', 4000.00, 0.00, 0.00, NULL, 'complete', 1, '2024-08-09 19:38:47', '0000-00-00 00:00:00', 1004, 0),
(145, 162, 145, '1', '2024-08-12 15:54:00', 11500.00, 0.00, 0.00, NULL, 'complete', 1, '2024-08-12 15:54:49', '0000-00-00 00:00:00', 1004, 0),
(146, 161, 146, '1', '2024-08-12 15:57:00', 7000.00, 0.00, 0.00, NULL, 'complete', 1, '2024-08-12 15:57:26', '0000-00-00 00:00:00', 1004, 0),
(147, 166, 147, '1', '2024-08-12 15:59:00', 1500.00, 0.00, 0.00, NULL, 'complete', 1, '2024-08-12 15:59:36', '0000-00-00 00:00:00', 1004, 0),
(148, 169, 148, '1', '2024-08-12 16:01:00', 500.00, 0.00, 0.00, NULL, 'complete', 1, '2024-08-12 16:01:25', '0000-00-00 00:00:00', 1004, 0),
(149, 164, 149, '1', '2024-08-12 16:07:00', 8000.00, 0.00, 0.00, NULL, 'complete', 1, '2024-08-12 16:08:04', '0000-00-00 00:00:00', 1004, 0),
(150, 160, 150, '1', '2024-08-12 16:11:00', 9000.00, 0.00, 0.00, NULL, 'complete', 1, '2024-08-12 16:11:50', '0000-00-00 00:00:00', 1004, 0),
(151, 170, 151, '1', '2024-08-12 18:44:00', 500.00, 0.00, 0.00, NULL, 'complete', 1, '2024-08-12 18:41:40', '0000-00-00 00:00:00', 264, 0),
(152, 163, 152, '1', '2024-08-13 18:37:00', 11000.00, 0.00, 0.00, NULL, 'complete', 1, '2024-08-13 18:38:20', '0000-00-00 00:00:00', 1004, 0),
(153, 165, 153, '1', '2024-08-13 18:40:00', 9200.00, 0.00, 0.00, NULL, 'complete', 1, '2024-08-13 18:40:54', '0000-00-00 00:00:00', 1004, 0),
(154, 168, 154, '1', '2024-08-14 18:50:00', 12200.00, 0.00, 0.00, NULL, 'complete', 1, '2024-08-14 18:51:33', '0000-00-00 00:00:00', 1004, 0),
(155, 167, 155, '1', '2024-08-14 18:53:00', 8200.00, 0.00, 0.00, NULL, 'complete', 1, '2024-08-14 18:54:35', '0000-00-00 00:00:00', 1004, 0),
(156, 181, 156, '1', '2024-08-17 15:16:00', 0.00, 0.00, 0.00, NULL, 'complete', 1, '2024-08-17 15:16:35', '0000-00-00 00:00:00', 1004, 0),
(157, 180, 157, '1', '2024-08-17 15:17:00', 0.00, 0.00, 0.00, NULL, 'complete', 1, '2024-08-17 15:17:30', '0000-00-00 00:00:00', 1004, 0),
(158, 179, 158, '1', '2024-08-17 15:17:00', 0.00, 0.00, 0.00, NULL, 'complete', 1, '2024-08-17 15:18:07', '0000-00-00 00:00:00', 1004, 0),
(159, 178, 159, '1', '2024-08-17 15:18:00', 0.00, 0.00, 0.00, NULL, 'complete', 1, '2024-08-17 15:18:33', '0000-00-00 00:00:00', 1004, 0),
(160, 177, 160, '1', '2024-08-17 15:19:00', 0.00, 0.00, 0.00, NULL, 'complete', 1, '2024-08-17 15:19:47', '0000-00-00 00:00:00', 1004, 0),
(161, 171, 161, '1', '2024-08-17 15:54:00', 4200.00, 0.00, 0.00, NULL, 'complete', 1, '2024-08-17 15:56:09', '0000-00-00 00:00:00', 1004, 0),
(162, 182, 162, '1', '2024-08-17 17:26:00', 0.00, 0.00, 0.00, NULL, 'complete', 1, '2024-08-17 17:23:29', '0000-00-00 00:00:00', 264, 0),
(163, 183, 163, '1', '2024-08-17 17:29:00', 200.00, 0.00, 0.00, NULL, 'complete', 1, '2024-08-17 17:26:26', '0000-00-00 00:00:00', 264, 0),
(164, 174, 164, '1', '2024-08-18 11:10:00', 7000.00, 0.00, 0.00, NULL, 'complete', 1, '2024-08-18 11:11:25', '0000-00-00 00:00:00', 1004, 0),
(165, 172, 165, '1', '2024-08-18 11:17:00', 3500.00, 0.00, 0.00, NULL, 'complete', 1, '2024-08-18 11:17:21', '0000-00-00 00:00:00', 1004, 0),
(166, 173, 166, '1', '2024-08-18 11:18:00', 3200.00, 0.00, 0.00, NULL, 'complete', 1, '2024-08-18 11:20:04', '0000-00-00 00:00:00', 1004, 0),
(167, 184, 167, '1', '2024-08-18 12:20:00', 200.00, 0.00, 0.00, NULL, 'complete', 1, '2024-08-18 12:17:47', '0000-00-00 00:00:00', 264, 0),
(168, 176, 168, '1', '2024-08-20 11:12:00', 5900.00, 0.00, 0.00, NULL, 'complete', 1, '2024-08-20 11:13:19', '0000-00-00 00:00:00', 1004, 0),
(169, 175, 169, '1', '2024-08-20 11:42:00', 8500.00, 0.00, 0.00, NULL, 'complete', 1, '2024-08-20 11:42:49', '0000-00-00 00:00:00', 264, 0),
(170, 188, 170, '1', '2024-08-20 11:56:00', 0.00, 0.00, 0.00, NULL, 'complete', 1, '2024-08-20 11:54:04', '0000-00-00 00:00:00', 264, 0),
(171, 191, 171, '1', '2024-08-21 11:48:00', 6000.00, 0.00, 0.00, NULL, 'complete', 1, '2024-08-21 11:45:34', '0000-00-00 00:00:00', 264, 0),
(172, 192, 172, '1', '2024-08-21 12:00:00', 0.00, 0.00, 0.00, NULL, 'complete', 1, '2024-08-21 11:57:25', '0000-00-00 00:00:00', 264, 0),
(173, 186, 173, '1', '2024-08-22 13:06:00', 5000.00, 0.00, 0.00, NULL, 'complete', 1, '2024-08-22 13:04:29', '0000-00-00 00:00:00', 264, 0),
(174, 185, 174, '1', '2024-08-22 13:08:00', 4200.00, 0.00, 0.00, NULL, 'complete', 1, '2024-08-22 13:06:17', '0000-00-00 00:00:00', 264, 0),
(175, 189, 175, '1', '2024-08-22 13:11:00', 8500.00, 0.00, 0.00, NULL, 'complete', 1, '2024-08-22 13:08:14', '0000-00-00 00:00:00', 264, 0),
(176, 190, 176, '1', '2024-08-23 10:17:00', 6000.00, 0.00, 0.00, NULL, 'complete', 1, '2024-08-23 10:15:12', '0000-00-00 00:00:00', 1656, 0),
(177, 198, 177, '1', '2024-08-23 20:32:00', 0.00, 0.00, 0.00, NULL, 'complete', 1, '2024-08-23 20:29:22', '0000-00-00 00:00:00', 264, 0),
(178, 187, 178, '1', '2024-08-24 20:10:00', 8000.00, 0.00, 0.00, NULL, 'complete', 1, '2024-08-24 20:11:01', '0000-00-00 00:00:00', 1004, 0),
(179, 201, 179, '1', '2024-08-25 13:29:00', 0.00, 0.00, 0.00, NULL, 'complete', 1, '2024-08-25 13:26:39', '0000-00-00 00:00:00', 264, 0),
(180, 197, 180, '1', '2024-08-26 09:28:00', 4000.00, 0.00, 0.00, NULL, 'complete', 1, '2024-08-26 09:28:33', '0000-00-00 00:00:00', 1004, 0),
(181, 204, 181, '1', '2024-08-26 09:40:00', 900.00, 0.00, 0.00, NULL, 'complete', 1, '2024-08-26 09:41:04', '0000-00-00 00:00:00', 1004, 0),
(182, 194, 182, '1', '2024-08-26 12:02:00', 3000.00, 0.00, 0.00, NULL, 'complete', 1, '2024-08-26 11:59:35', '0000-00-00 00:00:00', 264, 0),
(183, 195, 183, '1', '2024-08-26 14:17:00', 4000.00, 0.00, 0.00, NULL, 'complete', 1, '2024-08-26 14:15:11', '0000-00-00 00:00:00', 264, 0),
(184, 196, 184, '1', '2024-08-26 15:53:00', 4000.00, 0.00, 0.00, NULL, 'complete', 1, '2024-08-26 15:50:39', '0000-00-00 00:00:00', 264, 0),
(185, 196, 185, '1', '2024-08-26 15:53:00', 4000.00, 0.00, 0.00, NULL, 'complete', 1, '2024-08-26 15:50:46', '0000-00-00 00:00:00', 264, 0),
(186, 205, 186, '1', '2024-08-26 18:43:00', 600.00, 0.00, 0.00, NULL, 'complete', 1, '2024-08-26 18:40:52', '0000-00-00 00:00:00', 264, 0),
(187, 199, 187, '1', '2024-08-27 14:01:00', 7500.00, 0.00, 0.00, NULL, 'complete', 1, '2024-08-27 13:58:53', '0000-00-00 00:00:00', 264, 0),
(188, 203, 188, '1', '2024-08-27 18:37:00', 1500.00, 0.00, 0.00, NULL, 'complete', 1, '2024-08-27 18:35:16', '0000-00-00 00:00:00', 264, 0),
(189, 200, 189, '1', '2024-08-28 12:32:00', 500.00, 0.00, 0.00, NULL, 'complete', 1, '2024-08-28 12:29:42', '0000-00-00 00:00:00', 264, 0),
(190, 202, 190, '1', '2024-08-28 17:24:00', 4000.00, 0.00, 0.00, NULL, 'complete', 1, '2024-08-28 17:22:12', '0000-00-00 00:00:00', 264, 0),
(191, 211, 191, '1', '2024-08-28 17:31:00', 400.00, 0.00, 0.00, NULL, 'complete', 1, '2024-08-28 17:28:27', '0000-00-00 00:00:00', 264, 0),
(192, 206, 192, '1', '2024-08-30 10:44:00', 4200.00, 0.00, 0.00, NULL, 'complete', 1, '2024-08-30 10:41:51', '0000-00-00 00:00:00', 264, 0),
(193, 207, 193, '1', '2024-08-30 10:45:00', 3200.00, 0.00, 0.00, NULL, 'complete', 1, '2024-08-30 10:42:59', '0000-00-00 00:00:00', 264, 0),
(194, 214, 194, '1', '2024-08-30 11:59:00', 3500.00, 0.00, 0.00, NULL, 'complete', 1, '2024-08-30 11:56:01', '0000-00-00 00:00:00', 264, 0),
(195, 208, 195, '1', '2024-08-30 12:03:00', 4200.00, 0.00, 0.00, NULL, 'complete', 1, '2024-08-30 12:00:10', '0000-00-00 00:00:00', 264, 0),
(196, 212, 196, '1', '2024-08-30 16:41:00', 1500.00, 0.00, 0.00, NULL, 'complete', 1, '2024-08-30 16:38:16', '0000-00-00 00:00:00', 264, 0),
(197, 210, 197, '1', '2024-08-31 18:09:00', 5000.00, 0.00, 0.00, NULL, 'complete', 1, '2024-08-31 18:10:06', '0000-00-00 00:00:00', 1004, 0),
(198, 217, 198, '1', '2024-09-01 11:01:00', 1300.00, 0.00, 0.00, NULL, 'complete', 1, '2024-09-01 10:58:23', '0000-00-00 00:00:00', 264, 0),
(199, 219, 199, '1', '2024-09-01 22:30:00', 700.00, 0.00, 0.00, NULL, 'complete', 1, '2024-09-01 22:30:58', '0000-00-00 00:00:00', 2511, 0),
(200, 213, 200, '1', '2024-09-02 14:09:00', 5000.00, 0.00, 0.00, NULL, 'complete', 1, '2024-09-02 14:06:15', '0000-00-00 00:00:00', 264, 0),
(201, 220, 201, '1', '2024-09-02 17:37:00', 800.00, 0.00, 0.00, NULL, 'complete', 1, '2024-09-02 17:34:29', '0000-00-00 00:00:00', 264, 0),
(202, 215, 202, '1', '2024-09-02 18:15:00', 4500.00, 0.00, 0.00, NULL, 'complete', 1, '2024-09-02 18:12:20', '0000-00-00 00:00:00', 264, 0),
(203, 216, 203, '1', '2024-09-03 18:54:00', 7200.00, 0.00, 0.00, NULL, 'complete', 1, '2024-09-03 18:51:18', '0000-00-00 00:00:00', 264, 0),
(204, 228, 204, '1', '2024-09-04 18:59:00', 0.00, 0.00, 0.00, NULL, 'complete', 1, '2024-09-04 18:56:36', '0000-00-00 00:00:00', 264, 0),
(205, 222, 205, '1', '2024-09-05 11:56:00', 4700.00, 0.00, 0.00, NULL, 'complete', 1, '2024-09-05 11:53:51', '0000-00-00 00:00:00', 264, 0),
(206, 221, 206, '1', '2024-09-05 13:02:00', 5200.00, 0.00, 0.00, NULL, 'complete', 1, '2024-09-05 12:59:55', '0000-00-00 00:00:00', 264, 0),
(207, 209, 207, '1', '2024-09-05 15:49:00', 5000.00, 0.00, 0.00, NULL, 'complete', 1, '2024-09-05 15:49:01', '0000-00-00 00:00:00', 211, 0),
(208, 218, 208, '1', '2024-09-05 21:10:00', 10000.00, 0.00, 0.00, NULL, 'complete', 1, '2024-09-05 21:11:17', '0000-00-00 00:00:00', 2511, 0),
(209, 226, 209, '1', '2024-09-07 11:29:00', 1500.00, 0.00, 0.00, NULL, 'complete', 1, '2024-09-07 11:26:37', '0000-00-00 00:00:00', 264, 0),
(210, 230, 210, '1', '2024-09-07 11:49:00', 4000.00, 0.00, 0.00, NULL, 'complete', 1, '2024-09-07 11:46:08', '0000-00-00 00:00:00', 264, 0),
(211, 236, 211, '1', '2024-09-07 13:04:00', 500.00, 0.00, 0.00, NULL, 'complete', 1, '2024-09-07 13:04:21', '0000-00-00 00:00:00', 2511, 0),
(212, 229, 212, '1', '2024-09-07 13:12:00', 1000.00, 0.00, 0.00, NULL, 'complete', 1, '2024-09-07 13:09:51', '0000-00-00 00:00:00', 264, 0),
(213, 233, 213, '1', '2024-09-07 13:14:00', 800.00, 0.00, 0.00, NULL, 'complete', 1, '2024-09-07 13:11:19', '0000-00-00 00:00:00', 264, 0),
(214, 223, 214, '1', '2024-09-07 13:16:00', 9500.00, 0.00, 0.00, NULL, 'complete', 1, '2024-09-07 13:13:09', '0000-00-00 00:00:00', 264, 0),
(215, 237, 215, '1', '2024-09-07 13:17:00', 500.00, 0.00, 0.00, NULL, 'complete', 1, '2024-09-07 13:14:38', '0000-00-00 00:00:00', 264, 0),
(216, 227, 216, '1', '2024-09-07 13:42:00', 10000.00, 0.00, 0.00, NULL, 'complete', 1, '2024-09-07 13:40:10', '0000-00-00 00:00:00', 264, 0),
(217, 224, 217, '1', '2024-09-07 17:31:00', 9000.00, 0.00, 0.00, NULL, 'complete', 1, '2024-09-07 17:28:04', '0000-00-00 00:00:00', 264, 0),
(218, 225, 218, '1', '2024-09-08 09:06:00', 6000.00, 0.00, 0.00, NULL, 'complete', 1, '2024-09-08 09:06:52', '0000-00-00 00:00:00', 1004, 0),
(219, 238, 219, '1', '2024-09-08 10:51:00', 6100.00, 0.00, 0.00, NULL, 'complete', 1, '2024-09-08 10:52:25', '0000-00-00 00:00:00', 1004, 0),
(220, 232, 220, '1', '2024-09-09 11:37:00', 5000.00, 0.00, 0.00, NULL, 'complete', 1, '2024-09-09 11:37:20', '0000-00-00 00:00:00', 2511, 0),
(221, 234, 221, '1', '2024-09-09 11:53:00', 6500.00, 0.00, 0.00, NULL, 'complete', 1, '2024-09-09 11:49:57', '0000-00-00 00:00:00', 264, 0),
(222, 240, 222, '1', '2024-09-09 12:40:00', 0.00, 0.00, 0.00, NULL, 'complete', 1, '2024-09-09 12:37:20', '0000-00-00 00:00:00', 264, 0),
(223, 241, 223, '1', '2024-09-09 13:55:00', 3800.00, 0.00, 0.00, NULL, 'complete', 1, '2024-09-09 13:52:01', '0000-00-00 00:00:00', 264, 0),
(224, 247, 224, '1', '2024-09-10 13:48:00', 0.00, 0.00, 0.00, NULL, 'complete', 1, '2024-09-10 13:45:01', '0000-00-00 00:00:00', 264, 0),
(225, 246, 225, '1', '2024-09-10 13:50:00', 3000.00, 0.00, 0.00, NULL, 'complete', 1, '2024-09-10 13:46:54', '0000-00-00 00:00:00', 264, 0),
(226, 244, 226, '1', '2024-09-10 20:23:00', 0.00, 0.00, 0.00, NULL, 'complete', 1, '2024-09-10 20:19:55', '0000-00-00 00:00:00', 264, 0),
(227, 250, 227, '1', '2024-09-12 11:08:00', 4700.00, 0.00, 0.00, NULL, 'complete', 1, '2024-09-12 11:05:35', '0000-00-00 00:00:00', 264, 0),
(228, 242, 228, '1', '2024-09-12 17:43:00', 5200.00, 0.00, 0.00, NULL, 'complete', 1, '2024-09-12 17:40:50', '0000-00-00 00:00:00', 264, 0),
(229, 253, 229, '1', '2024-09-12 17:45:00', 4000.00, 0.00, 0.00, NULL, 'complete', 1, '2024-09-12 17:42:19', '0000-00-00 00:00:00', 264, 0),
(230, 243, 230, '1', '2024-09-12 17:46:00', 1200.00, 0.00, 0.00, NULL, 'complete', 1, '2024-09-12 17:43:37', '0000-00-00 00:00:00', 264, 0),
(231, 249, 231, '1', '2024-09-13 10:50:00', 0.00, 0.00, 0.00, NULL, 'complete', 1, '2024-09-13 10:46:42', '0000-00-00 00:00:00', 264, 0),
(232, 239, 232, '1', '2024-09-13 12:56:00', 5200.00, 0.00, 0.00, NULL, 'complete', 1, '2024-09-13 12:52:59', '0000-00-00 00:00:00', 264, 0),
(233, 248, 233, '1', '2024-09-14 12:19:00', 3700.00, 0.00, 0.00, NULL, 'complete', 1, '2024-09-14 12:19:57', '0000-00-00 00:00:00', 1004, 0),
(234, 256, 234, '1', '2024-09-14 12:28:00', 1500.00, 0.00, 0.00, NULL, 'complete', 1, '2024-09-14 12:28:35', '0000-00-00 00:00:00', 1004, 0),
(235, 260, 235, '1', '2024-09-14 17:08:00', 8200.00, 0.00, 0.00, NULL, 'complete', 1, '2024-09-14 17:08:25', '0000-00-00 00:00:00', 264, 0),
(236, 263, 236, '1', '2024-09-15 13:02:00', 8700.00, 0.00, 0.00, NULL, 'complete', 1, '2024-09-15 13:02:34', '0000-00-00 00:00:00', 264, 0),
(237, 261, 237, '1', '2024-09-15 13:03:00', 1300.00, 0.00, 0.00, NULL, 'complete', 1, '2024-09-15 13:03:59', '0000-00-00 00:00:00', 264, 0),
(238, 252, 238, '1', '2024-09-15 13:04:00', 2700.00, 0.00, 0.00, NULL, 'complete', 1, '2024-09-15 13:05:06', '0000-00-00 00:00:00', 264, 0),
(239, 254, 239, '1', '2024-09-15 13:06:00', 5500.00, 0.00, 0.00, NULL, 'complete', 1, '2024-09-15 13:06:41', '0000-00-00 00:00:00', 264, 0),
(240, 262, 240, '1', '2024-09-17 11:57:00', 5500.00, 0.00, 0.00, NULL, 'complete', 1, '2024-09-17 11:58:20', '0000-00-00 00:00:00', 2511, 0),
(241, 257, 241, '1', '2024-09-17 12:21:00', 13500.00, 0.00, 0.00, NULL, 'complete', 1, '2024-09-17 12:22:15', '0000-00-00 00:00:00', 264, 0),
(242, 270, 242, '1', '2024-09-17 19:18:00', 0.00, 0.00, 0.00, NULL, 'complete', 1, '2024-09-17 19:18:11', '0000-00-00 00:00:00', 264, 0),
(243, 259, 243, '1', '2024-09-17 19:18:00', 4200.00, 0.00, 0.00, NULL, 'complete', 1, '2024-09-17 19:18:47', '0000-00-00 00:00:00', 264, 0),
(244, 269, 244, '1', '2024-09-19 12:41:00', 6500.00, 0.00, 0.00, NULL, 'complete', 1, '2024-09-19 12:42:24', '0000-00-00 00:00:00', 264, 0),
(245, 266, 245, '1', '2024-09-19 14:47:00', 6400.00, 0.00, 0.00, NULL, 'complete', 1, '2024-09-19 14:47:41', '0000-00-00 00:00:00', 2511, 0),
(246, 275, 246, '1', '2024-09-19 15:53:00', 0.00, 0.00, 0.00, NULL, 'complete', 1, '2024-09-19 15:53:35', '0000-00-00 00:00:00', 282, 0),
(247, 267, 247, '1', '2024-09-19 15:57:00', 1500.00, 0.00, 0.00, NULL, 'complete', 1, '2024-09-19 15:57:33', '0000-00-00 00:00:00', 264, 0),
(248, 264, 248, '1', '2024-09-19 18:31:00', 4200.00, 0.00, 0.00, NULL, 'complete', 1, '2024-09-19 18:32:13', '0000-00-00 00:00:00', 264, 0),
(249, 276, 249, '1', '2024-09-19 18:34:00', 1400.00, 0.00, 0.00, NULL, 'complete', 1, '2024-09-19 18:34:32', '0000-00-00 00:00:00', 264, 0),
(250, 279, 250, '1', '2024-09-20 11:11:00', 1200.00, 0.00, 0.00, NULL, 'complete', 1, '2024-09-20 11:12:09', '0000-00-00 00:00:00', 2511, 0),
(251, 282, 251, '1', '2024-09-20 19:57:00', 0.00, 0.00, 0.00, NULL, 'complete', 1, '2024-09-20 19:57:47', '0000-00-00 00:00:00', 282, 0),
(252, 283, 252, '1', '2024-09-20 20:04:00', 1500.00, 0.00, 0.00, NULL, 'complete', 1, '2024-09-20 20:05:21', '0000-00-00 00:00:00', 2511, 0),
(253, 271, 253, '1', '2024-09-21 15:20:00', 4700.00, 0.00, 0.00, NULL, 'complete', 1, '2024-09-21 15:23:05', '0000-00-00 00:00:00', 1656, 0),
(254, 274, 254, '1', '2024-09-21 18:15:00', 1700.00, 0.00, 0.00, NULL, 'complete', 1, '2024-09-21 18:15:39', '0000-00-00 00:00:00', 264, 0),
(255, 285, 255, '1', '2024-09-21 18:31:00', 1000.00, 0.00, 0.00, NULL, 'complete', 1, '2024-09-21 18:32:02', '0000-00-00 00:00:00', 264, 0),
(256, 286, 256, '1', '2024-09-22 13:20:00', 0.00, 0.00, 0.00, NULL, 'complete', 1, '2024-09-22 13:20:09', '0000-00-00 00:00:00', 282, 0),
(257, 273, 257, '1', '2024-09-22 16:09:00', 5200.00, 0.00, 0.00, NULL, 'complete', 1, '2024-09-22 16:10:32', '0000-00-00 00:00:00', 264, 0),
(258, 272, 258, '1', '2024-09-22 17:19:00', 8200.00, 0.00, 0.00, NULL, 'complete', 1, '2024-09-22 17:20:11', '0000-00-00 00:00:00', 264, 0),
(259, 281, 259, '1', '2024-09-22 17:26:00', 8200.00, 0.00, 0.00, NULL, 'complete', 1, '2024-09-22 17:27:41', '0000-00-00 00:00:00', 1656, 0),
(260, 277, 260, '1', '2024-09-23 13:05:00', 5000.00, 0.00, 0.00, NULL, 'complete', 1, '2024-09-23 13:06:06', '0000-00-00 00:00:00', 264, 0),
(261, 289, 261, '1', '2024-09-23 13:09:00', 2000.00, 0.00, 0.00, NULL, 'complete', 1, '2024-09-23 13:09:43', '0000-00-00 00:00:00', 264, 0),
(262, 278, 262, '1', '2024-09-23 13:11:00', 3000.00, 0.00, 0.00, NULL, 'complete', 1, '2024-09-23 13:11:50', '0000-00-00 00:00:00', 264, 0),
(263, 280, 263, '1', '2024-09-23 13:14:00', 5700.00, 0.00, 0.00, NULL, 'complete', 1, '2024-09-23 13:15:51', '0000-00-00 00:00:00', 264, 0),
(264, 284, 264, '1', '2024-09-23 15:43:00', 5200.00, 0.00, 0.00, NULL, 'complete', 1, '2024-09-23 15:44:40', '0000-00-00 00:00:00', 264, 0),
(265, 296, 265, '1', '2024-09-24 15:58:00', 0.00, 0.00, 0.00, NULL, 'complete', 1, '2024-09-24 15:58:22', '0000-00-00 00:00:00', 264, 0),
(266, 287, 266, '1', '2024-09-25 11:06:00', 5300.00, 0.00, 0.00, NULL, 'complete', 1, '2024-09-25 11:06:32', '0000-00-00 00:00:00', 264, 0),
(267, 288, 267, '1', '2024-09-25 11:13:00', 5000.00, 0.00, 0.00, NULL, 'complete', 1, '2024-09-25 11:14:01', '0000-00-00 00:00:00', 264, 0),
(268, 293, 268, '1', '2024-09-25 11:15:00', 1200.00, 0.00, 0.00, NULL, 'complete', 1, '2024-09-25 11:15:42', '0000-00-00 00:00:00', 264, 0),
(269, 290, 269, '1', '2024-09-26 09:18:00', 6000.00, 0.00, 0.00, NULL, 'complete', 1, '2024-09-26 09:19:04', '0000-00-00 00:00:00', 282, 0),
(270, 301, 270, '1', '2024-09-26 09:24:00', 2000.00, 0.00, 0.00, NULL, 'complete', 1, '2024-09-26 09:24:50', '0000-00-00 00:00:00', 282, 0),
(271, 291, 271, '1', '2024-09-26 13:10:00', 3000.00, 0.00, 0.00, NULL, 'complete', 1, '2024-09-26 13:10:21', '0000-00-00 00:00:00', 264, 0),
(272, 300, 272, '1', '2024-09-26 15:33:00', 0.00, 0.00, 0.00, NULL, 'complete', 1, '2024-09-26 15:33:36', '0000-00-00 00:00:00', 2511, 0),
(273, 295, 273, '1', '2024-09-27 11:32:00', 5000.00, 0.00, 0.00, NULL, 'complete', 1, '2024-09-27 11:32:14', '0000-00-00 00:00:00', 264, 0),
(274, 294, 274, '1', '2024-09-27 11:47:00', 4000.00, 0.00, 0.00, NULL, 'complete', 1, '2024-09-27 11:47:59', '0000-00-00 00:00:00', 264, 0),
(275, 292, 275, '1', '2024-09-27 11:59:00', 7000.00, 0.00, 0.00, NULL, 'complete', 1, '2024-09-27 11:59:45', '0000-00-00 00:00:00', 264, 0),
(276, 297, 276, '1', '2024-09-27 12:08:00', 5000.00, 0.00, 0.00, NULL, 'complete', 1, '2024-09-27 12:08:24', '0000-00-00 00:00:00', 264, 0),
(277, 298, 277, '1', '2024-09-28 12:15:00', 7200.00, 0.00, 0.00, NULL, 'complete', 1, '2024-09-28 12:15:31', '0000-00-00 00:00:00', 264, 0),
(278, 302, 278, '1', '2024-09-28 12:20:00', 7200.00, 0.00, 0.00, NULL, 'complete', 1, '2024-09-28 12:21:02', '0000-00-00 00:00:00', 264, 0),
(279, 306, 279, '1', '2024-09-28 12:24:00', 400.00, 0.00, 0.00, NULL, 'complete', 1, '2024-09-28 12:24:37', '0000-00-00 00:00:00', 264, 0),
(280, 307, 280, '1', '2024-09-28 19:01:00', 1700.00, 0.00, 0.00, NULL, 'complete', 1, '2024-09-28 19:01:51', '0000-00-00 00:00:00', 1656, 0),
(281, 305, 281, '1', '2024-09-30 12:22:00', 4200.00, 0.00, 0.00, NULL, 'complete', 1, '2024-09-30 12:22:53', '0000-00-00 00:00:00', 264, 0),
(282, 304, 282, '1', '2024-09-30 12:28:00', 7200.00, 0.00, 0.00, NULL, 'complete', 1, '2024-09-30 12:29:43', '0000-00-00 00:00:00', 264, 0),
(283, 303, 283, '1', '2024-09-30 12:31:00', 6200.00, 0.00, 0.00, NULL, 'complete', 1, '2024-09-30 12:31:13', '0000-00-00 00:00:00', 264, 0),
(284, 308, 284, '1', '2024-10-01 20:54:00', 0.00, 0.00, 0.00, NULL, 'complete', 1, '2024-10-01 20:54:18', '0000-00-00 00:00:00', 1656, 0),
(285, 312, 285, '1', '2024-10-02 12:09:00', 0.00, 0.00, 0.00, NULL, 'complete', 1, '2024-10-02 12:09:28', '0000-00-00 00:00:00', 282, 0),
(286, 314, 286, '1', '2024-10-03 11:08:00', 1200.00, 0.00, 0.00, NULL, 'complete', 1, '2024-10-03 11:08:30', '0000-00-00 00:00:00', 1004, 0),
(287, 310, 287, '1', '2024-10-04 10:42:00', 8200.00, 0.00, 0.00, NULL, 'complete', 1, '2024-10-04 10:43:28', '0000-00-00 00:00:00', 264, 0),
(288, 311, 288, '1', '2024-10-04 11:22:00', 3200.00, 0.00, 0.00, NULL, 'complete', 1, '2024-10-04 11:22:58', '0000-00-00 00:00:00', 264, 0),
(289, 309, 289, '1', '2024-10-04 14:05:00', 3700.00, 0.00, 0.00, NULL, 'complete', 1, '2024-10-04 14:05:47', '0000-00-00 00:00:00', 264, 0),
(290, 318, 290, '1', '2024-10-04 18:30:00', 1200.00, 0.00, 0.00, NULL, 'complete', 1, '2024-10-04 18:30:32', '0000-00-00 00:00:00', 1656, 0),
(291, 313, 291, '1', '2024-10-05 11:12:00', 3500.00, 0.00, 0.00, NULL, 'complete', 1, '2024-10-05 11:12:28', '0000-00-00 00:00:00', 264, 0),
(292, 316, 292, '1', '2024-10-05 13:55:00', 3200.00, 0.00, 0.00, NULL, 'complete', 1, '2024-10-05 13:55:53', '0000-00-00 00:00:00', 2511, 0),
(293, 315, 293, '1', '2024-10-06 12:00:00', 3700.00, 0.00, 0.00, NULL, 'complete', 1, '2024-10-06 12:01:23', '0000-00-00 00:00:00', 2511, 0),
(294, 317, 294, '1', '2024-10-06 12:02:00', 1700.00, 0.00, 0.00, NULL, 'complete', 1, '2024-10-06 12:02:42', '0000-00-00 00:00:00', 2511, 0),
(295, 319, 295, '1', '2024-10-06 17:09:00', 5500.00, 0.00, 0.00, NULL, 'complete', 1, '2024-10-06 17:09:59', '0000-00-00 00:00:00', 264, 0),
(296, 328, 296, '1', '2024-10-06 18:12:00', 0.00, 0.00, 0.00, NULL, 'complete', 1, '2024-10-06 18:13:01', '0000-00-00 00:00:00', 282, 0),
(297, 323, 297, '1', '2024-10-07 11:14:00', 2500.00, 0.00, 0.00, NULL, 'complete', 1, '2024-10-07 11:15:00', '0000-00-00 00:00:00', 264, 0),
(298, 320, 298, '1', '2024-10-07 11:33:00', 5000.00, 0.00, 0.00, NULL, 'complete', 1, '2024-10-07 11:34:05', '0000-00-00 00:00:00', 264, 0),
(299, 321, 299, '1', '2024-10-07 12:20:00', 9000.00, 0.00, 0.00, NULL, 'complete', 1, '2024-10-07 12:22:43', '0000-00-00 00:00:00', 2511, 0),
(300, 324, 300, '1', '2024-10-07 12:43:00', 2200.00, 0.00, 0.00, NULL, 'complete', 1, '2024-10-07 12:45:02', '0000-00-00 00:00:00', 2511, 0),
(301, 326, 301, '1', '2024-10-07 12:48:00', 2700.00, 0.00, 0.00, NULL, 'complete', 1, '2024-10-07 12:48:47', '0000-00-00 00:00:00', 2511, 0),
(302, 329, 302, '1', '2024-10-07 12:49:00', 0.00, 0.00, 0.00, NULL, 'complete', 1, '2024-10-07 12:50:11', '0000-00-00 00:00:00', 2511, 0),
(303, 330, 303, '1', '2024-10-07 18:50:00', 300.00, 0.00, 0.00, NULL, 'complete', 1, '2024-10-07 18:50:36', '0000-00-00 00:00:00', 2511, 0),
(304, 325, 304, '1', '2024-10-09 11:51:00', 4100.00, 0.00, 0.00, NULL, 'complete', 1, '2024-10-09 11:51:56', '0000-00-00 00:00:00', 2511, 0),
(305, 327, 305, '1', '2024-10-09 12:26:00', 2200.00, 0.00, 0.00, NULL, 'complete', 1, '2024-10-09 12:26:10', '0000-00-00 00:00:00', 2511, 0),
(306, 332, 306, '1', '2024-10-09 12:39:00', 0.00, 0.00, 0.00, NULL, 'complete', 1, '2024-10-09 12:39:56', '0000-00-00 00:00:00', 211, 0),
(307, 333, 307, '1', '2024-10-09 12:52:00', 0.00, 0.00, 0.00, NULL, 'complete', 1, '2024-10-09 12:52:30', '0000-00-00 00:00:00', 211, 0),
(308, 322, 308, '1', '2024-10-09 14:37:00', 0.00, 0.00, 0.00, NULL, 'complete', 1, '2024-10-09 14:37:09', '0000-00-00 00:00:00', 1656, 0),
(309, 331, 309, '1', '2024-10-11 14:06:00', 3200.00, 0.00, 0.00, NULL, 'complete', 1, '2024-10-11 14:06:22', '0000-00-00 00:00:00', 264, 0),
(310, 334, 310, '1', '2024-10-11 18:05:00', 21700.00, 0.00, 0.00, NULL, 'complete', 1, '2024-10-11 18:06:21', '0000-00-00 00:00:00', 1656, 0),
(311, 336, 311, '1', '2024-10-12 13:15:00', 2700.00, 0.00, 0.00, NULL, 'complete', 1, '2024-10-12 13:16:31', '0000-00-00 00:00:00', 264, 0),
(312, 335, 312, '1', '2024-10-12 17:01:00', 10200.00, 0.00, 0.00, NULL, 'complete', 1, '2024-10-12 17:01:21', '0000-00-00 00:00:00', 264, 0),
(313, 339, 313, '1', '2024-10-13 16:25:00', 2300.00, 0.00, 0.00, NULL, 'complete', 1, '2024-10-13 16:27:29', '0000-00-00 00:00:00', 1656, 0),
(314, 350, 314, '1', '2024-10-13 16:29:00', 700.00, 0.00, 0.00, NULL, 'complete', 1, '2024-10-13 16:29:35', '0000-00-00 00:00:00', 264, 0),
(315, 352, 315, '1', '2024-10-13 21:30:00', 0.00, 0.00, 0.00, NULL, 'complete', 1, '2024-10-13 21:31:05', '0000-00-00 00:00:00', 282, 0),
(316, 338, 316, '1', '2024-10-14 12:07:00', 5500.00, 0.00, 0.00, NULL, 'complete', 1, '2024-10-14 12:08:17', '0000-00-00 00:00:00', 264, 0),
(317, 340, 317, '1', '2024-10-14 15:41:00', 8000.00, 0.00, 0.00, NULL, 'complete', 1, '2024-10-14 15:42:17', '0000-00-00 00:00:00', 264, 0),
(318, 341, 318, '1', '2024-10-14 16:54:00', 5500.00, 0.00, 0.00, NULL, 'complete', 1, '2024-10-14 16:55:28', '0000-00-00 00:00:00', 2511, 0),
(319, 343, 319, '1', '2024-10-15 16:25:00', 10000.00, 0.00, 0.00, NULL, 'complete', 1, '2024-10-15 16:26:00', '0000-00-00 00:00:00', 264, 0),
(320, 357, 320, '1', '2024-10-15 16:39:00', 0.00, 0.00, 0.00, NULL, 'complete', 1, '2024-10-15 16:39:39', '0000-00-00 00:00:00', 264, 0),
(321, 337, 321, '1', '2024-10-15 17:59:00', 9000.00, 0.00, 0.00, NULL, 'complete', 1, '2024-10-15 18:00:00', '0000-00-00 00:00:00', 2511, 0),
(322, 356, 322, '1', '2024-10-15 19:43:00', 0.00, 0.00, 0.00, NULL, 'complete', 1, '2024-10-15 19:43:50', '0000-00-00 00:00:00', 264, 0),
(323, 358, 323, '1', '2024-10-16 00:50:00', 0.00, 0.00, 0.00, NULL, 'complete', 1, '2024-10-16 00:50:29', '0000-00-00 00:00:00', 282, 0),
(324, 361, 324, '1', '2024-10-16 13:13:00', 0.00, 0.00, 0.00, NULL, 'complete', 1, '2024-10-16 13:14:16', '0000-00-00 00:00:00', 264, 0),
(325, 348, 325, '1', '2024-10-16 13:47:00', 5000.00, 0.00, 0.00, NULL, 'complete', 1, '2024-10-16 13:48:26', '0000-00-00 00:00:00', 264, 0),
(326, 347, 326, '1', '2024-10-16 13:49:00', 2000.00, 0.00, 0.00, NULL, 'complete', 1, '2024-10-16 13:49:14', '0000-00-00 00:00:00', 264, 0),
(327, 349, 327, '1', '2024-10-16 13:49:00', 3000.00, 0.00, 0.00, NULL, 'complete', 1, '2024-10-16 13:49:50', '0000-00-00 00:00:00', 264, 0),
(328, 344, 328, '1', '2024-10-16 13:50:00', 5000.00, 0.00, 0.00, NULL, 'complete', 1, '2024-10-16 13:50:39', '0000-00-00 00:00:00', 264, 0),
(329, 346, 329, '1', '2024-10-16 16:53:00', 4000.00, 0.00, 0.00, NULL, 'complete', 1, '2024-10-16 16:53:58', '0000-00-00 00:00:00', 264, 0),
(330, 351, 330, '1', '2024-10-16 16:54:00', 6000.00, 0.00, 0.00, NULL, 'complete', 1, '2024-10-16 16:56:07', '0000-00-00 00:00:00', 264, 0),
(331, 362, 331, '1', '2024-10-16 16:58:00', 0.00, 0.00, 0.00, NULL, 'complete', 1, '2024-10-16 16:58:18', '0000-00-00 00:00:00', 264, 0),
(332, 353, 332, '1', '2024-10-16 18:59:00', 6500.00, 0.00, 0.00, NULL, 'complete', 1, '2024-10-16 19:00:13', '0000-00-00 00:00:00', 264, 0),
(333, 363, 333, '1', '2024-10-16 19:01:00', 0.00, 0.00, 0.00, NULL, 'complete', 1, '2024-10-16 19:02:06', '0000-00-00 00:00:00', 264, 0),
(334, 342, 334, '1', '2024-10-17 13:55:00', 0.00, 0.00, 0.00, NULL, 'complete', 1, '2024-10-17 13:55:29', '0000-00-00 00:00:00', 264, 0),
(335, 354, 335, '1', '2024-10-17 16:16:00', 4000.00, 0.00, 0.00, NULL, 'complete', 1, '2024-10-17 16:16:41', '0000-00-00 00:00:00', 264, 0),
(336, 364, 336, '1', '2024-10-17 17:58:00', 4200.00, 0.00, 0.00, NULL, 'complete', 1, '2024-10-17 17:58:30', '0000-00-00 00:00:00', 2511, 0),
(337, 367, 337, '1', '2024-10-17 23:23:00', 0.00, 0.00, 0.00, NULL, 'complete', 1, '2024-10-17 23:23:48', '0000-00-00 00:00:00', 282, 0),
(338, 360, 338, '1', '2024-10-17 23:24:00', 0.00, 0.00, 0.00, NULL, 'complete', 1, '2024-10-17 23:24:23', '0000-00-00 00:00:00', 282, 0),
(339, 359, 339, '1', '2024-10-18 12:07:00', 7000.00, 0.00, 0.00, NULL, 'complete', 1, '2024-10-18 12:07:21', '0000-00-00 00:00:00', 264, 0),
(340, 355, 340, '1', '2024-10-18 12:08:00', 1200.00, 0.00, 0.00, NULL, 'complete', 1, '2024-10-18 12:08:23', '0000-00-00 00:00:00', 264, 0),
(341, 345, 341, '1', '2024-10-18 13:58:00', 8000.00, 0.00, 0.00, NULL, 'complete', 1, '2024-10-18 13:58:43', '0000-00-00 00:00:00', 264, 0),
(342, 368, 342, '1', '2024-10-18 18:42:00', 6000.00, 0.00, 0.00, NULL, 'complete', 1, '2024-10-18 18:42:47', '0000-00-00 00:00:00', 264, 0),
(343, 371, 343, '1', '2024-10-19 11:02:00', 4000.00, 0.00, 0.00, NULL, 'complete', 1, '2024-10-19 11:03:21', '0000-00-00 00:00:00', 2511, 0),
(344, 366, 344, '1', '2024-10-19 12:23:00', 1700.00, 0.00, 0.00, NULL, 'complete', 1, '2024-10-19 12:23:10', '0000-00-00 00:00:00', 264, 0),
(345, 365, 345, '1', '2024-10-20 13:51:00', 6700.00, 0.00, 0.00, NULL, 'complete', 1, '2024-10-20 13:52:26', '0000-00-00 00:00:00', 2511, 0),
(346, 370, 346, '1', '2024-10-21 11:30:00', 7200.00, 0.00, 0.00, NULL, 'complete', 1, '2024-10-21 11:31:17', '0000-00-00 00:00:00', 264, 0),
(347, 369, 347, '1', '2024-10-21 11:31:00', 700.00, 0.00, 0.00, NULL, 'complete', 1, '2024-10-21 11:31:54', '0000-00-00 00:00:00', 264, 0),
(348, 377, 348, '1', '2024-10-22 22:37:00', 0.00, 0.00, 0.00, NULL, 'complete', 1, '2024-10-22 22:37:45', '0000-00-00 00:00:00', 282, 0),
(349, 379, 349, '1', '2024-10-24 10:09:00', 1200.00, 0.00, 0.00, NULL, 'complete', 1, '2024-10-24 10:09:09', '0000-00-00 00:00:00', 2511, 0),
(350, 374, 350, '1', '2024-10-24 17:18:00', 2000.00, 0.00, 0.00, NULL, 'complete', 1, '2024-10-24 17:18:29', '0000-00-00 00:00:00', 264, 0),
(351, 380, 351, '1', '2024-10-25 09:53:00', 0.00, 0.00, 0.00, NULL, 'complete', 1, '2024-10-25 09:53:45', '0000-00-00 00:00:00', 1004, 0),
(352, 382, 352, '1', '2024-10-25 09:58:00', 1000.00, 0.00, 0.00, NULL, 'complete', 1, '2024-10-25 09:59:13', '0000-00-00 00:00:00', 1004, 0),
(353, 373, 353, '1', '2024-10-25 12:15:00', 5000.00, 0.00, 0.00, NULL, 'complete', 1, '2024-10-25 12:15:55', '0000-00-00 00:00:00', 264, 0),
(354, 378, 354, '1', '2024-10-25 16:16:00', 200.00, 0.00, 0.00, NULL, 'complete', 1, '2024-10-25 16:16:52', '0000-00-00 00:00:00', 264, 0),
(355, 372, 355, '1', '2024-10-26 08:24:00', 4500.00, 0.00, 0.00, NULL, 'complete', 1, '2024-10-26 08:24:59', '0000-00-00 00:00:00', 282, 0),
(356, 375, 356, '1', '2024-10-26 09:00:00', 5500.00, 0.00, 0.00, NULL, 'complete', 1, '2024-10-26 09:01:18', '0000-00-00 00:00:00', 2511, 0),
(357, 385, 357, '1', '2024-10-27 12:31:00', 0.00, 0.00, 0.00, NULL, 'complete', 1, '2024-10-27 12:31:35', '0000-00-00 00:00:00', 264, 0),
(358, 384, 358, '1', '2024-10-27 12:34:00', 6000.00, 0.00, 0.00, NULL, 'complete', 1, '2024-10-27 12:35:46', '0000-00-00 00:00:00', 264, 0),
(359, 386, 359, '1', '2024-10-27 12:37:00', 0.00, 0.00, 0.00, NULL, 'complete', 1, '2024-10-27 12:37:46', '0000-00-00 00:00:00', 264, 0),
(360, 389, 360, '1', '2024-10-28 12:54:00', 0.00, 0.00, 0.00, NULL, 'complete', 1, '2024-10-28 12:54:56', '0000-00-00 00:00:00', 264, 0),
(361, 381, 361, '1', '2024-10-28 15:50:00', 4000.00, 0.00, 0.00, NULL, 'complete', 1, '2024-10-28 15:51:10', '0000-00-00 00:00:00', 264, 0),
(362, 388, 362, '1', '2024-10-28 18:17:00', 0.00, 0.00, 0.00, NULL, 'complete', 1, '2024-10-28 18:17:38', '0000-00-00 00:00:00', 282, 0),
(363, 383, 363, '1', '2024-10-29 09:46:00', 5400.00, 0.00, 0.00, NULL, 'complete', 1, '2024-10-29 09:48:01', '0000-00-00 00:00:00', 1004, 0),
(364, 391, 364, '1', '2024-10-29 15:42:00', 0.00, 0.00, 0.00, NULL, 'complete', 1, '2024-10-29 15:43:09', '0000-00-00 00:00:00', 1004, 0),
(365, 376, 365, '1', '2024-10-29 15:44:00', 6700.00, 0.00, 0.00, NULL, 'complete', 1, '2024-10-29 15:45:41', '0000-00-00 00:00:00', 1004, 0),
(366, 392, 366, '1', '2024-10-29 21:57:00', 0.00, 0.00, 0.00, NULL, 'complete', 1, '2024-10-29 21:58:33', '0000-00-00 00:00:00', 282, 0),
(367, 395, 367, '1', '2024-10-30 06:52:00', 0.00, 0.00, 0.00, NULL, 'complete', 1, '2024-10-30 06:52:59', '0000-00-00 00:00:00', 282, 0),
(368, 387, 368, '1', '2024-10-30 15:30:00', 6000.00, 0.00, 0.00, NULL, 'complete', 1, '2024-10-30 15:31:14', '0000-00-00 00:00:00', 264, 0),
(369, 393, 369, '1', '2024-11-01 09:55:00', 6000.00, 0.00, 0.00, NULL, 'complete', 1, '2024-11-01 09:55:39', '0000-00-00 00:00:00', 1004, 0),
(370, 398, 370, '1', '2024-11-01 11:15:00', 1200.00, 0.00, 0.00, NULL, 'complete', 1, '2024-11-01 11:15:26', '0000-00-00 00:00:00', 264, 0),
(371, 390, 371, '1', '2024-11-01 11:41:00', 7900.00, 0.00, 0.00, NULL, 'complete', 1, '2024-11-01 11:42:32', '0000-00-00 00:00:00', 264, 0),
(372, 399, 372, '1', '2024-11-01 12:17:00', 0.00, 0.00, 0.00, NULL, 'complete', 1, '2024-11-01 12:17:31', '0000-00-00 00:00:00', 264, 0),
(373, 394, 373, '1', '2024-11-02 09:25:00', 9000.00, 0.00, 0.00, NULL, 'complete', 1, '2024-11-02 09:26:05', '0000-00-00 00:00:00', 1004, 0);
INSERT INTO `ipd_payments` (`id`, `ipd_id`, `invoice_id`, `collection_type`, `payment_date`, `amount`, `second_less`, `due`, `note`, `payment_status`, `status`, `created_at`, `modified_at`, `created_by`, `modified_by`) VALUES
(374, 396, 374, '1', '2024-11-02 13:32:00', 8000.00, 0.00, 0.00, NULL, 'complete', 1, '2024-11-02 13:32:03', '0000-00-00 00:00:00', 264, 0),
(375, 403, 375, '1', '2024-11-03 12:17:00', 0.00, 0.00, 0.00, NULL, 'complete', 1, '2024-11-03 12:18:22', '0000-00-00 00:00:00', 264, 0),
(376, 397, 376, '1', '2024-11-03 13:24:00', 3500.00, 0.00, 0.00, NULL, 'complete', 1, '2024-11-03 13:25:02', '0000-00-00 00:00:00', 2511, 0),
(377, 400, 377, '1', '2024-11-04 11:42:00', 3200.00, 0.00, 0.00, NULL, 'complete', 1, '2024-11-04 11:43:07', '0000-00-00 00:00:00', 2511, 0),
(378, 402, 378, '1', '2024-11-05 12:35:00', 3900.00, 0.00, 0.00, NULL, 'complete', 1, '2024-11-05 12:36:16', '0000-00-00 00:00:00', 264, 0),
(379, 406, 379, '1', '2024-11-05 16:51:00', 1000.00, 0.00, 0.00, NULL, 'complete', 1, '2024-11-05 16:51:34', '0000-00-00 00:00:00', 2511, 0),
(380, 409, 380, '1', '2024-11-05 17:12:00', 3500.00, 0.00, 0.00, NULL, 'complete', 1, '2024-11-05 17:12:31', '0000-00-00 00:00:00', 264, 0),
(381, 401, 381, '1', '2024-11-05 20:40:00', 3000.00, 0.00, 0.00, NULL, 'complete', 1, '2024-11-05 20:40:34', '0000-00-00 00:00:00', 264, 0),
(382, 408, 382, '1', '2024-11-06 12:17:00', 1000.00, 0.00, 0.00, NULL, 'complete', 1, '2024-11-06 12:17:18', '0000-00-00 00:00:00', 1656, 0),
(383, 411, 383, '1', '2024-11-06 15:54:00', 2500.00, 0.00, 0.00, NULL, 'complete', 1, '2024-11-06 15:54:59', '0000-00-00 00:00:00', 264, 0),
(384, 404, 384, '1', '2024-11-07 11:23:00', 2000.00, 0.00, 0.00, NULL, 'complete', 1, '2024-11-07 11:23:16', '0000-00-00 00:00:00', 264, 0),
(385, 412, 385, '1', '2024-11-07 16:55:00', 0.00, 0.00, 0.00, NULL, 'complete', 1, '2024-11-07 16:55:33', '0000-00-00 00:00:00', 2511, 0),
(386, 418, 386, '1', '2024-11-08 11:37:00', 1000.00, 0.00, 0.00, NULL, 'complete', 1, '2024-11-08 11:38:13', '0000-00-00 00:00:00', 264, 0),
(387, 407, 387, '1', '2024-11-08 11:54:00', 5000.00, 0.00, 0.00, NULL, 'complete', 1, '2024-11-08 11:54:42', '0000-00-00 00:00:00', 264, 0),
(388, 421, 388, '1', '2024-11-08 11:56:00', 0.00, 0.00, 0.00, NULL, 'complete', 1, '2024-11-08 11:57:20', '0000-00-00 00:00:00', 264, 0),
(389, 410, 389, '1', '2024-11-08 12:05:00', 1700.00, 0.00, 0.00, NULL, 'complete', 1, '2024-11-08 12:05:17', '0000-00-00 00:00:00', 264, 0),
(390, 414, 390, '1', '2024-11-09 18:44:00', 3000.00, 0.00, 0.00, NULL, 'complete', 1, '2024-11-09 18:44:22', '0000-00-00 00:00:00', 264, 0),
(391, 413, 391, '1', '2024-11-10 14:24:00', 4100.00, 0.00, 0.00, NULL, 'complete', 1, '2024-11-10 14:25:13', '0000-00-00 00:00:00', 264, 0),
(392, 423, 392, '1', '2024-11-10 16:55:00', 4300.00, 0.00, 0.00, NULL, 'complete', 1, '2024-11-10 16:57:02', '0000-00-00 00:00:00', 264, 0),
(393, 425, 393, '1', '2024-11-10 16:59:00', 0.00, 0.00, 0.00, NULL, 'complete', 1, '2024-11-10 16:59:18', '0000-00-00 00:00:00', 264, 0),
(394, 422, 394, '1', '2024-11-10 17:24:00', 3500.00, 0.00, 0.00, NULL, 'complete', 1, '2024-11-10 17:26:05', '0000-00-00 00:00:00', 264, 0),
(395, 426, 395, '1', '2024-11-10 17:28:00', 0.00, 0.00, 0.00, NULL, 'complete', 1, '2024-11-10 17:29:07', '0000-00-00 00:00:00', 264, 0),
(396, 415, 396, '1', '2024-11-11 11:09:00', 1700.00, 0.00, 0.00, NULL, 'complete', 1, '2024-11-11 11:09:17', '0000-00-00 00:00:00', 1656, 0),
(397, 424, 397, '1', '2024-11-11 11:13:00', 2500.00, 0.00, 0.00, NULL, 'complete', 1, '2024-11-11 11:13:43', '0000-00-00 00:00:00', 1656, 0),
(398, 416, 398, '1', '2024-11-11 17:45:00', 4000.00, 0.00, 0.00, NULL, 'complete', 1, '2024-11-11 17:45:35', '0000-00-00 00:00:00', 264, 0),
(399, 427, 399, '1', '2024-11-11 17:46:00', 0.00, 0.00, 0.00, NULL, 'complete', 1, '2024-11-11 17:46:25', '0000-00-00 00:00:00', 264, 0),
(400, 420, 400, '1', '2024-11-12 09:04:00', 0.00, 0.00, 0.00, NULL, 'complete', 1, '2024-11-12 09:04:56', '0000-00-00 00:00:00', 282, 0),
(401, 431, 401, '1', '2024-11-12 09:46:00', 0.00, 0.00, 0.00, NULL, 'complete', 1, '2024-11-12 09:47:40', '0000-00-00 00:00:00', 1004, 0),
(402, 419, 402, '1', '2024-11-12 11:43:00', 5600.00, 0.00, 0.00, NULL, 'complete', 1, '2024-11-12 11:44:25', '0000-00-00 00:00:00', 1656, 0),
(403, 430, 403, '1', '2024-11-12 16:59:00', 10000.00, 0.00, 0.00, NULL, 'complete', 1, '2024-11-12 16:59:44', '0000-00-00 00:00:00', 2511, 0),
(404, 434, 404, '1', '2024-11-13 11:44:00', 1000.00, 0.00, 0.00, NULL, 'complete', 1, '2024-11-13 11:44:18', '0000-00-00 00:00:00', 1656, 0),
(405, 437, 405, '1', '2024-11-13 11:56:00', 0.00, 0.00, 0.00, NULL, 'complete', 1, '2024-11-13 11:56:42', '0000-00-00 00:00:00', 264, 0),
(406, 428, 406, '1', '2024-11-14 11:00:00', 1000.00, 0.00, 0.00, NULL, 'complete', 1, '2024-11-14 11:00:27', '0000-00-00 00:00:00', 2511, 0),
(407, 429, 407, '1', '2024-11-14 11:42:00', 9500.00, 0.00, 0.00, NULL, 'complete', 1, '2024-11-14 11:43:07', '0000-00-00 00:00:00', 2511, 0),
(408, 436, 408, '1', '2024-11-14 16:40:00', 1400.00, 0.00, 0.00, NULL, 'complete', 1, '2024-11-14 16:40:25', '0000-00-00 00:00:00', 264, 0),
(409, 432, 409, '1', '2024-11-14 17:33:00', 2000.00, 0.00, 0.00, NULL, 'complete', 1, '2024-11-14 17:34:00', '0000-00-00 00:00:00', 264, 0),
(410, 441, 410, '1', '2024-11-14 20:46:00', 0.00, 0.00, 0.00, NULL, 'complete', 1, '2024-11-14 20:47:38', '0000-00-00 00:00:00', 264, 0),
(411, 435, 411, '1', '2024-11-15 11:54:00', 2200.00, 0.00, 0.00, NULL, 'complete', 1, '2024-11-15 11:54:56', '0000-00-00 00:00:00', 282, 0),
(412, 438, 412, '1', '2024-11-15 12:04:00', 0.00, 0.00, 0.00, NULL, 'complete', 1, '2024-11-15 12:04:49', '0000-00-00 00:00:00', 282, 0),
(413, 442, 413, '1', '2024-11-15 12:21:00', 0.00, 0.00, 0.00, NULL, 'complete', 1, '2024-11-15 12:21:57', '0000-00-00 00:00:00', 1656, 0),
(414, 444, 414, '1', '2024-11-15 12:47:00', 700.00, 0.00, 0.00, NULL, 'complete', 1, '2024-11-15 12:47:51', '0000-00-00 00:00:00', 282, 0),
(415, 443, 415, '1', '2024-11-15 12:51:00', 1400.00, 0.00, 0.00, NULL, 'complete', 1, '2024-11-15 12:52:06', '0000-00-00 00:00:00', 282, 0),
(416, 433, 416, '1', '2024-11-16 10:53:00', 9750.00, 0.00, 0.00, NULL, 'complete', 1, '2024-11-16 10:53:50', '0000-00-00 00:00:00', 264, 0),
(417, 439, 417, '1', '2024-11-16 17:46:00', 1200.00, 0.00, 0.00, NULL, 'complete', 1, '2024-11-16 17:46:28', '0000-00-00 00:00:00', 264, 0),
(418, 446, 418, '1', '2024-11-16 19:01:00', 7200.00, 0.00, 0.00, NULL, 'complete', 1, '2024-11-16 19:01:53', '0000-00-00 00:00:00', 2511, 0),
(419, 440, 419, '1', '2024-11-17 09:50:00', 3400.00, 0.00, 0.00, NULL, 'complete', 1, '2024-11-17 09:51:12', '0000-00-00 00:00:00', 1004, 0),
(420, 448, 420, '1', '2024-11-17 09:56:00', 0.00, 0.00, 0.00, NULL, 'complete', 1, '2024-11-17 09:56:31', '0000-00-00 00:00:00', 1004, 0),
(421, 447, 421, '1', '2024-11-20 10:44:00', 7000.00, 0.00, 0.00, NULL, 'complete', 1, '2024-11-20 10:46:13', '0000-00-00 00:00:00', 1004, 0),
(422, 453, 422, '1', '2024-11-20 16:55:00', 1500.00, 0.00, 0.00, NULL, 'complete', 1, '2024-11-20 16:55:54', '0000-00-00 00:00:00', 264, 0),
(423, 445, 423, '1', '2024-11-23 10:53:00', 0.00, 0.00, 0.00, NULL, 'complete', 1, '2024-11-23 10:54:36', '0000-00-00 00:00:00', 211, 0),
(424, 452, 424, '1', '2024-11-23 13:30:00', 4000.00, 0.00, 0.00, NULL, 'complete', 1, '2024-11-23 13:31:11', '0000-00-00 00:00:00', 264, 0),
(425, 451, 425, '1', '2024-11-23 13:32:00', 2200.00, 0.00, 0.00, NULL, 'complete', 1, '2024-11-23 13:33:42', '0000-00-00 00:00:00', 264, 0),
(426, 450, 426, '1', '2024-11-23 14:03:00', 6200.00, 0.00, 0.00, NULL, 'complete', 1, '2024-11-23 14:04:22', '0000-00-00 00:00:00', 264, 0),
(427, 455, 427, '1', '2024-11-24 11:38:00', 6200.00, 0.00, 0.00, NULL, 'complete', 1, '2024-11-24 11:38:32', '0000-00-00 00:00:00', 264, 0),
(428, 460, 428, '1', '2024-11-25 12:53:00', 0.00, 0.00, 0.00, NULL, 'complete', 1, '2024-11-25 12:53:58', '0000-00-00 00:00:00', 264, 0),
(429, 454, 429, '1', '2024-11-25 12:54:00', 9700.00, 0.00, 0.00, NULL, 'complete', 1, '2024-11-25 12:55:17', '0000-00-00 00:00:00', 264, 0),
(430, 458, 430, '1', '2024-11-25 12:56:00', 3200.00, 0.00, 0.00, NULL, 'complete', 1, '2024-11-25 12:56:54', '0000-00-00 00:00:00', 264, 0),
(431, 457, 431, '1', '2024-11-25 16:15:00', 600.00, 0.00, 0.00, NULL, 'complete', 1, '2024-11-25 16:16:07', '0000-00-00 00:00:00', 264, 0),
(432, 463, 432, '1', '2024-11-26 13:29:00', 0.00, 0.00, 0.00, NULL, 'complete', 1, '2024-11-26 13:29:36', '0000-00-00 00:00:00', 264, 0),
(433, 456, 433, '1', '2024-11-27 12:16:00', 4200.00, 0.00, 0.00, NULL, 'complete', 1, '2024-11-27 12:17:09', '0000-00-00 00:00:00', 282, 0),
(434, 461, 434, '1', '2024-11-27 12:19:00', 1700.00, 0.00, 0.00, NULL, 'complete', 1, '2024-11-27 12:20:18', '0000-00-00 00:00:00', 282, 0),
(435, 467, 435, '1', '2024-11-27 16:46:00', 0.00, 0.00, 0.00, NULL, 'complete', 1, '2024-11-27 16:47:20', '0000-00-00 00:00:00', 264, 0),
(436, 470, 436, '1', '2024-11-29 12:28:00', 7200.00, 0.00, 0.00, NULL, 'complete', 1, '2024-11-29 12:28:23', '0000-00-00 00:00:00', 2511, 0),
(437, 464, 437, '1', '2024-11-29 16:54:00', 6000.00, 0.00, 0.00, NULL, 'complete', 1, '2024-11-29 16:55:11', '0000-00-00 00:00:00', 1656, 0),
(438, 471, 438, '1', '2024-11-30 12:46:00', 0.00, 0.00, 0.00, NULL, 'complete', 1, '2024-11-30 12:46:46', '0000-00-00 00:00:00', 264, 0),
(439, 462, 439, '1', '2024-11-30 15:52:00', 6200.00, 0.00, 0.00, NULL, 'complete', 1, '2024-11-30 15:52:45', '0000-00-00 00:00:00', 264, 0),
(440, 468, 440, '1', '2024-12-01 13:08:00', 4200.00, 0.00, 0.00, NULL, 'complete', 1, '2024-12-01 13:09:50', '0000-00-00 00:00:00', 2511, 0),
(441, 474, 441, '1', '2024-12-03 16:05:00', 1400.00, 0.00, 0.00, NULL, 'complete', 1, '2024-12-03 16:05:51', '0000-00-00 00:00:00', 2511, 0),
(442, 469, 442, '1', '2024-12-04 10:14:00', 7500.00, 0.00, 0.00, NULL, 'complete', 1, '2024-12-04 10:15:18', '0000-00-00 00:00:00', 264, 0),
(443, 466, 443, '1', '2024-12-04 12:16:00', 0.00, 0.00, 0.00, NULL, 'complete', 1, '2024-12-04 12:16:18', '0000-00-00 00:00:00', 264, 0),
(444, 472, 444, '1', '2024-12-04 17:19:00', 1200.00, 0.00, 0.00, NULL, 'complete', 1, '2024-12-04 17:22:47', '0000-00-00 00:00:00', 1004, 0),
(445, 473, 445, '1', '2024-12-05 15:48:00', 3500.00, 0.00, 0.00, NULL, 'complete', 1, '2024-12-05 15:48:53', '0000-00-00 00:00:00', 264, 0),
(446, 482, 446, '1', '2024-12-05 17:49:00', 0.00, 0.00, 0.00, NULL, 'complete', 1, '2024-12-05 17:50:14', '0000-00-00 00:00:00', 264, 0),
(447, 475, 447, '1', '2024-12-06 14:13:00', 4000.00, 0.00, 0.00, NULL, 'complete', 1, '2024-12-06 14:14:04', '0000-00-00 00:00:00', 264, 0),
(448, 485, 448, '1', '2024-12-07 09:59:00', 1000.00, 0.00, 0.00, NULL, 'complete', 1, '2024-12-07 09:59:37', '0000-00-00 00:00:00', 282, 0),
(449, 476, 449, '1', '2024-12-07 12:05:00', 600.00, 0.00, 0.00, NULL, 'complete', 1, '2024-12-07 12:05:35', '0000-00-00 00:00:00', 264, 0),
(450, 483, 450, '1', '2024-12-07 14:50:00', 2000.00, 0.00, 0.00, NULL, 'complete', 1, '2024-12-07 14:51:09', '0000-00-00 00:00:00', 264, 0),
(451, 481, 451, '1', '2024-12-07 16:42:00', 3000.00, 0.00, 0.00, NULL, 'complete', 1, '2024-12-07 16:42:57', '0000-00-00 00:00:00', 264, 0),
(452, 479, 452, '1', '2024-12-07 18:39:00', 2100.00, 0.00, 0.00, NULL, 'complete', 1, '2024-12-07 18:39:16', '0000-00-00 00:00:00', 1004, 0),
(453, 478, 453, '1', '2024-12-08 10:34:00', 3000.00, 0.00, 0.00, NULL, 'complete', 1, '2024-12-08 10:34:45', '0000-00-00 00:00:00', 1004, 0),
(454, 480, 454, '1', '2024-12-08 12:19:00', 5000.00, 0.00, 0.00, NULL, 'complete', 1, '2024-12-08 12:19:28', '0000-00-00 00:00:00', 264, 0),
(455, 477, 455, '1', '2024-12-08 12:54:00', 6500.00, 0.00, 0.00, NULL, 'complete', 1, '2024-12-08 12:54:56', '0000-00-00 00:00:00', 264, 0),
(456, 487, 456, '1', '2024-12-08 16:55:00', 3000.00, 0.00, 0.00, NULL, 'complete', 1, '2024-12-08 16:56:07', '0000-00-00 00:00:00', 264, 0),
(457, 484, 457, '1', '2024-12-09 12:28:00', 4500.00, 0.00, 0.00, NULL, 'complete', 1, '2024-12-09 12:28:28', '0000-00-00 00:00:00', 264, 0),
(458, 492, 458, '1', '2024-12-10 09:44:00', 0.00, 0.00, 0.00, NULL, 'complete', 1, '2024-12-10 09:44:16', '0000-00-00 00:00:00', 282, 0),
(459, 493, 459, '1', '2024-12-10 10:26:00', 4900.00, 0.00, 0.00, NULL, 'complete', 1, '2024-12-10 10:27:20', '0000-00-00 00:00:00', 2511, 0),
(460, 486, 460, '1', '2024-12-10 11:59:00', 4700.00, 0.00, 0.00, NULL, 'complete', 1, '2024-12-10 12:00:53', '0000-00-00 00:00:00', 1656, 0),
(461, 494, 461, '1', '2024-12-10 15:37:00', 0.00, 0.00, 0.00, NULL, 'complete', 1, '2024-12-10 15:37:29', '0000-00-00 00:00:00', 282, 0),
(462, 490, 462, '1', '2024-12-11 11:55:00', 4200.00, 0.00, 0.00, NULL, 'complete', 1, '2024-12-11 11:55:29', '0000-00-00 00:00:00', 264, 0),
(463, 495, 463, '1', '2024-12-11 12:15:00', 0.00, 0.00, 0.00, NULL, 'complete', 1, '2024-12-11 12:16:15', '0000-00-00 00:00:00', 264, 0),
(464, 488, 464, '1', '2024-12-12 10:56:00', 6500.00, 0.00, 0.00, NULL, 'complete', 1, '2024-12-12 10:57:53', '0000-00-00 00:00:00', 2511, 0),
(465, 491, 465, '1', '2024-12-12 14:11:00', 7200.00, 0.00, 0.00, NULL, 'complete', 1, '2024-12-12 14:12:10', '0000-00-00 00:00:00', 264, 0),
(466, 489, 466, '1', '2024-12-12 14:13:00', 6600.00, 0.00, 0.00, NULL, 'complete', 1, '2024-12-12 14:17:47', '0000-00-00 00:00:00', 264, 0),
(467, 496, 467, '1', '2024-12-13 17:45:00', 3000.00, 0.00, 0.00, NULL, 'complete', 1, '2024-12-13 17:46:16', '0000-00-00 00:00:00', 264, 0),
(468, 497, 468, '1', '2024-12-14 10:27:00', 5500.00, 0.00, 0.00, NULL, 'complete', 1, '2024-12-14 10:27:59', '0000-00-00 00:00:00', 264, 0),
(469, 501, 469, '1', '2024-12-14 10:30:00', 0.00, 0.00, 0.00, NULL, 'complete', 1, '2024-12-14 10:31:04', '0000-00-00 00:00:00', 264, 0),
(470, 502, 470, '1', '2024-12-15 12:31:00', 4000.00, 0.00, 0.00, NULL, 'complete', 1, '2024-12-15 12:31:55', '0000-00-00 00:00:00', 264, 0),
(471, 503, 471, '1', '2024-12-16 15:38:00', 200.00, 0.00, 0.00, NULL, 'complete', 1, '2024-12-16 15:39:36', '0000-00-00 00:00:00', 282, 0),
(472, 508, 472, '1', '2024-12-16 15:46:00', 0.00, 0.00, 0.00, NULL, 'complete', 1, '2024-12-16 15:46:19', '0000-00-00 00:00:00', 264, 0),
(473, 498, 473, '1', '2024-12-17 10:34:00', 200.00, 0.00, 0.00, NULL, 'complete', 1, '2024-12-17 10:36:04', '0000-00-00 00:00:00', 1004, 0),
(474, 500, 474, '1', '2024-12-17 10:52:00', 4200.00, 0.00, 0.00, NULL, 'complete', 1, '2024-12-17 10:53:16', '0000-00-00 00:00:00', 1656, 0),
(475, 507, 475, '1', '2024-12-17 16:58:00', 2000.00, 0.00, 0.00, NULL, 'complete', 1, '2024-12-17 16:58:08', '0000-00-00 00:00:00', 264, 0),
(476, 499, 476, '1', '2024-12-18 12:00:00', 3400.00, 0.00, 0.00, NULL, 'complete', 1, '2024-12-18 12:01:09', '0000-00-00 00:00:00', 264, 0),
(477, 504, 477, '1', '2024-12-19 10:43:00', 3000.00, 0.00, 0.00, NULL, 'complete', 1, '2024-12-19 10:44:13', '0000-00-00 00:00:00', 1004, 0),
(478, 506, 478, '1', '2024-12-19 13:07:00', 0.00, 0.00, 0.00, NULL, 'complete', 1, '2024-12-19 13:07:51', '0000-00-00 00:00:00', 264, 0),
(479, 505, 479, '1', '2024-12-20 11:56:00', 4200.00, 0.00, 0.00, NULL, 'complete', 1, '2024-12-20 11:56:34', '0000-00-00 00:00:00', 282, 0),
(480, 514, 480, '1', '2024-12-20 17:44:00', 600.00, 0.00, 0.00, NULL, 'complete', 1, '2024-12-20 17:44:33', '0000-00-00 00:00:00', 1656, 0),
(481, 522, 481, '1', '2024-12-20 19:33:00', 0.00, 0.00, 0.00, NULL, 'complete', 1, '2024-12-20 19:33:26', '0000-00-00 00:00:00', 264, 0),
(482, 515, 482, '1', '2024-12-21 13:44:00', 3.00, 0.00, 0.00, NULL, 'complete', 1, '2024-12-21 13:44:57', '0000-00-00 00:00:00', 264, 0),
(483, 515, 483, '1', '2024-12-21 13:45:00', 3000.00, 0.00, 0.00, NULL, 'complete', 1, '2024-12-21 13:45:57', '0000-00-00 00:00:00', 264, 0),
(484, 510, 484, '1', '2024-12-21 14:34:00', 5000.00, 0.00, 0.00, NULL, 'complete', 1, '2024-12-21 14:34:23', '0000-00-00 00:00:00', 264, 0),
(485, 512, 485, '1', '2024-12-21 16:24:00', 0.00, 0.00, 0.00, NULL, 'complete', 1, '2024-12-21 16:24:21', '0000-00-00 00:00:00', 2511, 0),
(486, 509, 486, '1', '2024-12-22 18:01:00', 5000.00, 0.00, 0.00, NULL, 'complete', 1, '2024-12-22 18:02:21', '0000-00-00 00:00:00', 264, 0),
(487, 516, 487, '1', '2024-12-23 09:21:00', 6200.00, 0.00, 0.00, NULL, 'complete', 1, '2024-12-23 09:28:02', '0000-00-00 00:00:00', 1004, 0),
(488, 511, 488, '1', '2024-12-23 10:43:00', 3700.00, 0.00, 0.00, NULL, 'complete', 1, '2024-12-23 10:44:21', '0000-00-00 00:00:00', 1656, 0),
(489, 513, 489, '1', '2024-12-23 10:45:00', 4700.00, 0.00, 0.00, NULL, 'complete', 1, '2024-12-23 10:46:49', '0000-00-00 00:00:00', 1656, 0),
(490, 519, 490, '1', '2024-12-23 12:02:00', 5000.00, 0.00, 0.00, NULL, 'complete', 1, '2024-12-23 12:03:10', '0000-00-00 00:00:00', 1656, 0),
(491, 520, 491, '1', '2024-12-23 13:16:00', 8000.00, 0.00, 0.00, NULL, 'complete', 1, '2024-12-23 13:17:00', '0000-00-00 00:00:00', 2511, 0),
(492, 518, 492, '1', '2024-12-23 13:45:00', 10000.00, 0.00, 0.00, NULL, 'complete', 1, '2024-12-23 13:45:37', '0000-00-00 00:00:00', 2511, 0),
(493, 521, 493, '1', '2024-12-23 14:42:00', 4500.00, 0.00, 0.00, NULL, 'complete', 1, '2024-12-23 14:43:14', '0000-00-00 00:00:00', 2511, 0),
(494, 517, 494, '1', '2024-12-23 14:53:00', 10000.00, 0.00, 0.00, NULL, 'complete', 1, '2024-12-23 14:53:29', '0000-00-00 00:00:00', 2511, 0),
(495, 524, 495, '1', '2024-12-24 12:20:00', 10000.00, 0.00, 0.00, NULL, 'complete', 1, '2024-12-24 12:20:54', '0000-00-00 00:00:00', 264, 0),
(496, 534, 496, '1', '2024-12-25 10:23:00', 0.00, 0.00, 0.00, NULL, 'complete', 1, '2024-12-25 10:23:29', '0000-00-00 00:00:00', 264, 0),
(497, 523, 497, '1', '2024-12-25 11:45:00', 5200.00, 0.00, 0.00, NULL, 'complete', 1, '2024-12-25 11:47:27', '0000-00-00 00:00:00', 2511, 0),
(498, 529, 498, '1', '2024-12-25 13:15:00', 1200.00, 0.00, 0.00, NULL, 'complete', 1, '2024-12-25 13:15:54', '0000-00-00 00:00:00', 2511, 0),
(499, 525, 499, '1', '2024-12-25 15:02:00', 8000.00, 0.00, 0.00, NULL, 'complete', 1, '2024-12-25 15:02:50', '0000-00-00 00:00:00', 264, 0),
(500, 526, 500, '1', '2024-12-26 12:34:00', 3500.00, 0.00, 0.00, NULL, 'complete', 1, '2024-12-26 12:35:27', '0000-00-00 00:00:00', 2511, 0),
(501, 528, 501, '1', '2024-12-26 13:08:00', 3000.00, 0.00, 0.00, NULL, 'complete', 1, '2024-12-26 13:09:23', '0000-00-00 00:00:00', 2511, 0),
(502, 539, 502, '1', '2024-12-26 18:52:00', 0.00, 0.00, 0.00, NULL, 'complete', 1, '2024-12-26 18:53:21', '0000-00-00 00:00:00', 264, 0),
(503, 540, 503, '1', '2024-12-27 08:31:00', 1000.00, 0.00, 0.00, NULL, 'complete', 1, '2024-12-27 08:31:14', '0000-00-00 00:00:00', 1004, 0),
(504, 537, 504, '1', '2024-12-27 10:53:00', 2000.00, 0.00, 0.00, NULL, 'complete', 1, '2024-12-27 10:54:16', '0000-00-00 00:00:00', 2511, 0),
(505, 533, 505, '1', '2024-12-27 12:23:00', 10000.00, 0.00, 0.00, NULL, 'complete', 1, '2024-12-27 12:23:39', '0000-00-00 00:00:00', 264, 0),
(506, 532, 506, '1', '2024-12-27 14:52:00', 3000.00, 0.00, 0.00, NULL, 'complete', 1, '2024-12-27 14:52:48', '0000-00-00 00:00:00', 1656, 0),
(507, 531, 507, '1', '2024-12-27 14:53:00', 5000.00, 0.00, 0.00, NULL, 'complete', 1, '2024-12-27 14:53:50', '0000-00-00 00:00:00', 1656, 0),
(508, 536, 508, '1', '2024-12-27 14:54:00', 2500.00, 0.00, 0.00, NULL, 'complete', 1, '2024-12-27 14:54:50', '0000-00-00 00:00:00', 1656, 0),
(509, 542, 509, '1', '2024-12-27 14:58:00', 0.00, 0.00, 0.00, NULL, 'complete', 1, '2024-12-27 14:58:40', '0000-00-00 00:00:00', 264, 0),
(510, 527, 510, '1', '2024-12-27 15:48:00', 4000.00, 0.00, 0.00, NULL, 'complete', 1, '2024-12-27 15:48:41', '0000-00-00 00:00:00', 2511, 0),
(511, 530, 511, '1', '2024-12-27 15:51:00', 4000.00, 0.00, 0.00, NULL, 'complete', 1, '2024-12-27 15:51:25', '0000-00-00 00:00:00', 264, 0),
(512, 543, 512, '1', '2024-12-27 17:05:00', 0.00, 0.00, 0.00, NULL, 'complete', 1, '2024-12-27 17:05:31', '0000-00-00 00:00:00', 1656, 0),
(513, 538, 513, '1', '2024-12-28 12:40:00', 4500.00, 0.00, 0.00, NULL, 'complete', 1, '2024-12-28 12:41:04', '0000-00-00 00:00:00', 264, 0),
(514, 535, 514, '1', '2024-12-28 13:58:00', 4000.00, 0.00, 0.00, NULL, 'complete', 1, '2024-12-28 13:58:45', '0000-00-00 00:00:00', 264, 0),
(515, 541, 515, '1', '2024-12-29 11:44:00', 7700.00, 0.00, 0.00, NULL, 'complete', 1, '2024-12-29 11:45:28', '0000-00-00 00:00:00', 264, 0),
(516, 544, 516, '1', '2024-12-30 14:44:00', 3500.00, 0.00, 0.00, NULL, 'complete', 1, '2024-12-30 14:44:18', '0000-00-00 00:00:00', 2511, 0),
(517, 545, 517, '1', '2024-12-31 10:41:00', 5200.00, 0.00, 0.00, NULL, 'complete', 1, '2024-12-31 10:42:03', '0000-00-00 00:00:00', 1004, 0),
(518, 546, 518, '1', '2024-12-31 15:58:00', 3000.00, 0.00, 0.00, NULL, 'complete', 1, '2024-12-31 15:58:41', '0000-00-00 00:00:00', 2511, 0),
(519, 547, 519, '1', '2025-01-01 10:04:00', 2000.00, 0.00, 0.00, NULL, 'complete', 1, '2025-01-01 10:05:12', '0000-00-00 00:00:00', 1004, 0),
(520, 548, 520, '1', '2025-01-02 10:45:00', 0.00, 0.00, 0.00, NULL, 'complete', 1, '2025-01-02 10:45:38', '0000-00-00 00:00:00', 1656, 0),
(521, 548, 521, '1', '2025-01-02 10:46:00', 0.00, 0.00, 0.00, NULL, 'complete', 1, '2025-01-02 10:46:30', '0000-00-00 00:00:00', 1656, 0),
(522, 548, 522, '1', '2025-01-02 10:46:00', 0.00, 0.00, 0.00, NULL, 'complete', 1, '2025-01-02 10:47:19', '0000-00-00 00:00:00', 1656, 0),
(523, 549, 523, '1', '2025-01-02 12:54:00', 2500.00, 0.00, 0.00, NULL, 'complete', 1, '2025-01-02 12:54:26', '0000-00-00 00:00:00', 264, 0),
(524, 550, 524, '1', '2025-01-02 14:22:00', 4000.00, 0.00, 0.00, NULL, 'complete', 1, '2025-01-02 14:22:17', '0000-00-00 00:00:00', 2511, 0),
(525, 552, 525, '1', '2025-01-02 14:26:00', 0.00, 0.00, 0.00, NULL, 'complete', 1, '2025-01-02 14:27:10', '0000-00-00 00:00:00', 2511, 0),
(526, 551, 526, '1', '2025-01-03 11:55:00', 2800.00, 0.00, 0.00, NULL, 'complete', 1, '2025-01-03 11:55:25', '0000-00-00 00:00:00', 1656, 0),
(527, 553, 527, '1', '2025-01-03 14:57:00', 5000.00, 0.00, 0.00, NULL, 'complete', 1, '2025-01-03 14:57:47', '0000-00-00 00:00:00', 1656, 0),
(528, 557, 528, '1', '2025-01-03 15:41:00', 1200.00, 0.00, 0.00, NULL, 'complete', 1, '2025-01-03 15:41:15', '0000-00-00 00:00:00', 264, 0),
(529, 554, 529, '1', '2025-01-04 11:27:00', 5000.00, 0.00, 0.00, NULL, 'complete', 1, '2025-01-04 11:27:28', '0000-00-00 00:00:00', 264, 0),
(530, 555, 530, '1', '2025-01-04 12:07:00', 2000.00, 0.00, 0.00, NULL, 'complete', 1, '2025-01-04 12:07:59', '0000-00-00 00:00:00', 1656, 0),
(531, 560, 531, '1', '2025-01-04 13:19:00', 0.00, 0.00, 0.00, NULL, 'complete', 1, '2025-01-04 13:20:24', '0000-00-00 00:00:00', 264, 0),
(532, 556, 532, '1', '2025-01-05 16:13:00', 0.00, 0.00, 0.00, NULL, 'complete', 1, '2025-01-05 16:13:48', '0000-00-00 00:00:00', 1656, 0),
(533, 558, 533, '1', '2025-01-06 11:14:00', 8000.00, 0.00, 0.00, NULL, 'complete', 1, '2025-01-06 11:14:33', '0000-00-00 00:00:00', 264, 0),
(534, 559, 534, '1', '2025-01-06 13:49:00', 3000.00, 0.00, 0.00, NULL, 'complete', 1, '2025-01-06 13:49:34', '0000-00-00 00:00:00', 264, 0),
(535, 561, 535, '1', '2025-01-07 12:03:00', 5000.00, 0.00, 0.00, NULL, 'complete', 1, '2025-01-07 12:04:32', '0000-00-00 00:00:00', 1656, 0),
(536, 563, 536, '1', '2025-01-08 18:57:00', 1000.00, 0.00, 0.00, NULL, 'complete', 1, '2025-01-08 18:58:50', '0000-00-00 00:00:00', 282, 0),
(537, 562, 537, '1', '2025-01-08 20:13:00', 7500.00, 0.00, 0.00, NULL, 'complete', 1, '2025-01-08 21:00:08', '0000-00-00 00:00:00', 2511, 0),
(538, 568, 538, '1', '2025-01-10 05:04:00', 500.00, 0.00, 0.00, NULL, 'complete', 1, '2025-01-10 05:05:09', '0000-00-00 00:00:00', 282, 0),
(539, 565, 539, '1', '2025-01-10 11:30:00', 0.00, 0.00, 0.00, NULL, 'complete', 1, '2025-01-10 11:30:41', '0000-00-00 00:00:00', 264, 0),
(540, 564, 540, '1', '2025-01-10 17:51:00', 4200.00, 0.00, 0.00, NULL, 'complete', 1, '2025-01-10 17:52:07', '0000-00-00 00:00:00', 2511, 0),
(541, 567, 541, '1', '2025-01-10 17:56:00', 0.00, 0.00, 0.00, NULL, 'complete', 1, '2025-01-10 17:56:17', '0000-00-00 00:00:00', 2511, 0),
(542, 570, 542, '1', '2025-01-11 17:04:00', 200.00, 0.00, 0.00, NULL, 'complete', 1, '2025-01-11 17:05:12', '0000-00-00 00:00:00', 1656, 0),
(543, 571, 543, '1', '2025-01-12 15:21:00', 6000.00, 0.00, 0.00, NULL, 'complete', 1, '2025-01-12 15:22:24', '0000-00-00 00:00:00', 264, 0),
(544, 566, 544, '1', '2025-01-13 12:59:00', 6500.00, 0.00, 0.00, NULL, 'complete', 1, '2025-01-13 13:00:14', '0000-00-00 00:00:00', 264, 0),
(545, 575, 545, '1', '2025-01-13 13:02:00', 0.00, 0.00, 0.00, NULL, 'complete', 1, '2025-01-13 13:02:50', '0000-00-00 00:00:00', 264, 0),
(546, 574, 546, '1', '2025-01-13 13:18:00', 0.00, 0.00, 0.00, NULL, 'complete', 1, '2025-01-13 13:18:06', '0000-00-00 00:00:00', 264, 0),
(547, 576, 547, '1', '2025-01-13 13:24:00', 0.00, 0.00, 0.00, NULL, 'complete', 1, '2025-01-13 13:25:00', '0000-00-00 00:00:00', 264, 0),
(548, 580, 548, '1', '2025-01-14 12:13:00', 0.00, 0.00, 0.00, NULL, 'complete', 1, '2025-01-14 12:13:38', '0000-00-00 00:00:00', 1656, 0),
(549, 572, 549, '1', '2025-01-14 15:23:00', 4500.00, 0.00, 0.00, NULL, 'complete', 1, '2025-01-14 15:23:15', '0000-00-00 00:00:00', 264, 0),
(550, 577, 550, '1', '2025-01-16 12:28:00', 5500.00, 0.00, 0.00, NULL, 'complete', 1, '2025-01-16 12:28:41', '0000-00-00 00:00:00', 264, 0),
(551, 579, 551, '1', '2025-01-16 12:40:00', 4800.00, 0.00, 0.00, NULL, 'complete', 1, '2025-01-16 12:40:39', '0000-00-00 00:00:00', 264, 0),
(552, 578, 552, '1', '2025-01-16 13:49:00', 6000.00, 0.00, 0.00, NULL, 'complete', 1, '2025-01-16 13:49:48', '0000-00-00 00:00:00', 211, 0),
(553, 586, 553, '1', '2025-01-17 18:36:00', 0.00, 0.00, 0.00, NULL, 'complete', 1, '2025-01-17 18:36:45', '0000-00-00 00:00:00', 264, 0),
(554, 569, 554, '1', '2025-01-17 22:33:00', 0.00, 0.00, 0.00, NULL, 'complete', 1, '2025-01-17 22:33:45', '0000-00-00 00:00:00', 1004, 0),
(555, 588, 555, '1', '2025-01-18 19:26:00', 0.00, 0.00, 0.00, NULL, 'complete', 1, '2025-01-18 19:27:05', '0000-00-00 00:00:00', 264, 0),
(556, 581, 556, '1', '2025-01-19 12:14:00', 5000.00, 0.00, 0.00, NULL, 'complete', 1, '2025-01-19 12:14:20', '0000-00-00 00:00:00', 264, 0),
(557, 582, 557, '1', '2025-01-19 14:47:00', 4700.00, 0.00, 0.00, NULL, 'complete', 1, '2025-01-19 14:47:38', '0000-00-00 00:00:00', 1656, 0),
(558, 591, 558, '1', '2025-01-19 18:51:00', 300.00, 0.00, 0.00, NULL, 'complete', 1, '2025-01-19 18:51:31', '0000-00-00 00:00:00', 1656, 0),
(559, 587, 559, '1', '2025-01-20 10:30:00', 5500.00, 0.00, 0.00, NULL, 'complete', 1, '2025-01-20 10:30:29', '0000-00-00 00:00:00', 1004, 0),
(560, 585, 560, '1', '2025-01-20 10:58:00', 0.00, 0.00, 0.00, NULL, 'complete', 1, '2025-01-20 10:58:55', '0000-00-00 00:00:00', 1656, 0),
(561, 584, 561, '1', '2025-01-20 13:52:00', 3200.00, 0.00, 0.00, NULL, 'complete', 1, '2025-01-20 13:52:36', '0000-00-00 00:00:00', 264, 0),
(562, 583, 562, '1', '2025-01-20 16:54:00', 3500.00, 0.00, 0.00, NULL, 'complete', 1, '2025-01-20 16:55:09', '0000-00-00 00:00:00', 1656, 0),
(563, 593, 563, '1', '2025-01-20 17:35:00', 0.00, 0.00, 0.00, NULL, 'complete', 1, '2025-01-20 17:35:46', '0000-00-00 00:00:00', 264, 0),
(564, 594, 564, '1', '2025-01-20 17:36:00', 0.00, 0.00, 0.00, NULL, 'complete', 1, '2025-01-20 17:37:11', '0000-00-00 00:00:00', 264, 0),
(565, 595, 565, '1', '2025-01-20 17:38:00', 0.00, 0.00, 0.00, NULL, 'complete', 1, '2025-01-20 17:38:45', '0000-00-00 00:00:00', 264, 0),
(566, 596, 566, '1', '2025-01-20 17:41:00', 0.00, 0.00, 0.00, NULL, 'complete', 1, '2025-01-20 17:42:00', '0000-00-00 00:00:00', 264, 0),
(567, 590, 567, '1', '2025-01-21 10:14:00', 3000.00, 0.00, 0.00, NULL, 'complete', 1, '2025-01-21 10:15:10', '0000-00-00 00:00:00', 1004, 0),
(568, 589, 568, '1', '2025-01-21 11:24:00', 6000.00, 0.00, 0.00, NULL, 'complete', 1, '2025-01-21 11:24:47', '0000-00-00 00:00:00', 264, 0),
(569, 599, 569, '1', '2025-01-22 10:17:00', 500.00, 0.00, 0.00, NULL, 'complete', 1, '2025-01-22 10:18:03', '0000-00-00 00:00:00', 1004, 0),
(570, 592, 570, '1', '2025-01-22 11:37:00', 7500.00, 0.00, 0.00, NULL, 'complete', 1, '2025-01-22 11:37:39', '0000-00-00 00:00:00', 1004, 0),
(571, 601, 571, '1', '2025-01-24 11:24:00', 0.00, 0.00, 0.00, NULL, 'complete', 1, '2025-01-24 11:24:13', '0000-00-00 00:00:00', 264, 0),
(572, 598, 572, '1', '2025-01-24 11:25:00', 0.00, 0.00, 0.00, NULL, 'complete', 1, '2025-01-24 11:25:20', '0000-00-00 00:00:00', 264, 0),
(573, 597, 573, '1', '2025-01-24 11:26:00', 0.00, 0.00, 0.00, NULL, 'complete', 1, '2025-01-24 11:26:08', '0000-00-00 00:00:00', 264, 0),
(574, 600, 574, '1', '2025-01-24 16:05:00', 2500.00, 0.00, 0.00, NULL, 'complete', 1, '2025-01-24 16:05:38', '0000-00-00 00:00:00', 264, 0),
(575, 602, 575, '1', '2025-01-25 19:46:00', 4700.00, 0.00, 0.00, NULL, 'complete', 1, '2025-01-25 19:46:36', '0000-00-00 00:00:00', 264, 0),
(576, 606, 576, '1', '2025-01-25 20:03:00', 0.00, 0.00, 0.00, NULL, 'complete', 1, '2025-01-25 20:03:47', '0000-00-00 00:00:00', 282, 0),
(577, 603, 577, '1', '2025-01-26 11:30:00', 0.00, 0.00, 0.00, NULL, 'complete', 1, '2025-01-26 11:30:35', '0000-00-00 00:00:00', 282, 0);

-- --------------------------------------------------------

--
-- Table structure for table `ipd_pulsebp_charts`
--

CREATE TABLE `ipd_pulsebp_charts` (
  `id` int(11) NOT NULL,
  `ipd_id` int(11) DEFAULT NULL,
  `patient_id` int(11) NOT NULL,
  `doctor_id` int(11) DEFAULT NULL,
  `date` datetime DEFAULT NULL,
  `bp` varchar(50) DEFAULT NULL,
  `pulse` varchar(100) DEFAULT NULL,
  `temperature` varchar(100) DEFAULT NULL,
  `nurse_id` int(11) DEFAULT NULL,
  `pulsebp_status` enum('complete','rejected','canceled','pending') NOT NULL DEFAULT 'complete',
  `note` text DEFAULT NULL,
  `status` int(11) NOT NULL DEFAULT 1,
  `created_at` datetime NOT NULL,
  `modified_at` datetime NOT NULL,
  `created_by` int(11) NOT NULL,
  `modified_by` int(11) NOT NULL
) ENGINE=InnoDB DEFAULT CHARSET=utf8mb3 COLLATE=utf8mb3_general_ci;

-- --------------------------------------------------------

--
-- Table structure for table `ipd_surgeons`
--

CREATE TABLE `ipd_surgeons` (
  `id` int(11) NOT NULL,
  `ipd_id` int(11) DEFAULT NULL,
  `patient_id` int(11) NOT NULL,
  `type` varchar(30) NOT NULL DEFAULT 'surgeon',
  `doctor_id` int(11) DEFAULT NULL,
  `charge` decimal(10,2) DEFAULT NULL,
  `date` datetime DEFAULT NULL,
  `instruction` text DEFAULT NULL,
  `surgeon_status` enum('complete','rejected','canceled','pending') NOT NULL DEFAULT 'complete',
  `note` text DEFAULT NULL,
  `status` int(11) NOT NULL DEFAULT 1,
  `created_at` datetime NOT NULL,
  `modified_at` datetime NOT NULL,
  `created_by` int(11) NOT NULL,
  `modified_by` int(11) NOT NULL
) ENGINE=InnoDB DEFAULT CHARSET=utf8mb3 COLLATE=utf8mb3_general_ci;

--
-- Dumping data for table `ipd_surgeons`
--

INSERT INTO `ipd_surgeons` (`id`, `ipd_id`, `patient_id`, `type`, `doctor_id`, `charge`, `date`, `instruction`, `surgeon_status`, `note`, `status`, `created_at`, `modified_at`, `created_by`, `modified_by`) VALUES
(8, 24, 595, 'surgeon', 226, 3000.00, '2024-06-26 14:23:00', '', 'complete', NULL, 1, '2024-06-26 14:22:34', '0000-00-00 00:00:00', 264, 0),
(9, 27, 605, 'surgeon', 251, 700.00, '2024-06-27 11:57:00', '', 'complete', NULL, 1, '2024-06-27 11:56:23', '0000-00-00 00:00:00', 266, 0),
(10, 21, 596, 'surgeon', 226, 3000.00, '2024-06-27 16:31:00', '', 'complete', NULL, 1, '2024-06-27 16:31:58', '0000-00-00 00:00:00', 275, 0),
(11, 26, 602, 'surgeon', 224, 3500.00, '2024-06-28 19:52:00', '', 'complete', NULL, 1, '2024-06-28 19:51:42', '0000-00-00 00:00:00', 275, 0),
(12, 28, 594, 'surgeon', 251, 700.00, '2024-06-29 17:30:00', '', 'complete', NULL, 1, '2024-06-29 17:29:06', '0000-00-00 00:00:00', 264, 0),
(13, 29, 606, 'surgeon', 224, 4000.00, '2024-06-29 17:34:00', '', 'complete', NULL, 1, '2024-06-29 17:34:39', '0000-00-00 00:00:00', 264, 0),
(14, 33, 755, 'surgeon', 230, 700.00, '2024-06-29 19:12:00', '', 'complete', NULL, 1, '2024-06-29 19:11:11', '0000-00-00 00:00:00', 264, 0),
(15, 34, 756, 'surgeon', 246, 1500.00, '2024-06-29 19:16:00', '', 'complete', NULL, 1, '2024-06-29 19:15:14', '0000-00-00 00:00:00', 264, 0),
(16, 25, 601, 'surgeon', 224, 4000.00, '2024-06-29 19:29:00', '', 'complete', NULL, 1, '2024-06-29 19:28:06', '0000-00-00 00:00:00', 264, 0),
(17, 39, 785, 'surgeon', 224, 3500.00, '2024-07-01 16:13:00', '', 'complete', NULL, 1, '2024-07-01 16:11:42', '0000-00-00 00:00:00', 264, 0),
(18, 42, 790, 'surgeon', 222, 1000.00, '2024-07-01 16:17:00', '', 'complete', NULL, 1, '2024-07-01 16:15:42', '0000-00-00 00:00:00', 264, 0),
(19, 40, 786, 'surgeon', 225, 3500.00, '2024-07-01 16:22:00', '', 'complete', NULL, 1, '2024-07-01 16:21:03', '0000-00-00 00:00:00', 264, 0),
(20, 41, 789, 'surgeon', 219, 2000.00, '2024-07-01 16:30:00', '', 'complete', NULL, 1, '2024-07-01 16:29:28', '0000-00-00 00:00:00', 264, 0),
(21, 37, 783, 'surgeon', 224, 3500.00, '2024-07-01 16:46:00', '', 'complete', NULL, 1, '2024-07-01 16:45:25', '0000-00-00 00:00:00', 264, 0),
(22, 46, 790, 'surgeon', 222, 1000.00, '2024-07-01 16:57:00', '', 'complete', NULL, 1, '2024-07-01 16:55:42', '0000-00-00 00:00:00', 264, 0),
(23, 36, 782, 'surgeon', 246, 3000.00, '2024-07-01 18:10:00', '', 'complete', NULL, 1, '2024-07-01 18:09:13', '0000-00-00 00:00:00', 264, 0),
(24, 43, 791, 'surgeon', 222, 1000.00, '2024-07-02 17:03:00', '', 'complete', NULL, 1, '2024-07-02 17:01:45', '0000-00-00 00:00:00', 264, 0),
(25, 54, 880, 'surgeon', 246, 5000.00, '2024-07-03 17:33:00', '', 'complete', NULL, 1, '2024-07-03 17:32:30', '0000-00-00 00:00:00', 264, 0),
(26, 55, 887, 'surgeon', 222, 1000.00, '2024-07-03 17:51:00', '', 'complete', NULL, 1, '2024-07-03 17:49:55', '0000-00-00 00:00:00', 264, 0),
(27, 38, 784, 'surgeon', 222, 1000.00, '2024-07-03 17:57:00', '', 'complete', NULL, 1, '2024-07-03 17:56:10', '0000-00-00 00:00:00', 264, 0),
(28, 47, 829, 'surgeon', 251, 700.00, '2024-07-04 17:14:00', '', 'complete', NULL, 1, '2024-07-04 17:12:41', '0000-00-00 00:00:00', 264, 0),
(29, 51, 868, 'surgeon', 222, 1000.00, '2024-07-05 20:44:00', '', 'complete', NULL, 1, '2024-07-05 20:43:20', '0000-00-00 00:00:00', 264, 0),
(30, 52, 869, 'surgeon', 224, 3500.00, '2024-07-05 20:55:00', '', 'complete', NULL, 1, '2024-07-05 20:53:50', '0000-00-00 00:00:00', 264, 0),
(31, 53, 870, 'surgeon', 224, 3500.00, '2024-07-05 20:58:00', '', 'complete', NULL, 1, '2024-07-05 20:56:44', '0000-00-00 00:00:00', 264, 0),
(32, 57, 892, 'surgeon', 222, 1000.00, '2024-07-06 12:59:00', '', 'complete', NULL, 1, '2024-07-06 13:00:05', '0000-00-00 00:00:00', 1004, 0),
(33, 60, 1015, 'surgeon', 226, 3000.00, '2024-07-08 18:39:00', '', 'complete', NULL, 1, '2024-07-08 18:37:33', '0000-00-00 00:00:00', 264, 0),
(34, 68, 1078, 'surgeon', 230, 700.00, '2024-07-08 18:44:00', '', 'complete', NULL, 1, '2024-07-08 18:42:47', '0000-00-00 00:00:00', 264, 0),
(35, 58, 1013, 'surgeon', 224, 4000.00, '2024-07-09 19:03:00', '', 'complete', NULL, 1, '2024-07-09 19:01:34', '0000-00-00 00:00:00', 264, 0),
(36, 63, 1038, 'surgeon', 219, 2000.00, '2024-07-09 19:09:00', '', 'complete', NULL, 1, '2024-07-09 19:08:05', '0000-00-00 00:00:00', 264, 0),
(37, 59, 1014, 'surgeon', 246, 1500.00, '2024-07-09 19:12:00', '', 'complete', NULL, 1, '2024-07-09 19:11:58', '0000-00-00 00:00:00', 264, 0),
(38, 62, 1037, 'surgeon', 226, 3000.00, '2024-07-09 19:19:00', '', 'complete', NULL, 1, '2024-07-09 19:17:41', '0000-00-00 00:00:00', 264, 0),
(39, 64, 1039, 'surgeon', 219, 2000.00, '2024-07-09 19:45:00', '', 'complete', NULL, 1, '2024-07-09 19:46:07', '0000-00-00 00:00:00', 1004, 0),
(40, 71, 1158, 'surgeon', 246, 5000.00, '2024-07-10 16:20:00', '', 'complete', NULL, 1, '2024-07-10 16:20:52', '0000-00-00 00:00:00', 1004, 0),
(41, 61, 1016, 'surgeon', 219, 2000.00, '2024-07-11 13:02:00', '', 'complete', NULL, 1, '2024-07-11 13:03:21', '0000-00-00 00:00:00', 264, 0),
(42, 70, 1085, 'surgeon', 219, 4000.00, '2024-07-11 17:49:00', '', 'complete', NULL, 1, '2024-07-11 17:47:42', '0000-00-00 00:00:00', 264, 0),
(43, 61, 1016, 'surgeon', 219, 2000.00, '2024-07-12 12:44:00', '', 'complete', NULL, 1, '2024-07-12 12:43:23', '0000-00-00 00:00:00', 264, 0),
(44, 66, 1075, 'surgeon', 222, 1000.00, '2024-07-12 20:28:00', '', 'complete', NULL, 1, '2024-07-12 20:27:04', '0000-00-00 00:00:00', 264, 0),
(45, 84, 1280, 'surgeon', 246, 4000.00, '2024-07-12 20:44:00', '', 'complete', NULL, 1, '2024-07-12 20:42:46', '0000-00-00 00:00:00', 264, 0),
(46, 93, 1280, 'surgeon', 246, 4000.00, '2024-07-12 10:17:00', '', 'complete', NULL, 1, '2024-07-13 10:17:28', '0000-00-00 00:00:00', 1004, 0),
(47, 90, 1075, 'surgeon', 222, 1000.00, '2024-07-12 10:30:00', '', 'complete', NULL, 1, '2024-07-13 10:30:38', '0000-00-00 00:00:00', 1004, 0),
(48, 86, 1285, 'surgeon', 246, 1500.00, '2024-07-13 11:04:00', '', 'complete', NULL, 1, '2024-07-13 11:06:30', '0000-00-00 00:00:00', 1004, 0),
(49, 80, 1235, 'surgeon', 246, 1500.00, '2024-07-13 11:34:00', '', 'complete', NULL, 1, '2024-07-13 11:35:12', '0000-00-00 00:00:00', 282, 0),
(50, 82, 1237, 'surgeon', 225, 3500.00, '2024-07-13 11:51:00', '', 'complete', NULL, 1, '2024-07-13 11:51:27', '0000-00-00 00:00:00', 282, 0),
(51, 82, 1237, 'surgeon', 225, 3500.00, '2024-07-14 17:02:00', '', 'complete', NULL, 1, '2024-07-14 17:03:12', '0000-00-00 00:00:00', 282, 0),
(52, 79, 1234, 'surgeon', 248, 3500.00, '2024-07-15 17:33:00', '', 'complete', NULL, 1, '2024-07-15 17:33:57', '0000-00-00 00:00:00', 282, 0),
(53, 81, 1236, 'surgeon', 251, 2000.00, '2024-07-15 17:44:00', '', 'complete', NULL, 1, '2024-07-15 17:44:51', '0000-00-00 00:00:00', 282, 0),
(54, 83, 1238, 'surgeon', 224, 3500.00, '2024-07-15 17:48:00', '', 'complete', NULL, 1, '2024-07-15 17:48:39', '0000-00-00 00:00:00', 282, 0),
(55, 77, 1232, 'surgeon', 224, 7000.00, '2024-07-16 10:22:00', '', 'complete', NULL, 1, '2024-07-16 10:22:55', '0000-00-00 00:00:00', 282, 0),
(56, 99, 1232, 'surgeon', 224, 3500.00, '2024-07-16 11:59:00', '', 'complete', NULL, 1, '2024-07-16 11:57:36', '0000-00-00 00:00:00', 264, 0),
(57, 85, 1282, 'surgeon', 251, 1000.00, '2024-07-16 12:04:00', '', 'complete', NULL, 1, '2024-07-16 12:03:07', '0000-00-00 00:00:00', 264, 0),
(58, 96, 1376, 'surgeon', 222, 1000.00, '2024-07-17 19:06:00', '', 'complete', NULL, 1, '2024-07-17 19:04:56', '0000-00-00 00:00:00', 264, 0),
(59, 98, 1401, 'surgeon', 251, 1000.00, '2024-07-17 19:09:00', '', 'complete', NULL, 1, '2024-07-17 19:07:39', '0000-00-00 00:00:00', 264, 0),
(60, 95, 1375, 'surgeon', 222, 1000.00, '2024-07-24 19:16:00', '', 'complete', NULL, 1, '2024-07-24 19:15:05', '0000-00-00 00:00:00', 264, 0),
(61, 97, 1391, 'surgeon', 251, 700.00, '2024-07-24 19:21:00', '', 'complete', NULL, 1, '2024-07-24 19:19:30', '0000-00-00 00:00:00', 264, 0),
(62, 105, 1475, 'surgeon', 226, 2000.00, '2024-07-24 19:26:00', '', 'complete', NULL, 1, '2024-07-24 19:24:49', '0000-00-00 00:00:00', 264, 0),
(63, 108, 1539, 'surgeon', 251, 700.00, '2024-07-25 13:45:00', '', 'complete', NULL, 1, '2024-07-25 13:43:33', '0000-00-00 00:00:00', 264, 0),
(64, 107, 1537, 'surgeon', 251, 700.00, '2024-07-25 13:49:00', '', 'complete', NULL, 1, '2024-07-25 13:47:48', '0000-00-00 00:00:00', 264, 0),
(65, 102, 1464, 'surgeon', 246, 1500.00, '2024-07-25 15:57:00', '', 'complete', NULL, 1, '2024-07-25 15:56:27', '0000-00-00 00:00:00', 264, 0),
(66, 94, 1374, 'surgeon', 251, 2000.00, '2024-07-25 16:04:00', '', 'complete', NULL, 1, '2024-07-25 16:02:43', '0000-00-00 00:00:00', 264, 0),
(67, 94, 1374, 'surgeon', 222, 500.00, '2024-07-25 16:05:00', '', 'complete', NULL, 1, '2024-07-25 16:03:06', '0000-00-00 00:00:00', 264, 0),
(68, 104, 1466, 'surgeon', 246, 1500.00, '2024-07-25 16:11:00', '', 'complete', NULL, 1, '2024-07-25 16:10:04', '0000-00-00 00:00:00', 264, 0),
(69, 100, 1413, 'surgeon', 222, 1000.00, '2024-07-25 16:17:00', '', 'complete', NULL, 1, '2024-07-25 16:15:03', '0000-00-00 00:00:00', 264, 0),
(70, 101, 1414, 'surgeon', 222, 1000.00, '2024-07-25 16:21:00', '', 'complete', NULL, 1, '2024-07-25 16:19:23', '0000-00-00 00:00:00', 264, 0),
(71, 103, 1465, 'surgeon', 251, 2000.00, '2024-07-25 16:24:00', '', 'complete', NULL, 1, '2024-07-25 16:22:19', '0000-00-00 00:00:00', 264, 0),
(72, 110, 1552, 'surgeon', 251, 700.00, '2024-07-25 20:47:00', '', 'complete', NULL, 1, '2024-07-25 20:47:54', '0000-00-00 00:00:00', 1004, 0),
(73, 111, 1582, 'surgeon', 222, 1500.00, '2024-07-26 14:33:00', '', 'complete', NULL, 1, '2024-07-26 14:31:03', '0000-00-00 00:00:00', 264, 0),
(74, 112, 1660, 'surgeon', 222, 2000.00, '2024-07-26 19:58:00', '', 'complete', NULL, 1, '2024-07-26 19:58:03', '0000-00-00 00:00:00', 264, 0),
(75, 113, 1714, 'surgeon', 251, 1000.00, '2024-07-27 18:16:00', '', 'complete', NULL, 1, '2024-07-27 18:16:49', '0000-00-00 00:00:00', 1004, 0),
(76, 119, 1736, 'surgeon', 222, 1000.00, '2024-07-27 18:21:00', '', 'complete', NULL, 1, '2024-07-27 18:21:16', '0000-00-00 00:00:00', 1004, 0),
(77, 118, 1728, 'surgeon', 225, 3500.00, '2024-07-27 18:25:00', '', 'complete', NULL, 1, '2024-07-27 18:26:26', '0000-00-00 00:00:00', 1004, 0),
(78, 117, 1726, 'surgeon', 225, 3500.00, '2024-07-27 18:31:00', '', 'complete', NULL, 1, '2024-07-27 18:32:33', '0000-00-00 00:00:00', 1004, 0),
(79, 120, 1737, 'surgeon', 224, 1500.00, '2024-07-27 18:35:00', '', 'complete', NULL, 1, '2024-07-27 18:36:21', '0000-00-00 00:00:00', 1004, 0),
(80, 121, 1741, 'surgeon', 222, 1500.00, '2024-07-27 18:48:00', '', 'complete', NULL, 1, '2024-07-27 18:49:33', '0000-00-00 00:00:00', 1004, 0),
(81, 122, 1798, 'surgeon', 246, 5000.00, '2024-07-28 19:07:00', '', 'complete', NULL, 1, '2024-07-28 19:05:58', '0000-00-00 00:00:00', 264, 0),
(82, 126, 1802, 'surgeon', 251, 2500.00, '2024-07-28 19:13:00', '', 'complete', NULL, 1, '2024-07-28 19:11:31', '0000-00-00 00:00:00', 264, 0),
(83, 130, 1806, 'surgeon', 251, 1000.00, '2024-07-28 19:18:00', '', 'complete', NULL, 1, '2024-07-28 19:16:40', '0000-00-00 00:00:00', 264, 0),
(84, 129, 1805, 'surgeon', 246, 5000.00, '2024-07-29 19:28:00', '', 'complete', NULL, 1, '2024-07-29 19:28:38', '0000-00-00 00:00:00', 1004, 0),
(85, 123, 1799, 'surgeon', 222, 700.00, '2024-07-29 19:32:00', '', 'complete', NULL, 1, '2024-07-29 19:33:26', '0000-00-00 00:00:00', 1004, 0),
(86, 125, 1801, 'surgeon', 224, 3500.00, '2024-07-29 19:38:00', '', 'complete', NULL, 1, '2024-07-29 19:38:22', '0000-00-00 00:00:00', 1004, 0),
(87, 137, 1892, 'surgeon', 225, 3500.00, '2024-08-02 17:05:00', '', 'complete', NULL, 1, '2024-08-02 17:06:20', '0000-00-00 00:00:00', 264, 0),
(88, 138, 1893, 'surgeon', 222, 1500.00, '2024-08-02 17:16:00', '', 'complete', NULL, 1, '2024-08-02 17:17:13', '0000-00-00 00:00:00', 264, 0),
(89, 140, 1895, 'surgeon', 222, 1000.00, '2024-08-02 17:20:00', '', 'complete', NULL, 1, '2024-08-02 17:20:39', '0000-00-00 00:00:00', 264, 0),
(90, 145, 1947, 'surgeon', 224, 3500.00, '2024-08-02 17:24:00', '', 'complete', NULL, 1, '2024-08-02 17:24:16', '0000-00-00 00:00:00', 264, 0),
(91, 135, 1890, 'surgeon', 224, 3500.00, '2024-08-02 17:27:00', '', 'complete', NULL, 1, '2024-08-02 17:27:56', '0000-00-00 00:00:00', 264, 0),
(92, 148, 1958, 'surgeon', 226, 1500.00, '2024-08-02 17:31:00', '', 'complete', NULL, 1, '2024-08-02 17:31:22', '0000-00-00 00:00:00', 264, 0),
(93, 127, 1803, 'surgeon', 226, 3000.00, '2024-08-02 17:36:00', '', 'complete', NULL, 1, '2024-08-02 17:36:54', '0000-00-00 00:00:00', 264, 0),
(94, 131, 1823, 'surgeon', 251, 2000.00, '2024-08-02 17:43:00', '', 'complete', NULL, 1, '2024-08-02 17:45:01', '0000-00-00 00:00:00', 264, 0),
(95, 144, 1946, 'surgeon', 225, 3500.00, '2024-08-04 19:13:00', '', 'complete', NULL, 1, '2024-08-04 19:14:24', '0000-00-00 00:00:00', 264, 0),
(96, 143, 1945, 'surgeon', 251, 1000.00, '2024-08-04 19:17:00', '', 'complete', NULL, 1, '2024-08-04 19:15:26', '0000-00-00 00:00:00', 264, 0),
(97, 142, 1944, 'surgeon', 222, 1000.00, '2024-08-04 19:16:00', '', 'complete', NULL, 1, '2024-08-04 19:16:35', '0000-00-00 00:00:00', 264, 0),
(98, 151, 1968, 'surgeon', 222, 700.00, '2024-08-04 19:20:00', '', 'complete', NULL, 1, '2024-08-04 19:18:45', '0000-00-00 00:00:00', 264, 0),
(99, 149, 1966, 'surgeon', 226, 9700.00, '2024-08-05 18:22:00', '', 'complete', NULL, 1, '2024-08-05 18:20:06', '0000-00-00 00:00:00', 264, 0),
(100, 150, 1967, 'surgeon', 247, 2500.00, '2024-08-05 18:26:00', '', 'complete', NULL, 1, '2024-08-05 18:28:08', '0000-00-00 00:00:00', 1004, 0),
(101, 150, 1967, 'surgeon', 226, 3000.00, '2024-08-05 18:29:00', '', 'complete', NULL, 1, '2024-08-05 18:29:28', '0000-00-00 00:00:00', 1004, 0),
(102, 153, 2033, 'surgeon', 222, 1000.00, '2024-08-09 19:30:00', '', 'complete', NULL, 1, '2024-08-09 19:31:04', '0000-00-00 00:00:00', 1004, 0),
(103, 152, 2031, 'surgeon', 226, 3000.00, '2024-08-09 19:33:00', '', 'complete', NULL, 1, '2024-08-09 19:34:27', '0000-00-00 00:00:00', 1004, 0),
(104, 162, 2140, 'surgeon', 224, 3500.00, '2024-08-12 15:53:00', '', 'complete', NULL, 1, '2024-08-12 15:53:29', '0000-00-00 00:00:00', 1004, 0),
(105, 164, 2224, 'surgeon', 222, 1000.00, '2024-08-12 16:05:00', '', 'complete', NULL, 1, '2024-08-12 16:06:19', '0000-00-00 00:00:00', 1004, 0),
(106, 160, 2117, 'surgeon', 222, 1000.00, '2024-08-12 16:09:00', '', 'complete', NULL, 1, '2024-08-12 16:10:26', '0000-00-00 00:00:00', 1004, 0),
(107, 163, 2156, 'surgeon', 246, 3000.00, '2024-08-13 18:36:00', '', 'complete', NULL, 1, '2024-08-13 18:36:46', '0000-00-00 00:00:00', 1004, 0),
(108, 165, 2229, 'surgeon', 226, 4000.00, '2024-08-13 18:39:00', '', 'complete', NULL, 1, '2024-08-13 18:39:35', '0000-00-00 00:00:00', 1004, 0),
(109, 168, 2263, 'surgeon', 225, 3500.00, '2024-08-14 18:48:00', '', 'complete', NULL, 1, '2024-08-14 18:48:44', '0000-00-00 00:00:00', 1004, 0),
(110, 167, 2262, 'surgeon', 225, 3500.00, '2024-08-14 18:52:00', '', 'complete', NULL, 1, '2024-08-14 18:52:50', '0000-00-00 00:00:00', 1004, 0),
(111, 176, 2420, 'surgeon', 246, 2000.00, '2024-08-17 16:32:00', '', 'complete', NULL, 1, '2024-08-17 16:29:25', '0000-00-00 00:00:00', 264, 0),
(112, 175, 2417, 'surgeon', 222, 1000.00, '2024-08-17 16:34:00', '', 'complete', NULL, 1, '2024-08-17 16:32:16', '0000-00-00 00:00:00', 264, 0),
(113, 174, 2351, 'surgeon', 246, 4000.00, '2024-08-17 16:40:00', '', 'complete', NULL, 1, '2024-08-17 16:37:38', '0000-00-00 00:00:00', 264, 0),
(114, 172, 2348, 'surgeon', 246, 1500.00, '2024-08-17 16:42:00', '', 'complete', NULL, 1, '2024-08-17 16:39:37', '0000-00-00 00:00:00', 264, 0),
(115, 173, 2349, 'surgeon', 251, 1000.00, '2024-08-17 16:43:00', '', 'complete', NULL, 1, '2024-08-17 16:40:46', '0000-00-00 00:00:00', 264, 0),
(116, 185, 2503, 'surgeon', 226, 3000.00, '2024-08-19 19:39:00', '', 'complete', NULL, 1, '2024-08-19 19:37:12', '0000-00-00 00:00:00', 264, 0),
(117, 186, 2504, 'surgeon', 226, 3000.00, '2024-08-19 19:41:00', '', 'complete', NULL, 1, '2024-08-19 19:38:47', '0000-00-00 00:00:00', 264, 0),
(118, 189, 2509, 'surgeon', 251, 2000.00, '2024-08-19 19:51:00', '', 'complete', NULL, 1, '2024-08-19 19:48:31', '0000-00-00 00:00:00', 264, 0),
(119, 187, 2505, 'surgeon', 251, 2000.00, '2024-08-19 19:51:00', '', 'complete', NULL, 1, '2024-08-19 19:49:07', '0000-00-00 00:00:00', 264, 0),
(120, 187, 2505, 'surgeon', 251, 1000.00, '2024-08-20 18:08:00', '', 'complete', NULL, 1, '2024-08-20 18:05:30', '0000-00-00 00:00:00', 264, 0),
(121, 190, 2547, 'surgeon', 224, 3500.00, '2024-08-21 11:06:00', '', 'complete', NULL, 1, '2024-08-21 11:03:23', '0000-00-00 00:00:00', 264, 0),
(122, 191, 2552, 'surgeon', 222, 500.00, '2024-08-21 11:47:00', '', 'complete', NULL, 1, '2024-08-21 11:45:01', '0000-00-00 00:00:00', 264, 0),
(123, 194, 2606, 'surgeon', 224, 3500.00, '2024-08-23 11:59:00', '', 'complete', NULL, 1, '2024-08-23 11:56:34', '0000-00-00 00:00:00', 264, 0),
(124, 195, 2607, 'surgeon', 224, 3500.00, '2024-08-23 12:00:00', '', 'complete', NULL, 1, '2024-08-23 11:57:31', '0000-00-00 00:00:00', 264, 0),
(125, 197, 2696, 'surgeon', 224, 4000.00, '2024-08-24 15:42:00', '', 'complete', NULL, 1, '2024-08-24 15:39:24', '0000-00-00 00:00:00', 264, 0),
(126, 199, 2707, 'surgeon', 222, 2000.00, '2024-08-24 16:20:00', '', 'complete', NULL, 1, '2024-08-24 16:17:52', '0000-00-00 00:00:00', 264, 0),
(127, 196, 2645, 'surgeon', 248, 4000.00, '2024-08-24 17:25:00', '', 'complete', NULL, 1, '2024-08-24 17:26:40', '0000-00-00 00:00:00', 2511, 0),
(128, 202, 2748, 'surgeon', 222, 1000.00, '2024-08-25 13:50:00', '', 'complete', NULL, 1, '2024-08-25 13:48:04', '0000-00-00 00:00:00', 264, 0),
(129, 199, 2707, 'surgeon', 222, 500.00, '2024-08-25 13:53:00', '', 'complete', NULL, 1, '2024-08-25 13:50:52', '0000-00-00 00:00:00', 264, 0),
(130, 200, 2729, 'surgeon', 226, 3500.00, '2024-08-25 16:32:00', '', 'complete', NULL, 1, '2024-08-25 16:30:06', '0000-00-00 00:00:00', 264, 0),
(131, 203, 2749, 'surgeon', 251, 500.00, '2024-08-25 17:01:00', '', 'complete', NULL, 1, '2024-08-25 16:58:37', '0000-00-00 00:00:00', 264, 0),
(132, 203, 2749, 'surgeon', 222, 3000.00, '2024-08-26 16:02:00', '', 'complete', NULL, 1, '2024-08-26 16:02:37', '0000-00-00 00:00:00', 211, 0),
(133, 206, 2811, 'surgeon', 222, 4000.00, '2024-08-27 16:00:00', '', 'complete', NULL, 1, '2024-08-27 15:57:38', '0000-00-00 00:00:00', 264, 0),
(134, 208, 2813, 'surgeon', 224, 5000.00, '2024-08-27 16:54:00', '', 'complete', NULL, 1, '2024-08-27 16:51:41', '0000-00-00 00:00:00', 264, 0),
(135, 207, 2812, 'surgeon', 246, 5000.00, '2024-08-28 11:54:00', '', 'complete', NULL, 1, '2024-08-28 11:51:15', '0000-00-00 00:00:00', 264, 0),
(136, 207, 2812, 'surgeon', 246, 1000.00, '2024-08-28 11:55:00', '', 'complete', NULL, 1, '2024-08-28 11:52:51', '0000-00-00 00:00:00', 264, 0),
(137, 209, 2814, 'surgeon', 246, 6000.00, '2024-08-28 12:35:00', '', 'complete', NULL, 1, '2024-08-28 12:32:33', '0000-00-00 00:00:00', 264, 0),
(138, 210, 2841, 'surgeon', 251, 1500.00, '2024-08-28 13:46:00', '', 'complete', NULL, 1, '2024-08-28 13:44:07', '0000-00-00 00:00:00', 264, 0),
(139, 213, 2923, 'surgeon', 224, 3500.00, '2024-08-30 12:06:00', '', 'complete', NULL, 1, '2024-08-30 12:03:19', '0000-00-00 00:00:00', 264, 0),
(140, 215, 2947, 'surgeon', 226, 5000.00, '2024-08-30 19:07:00', '', 'complete', NULL, 1, '2024-08-30 19:04:25', '0000-00-00 00:00:00', 264, 0),
(141, 218, 3000, 'surgeon', 226, 6000.00, '2024-09-01 10:58:00', '', 'complete', NULL, 1, '2024-09-01 10:55:09', '0000-00-00 00:00:00', 264, 0),
(142, 216, 2949, 'surgeon', 224, 6000.00, '2024-09-01 10:59:00', '', 'complete', NULL, 1, '2024-09-01 10:56:58', '0000-00-00 00:00:00', 264, 0),
(143, 216, 2949, 'surgeon', 224, 1000.00, '2024-09-02 12:51:00', '', 'complete', NULL, 1, '2024-09-02 12:51:56', '0000-00-00 00:00:00', 264, 0),
(144, 221, 3044, 'surgeon', 251, 4000.00, '2024-09-02 13:54:00', '', 'complete', NULL, 1, '2024-09-02 13:51:42', '0000-00-00 00:00:00', 264, 0),
(145, 222, 3056, 'surgeon', 222, 1000.00, '2024-09-03 13:20:00', '', 'complete', NULL, 1, '2024-09-03 13:17:34', '0000-00-00 00:00:00', 264, 0),
(146, 223, 3103, 'surgeon', 222, 4000.00, '2024-09-03 17:22:00', '', 'complete', NULL, 1, '2024-09-03 17:19:18', '0000-00-00 00:00:00', 264, 0),
(147, 228, 3141, 'surgeon', 251, 1000.00, '2024-09-04 18:47:00', '', 'complete', NULL, 1, '2024-09-04 18:47:54', '0000-00-00 00:00:00', 282, 0),
(148, 225, 3129, 'surgeon', 226, 5000.00, '2024-09-04 19:27:00', '', 'complete', NULL, 1, '2024-09-04 19:24:25', '0000-00-00 00:00:00', 264, 0),
(149, 224, 3128, 'surgeon', 226, 5000.00, '2024-09-04 19:28:00', '', 'complete', NULL, 1, '2024-09-04 19:25:01', '0000-00-00 00:00:00', 264, 0),
(150, 229, 3142, 'surgeon', 226, 5000.00, '2024-09-05 12:00:00', '', 'complete', NULL, 1, '2024-09-05 11:57:49', '0000-00-00 00:00:00', 264, 0),
(151, 230, 3146, 'surgeon', 251, 3000.00, '2024-09-05 12:21:00', '', 'complete', NULL, 1, '2024-09-05 12:18:32', '0000-00-00 00:00:00', 264, 0),
(152, 227, 3131, 'surgeon', 251, 5000.00, '2024-09-05 12:23:00', '', 'complete', NULL, 1, '2024-09-05 12:20:12', '0000-00-00 00:00:00', 264, 0),
(153, 226, 3130, 'surgeon', 251, 3000.00, '2024-09-05 12:24:00', '', 'complete', NULL, 1, '2024-09-05 12:21:25', '0000-00-00 00:00:00', 264, 0),
(154, 232, 3192, 'surgeon', 246, 4500.00, '2024-09-06 11:51:00', '', 'complete', NULL, 1, '2024-09-07 11:48:58', '0000-00-00 00:00:00', 264, 0),
(155, 232, 3192, 'surgeon', 222, 500.00, '2024-09-06 11:52:00', '', 'complete', NULL, 1, '2024-09-07 11:49:22', '0000-00-00 00:00:00', 264, 0),
(156, 234, 3264, 'surgeon', 224, 5000.00, '2024-09-07 13:10:00', '', 'complete', NULL, 1, '2024-09-07 13:07:01', '0000-00-00 00:00:00', 264, 0),
(157, 234, 3264, 'surgeon', 222, 1000.00, '2024-09-07 13:10:00', '', 'complete', NULL, 1, '2024-09-07 13:07:33', '0000-00-00 00:00:00', 264, 0),
(158, 238, 3298, 'surgeon', 222, 3500.00, '2024-09-08 10:49:00', '', 'complete', NULL, 1, '2024-09-08 10:49:20', '0000-00-00 00:00:00', 1004, 0),
(159, 239, 3322, 'surgeon', 226, 5000.00, '2024-09-09 12:42:00', '', 'complete', NULL, 1, '2024-09-09 12:39:31', '0000-00-00 00:00:00', 264, 0),
(160, 242, 3336, 'surgeon', 226, 5000.00, '2024-09-09 14:46:00', '', 'complete', NULL, 1, '2024-09-09 14:43:17', '0000-00-00 00:00:00', 264, 0),
(161, 243, 3337, 'surgeon', 251, 2000.00, '2024-09-09 18:08:00', '', 'complete', NULL, 1, '2024-09-09 18:05:41', '0000-00-00 00:00:00', 264, 0),
(162, 244, 3361, 'surgeon', 222, 4000.00, '2024-09-10 18:14:00', '', 'complete', NULL, 1, '2024-09-10 18:11:09', '0000-00-00 00:00:00', 264, 0),
(163, 249, 3408, 'surgeon', 224, 5000.00, '2024-09-11 16:43:00', '', 'complete', NULL, 1, '2024-09-11 16:40:23', '0000-00-00 00:00:00', 264, 0),
(164, 248, 3407, 'surgeon', 224, 5000.00, '2024-09-11 16:44:00', '', 'complete', NULL, 1, '2024-09-11 16:41:27', '0000-00-00 00:00:00', 264, 0),
(165, 251, 3433, 'surgeon', 2030, 2000.00, '2024-09-11 17:03:00', '', 'complete', NULL, 1, '2024-09-11 17:00:22', '0000-00-00 00:00:00', 264, 0),
(166, 250, 3429, 'surgeon', 222, 4000.00, '2024-09-11 18:53:00', '', 'complete', NULL, 1, '2024-09-11 18:54:11', '0000-00-00 00:00:00', 1004, 0),
(167, 253, 3446, 'surgeon', 222, 1500.00, '2024-09-12 12:57:00', '', 'complete', NULL, 1, '2024-09-12 12:58:15', '0000-00-00 00:00:00', 282, 0),
(168, 252, 3441, 'surgeon', 251, 4000.00, '2024-09-12 17:39:00', '', 'complete', NULL, 1, '2024-09-12 17:36:30', '0000-00-00 00:00:00', 264, 0),
(169, 249, 3408, 'surgeon', 224, 0.00, '2024-09-13 09:55:00', '', 'rejected', '', 1, '2024-09-13 09:55:22', '2024-09-13 09:56:35', 211, 211),
(170, 249, 3408, 'surgeon', 224, 5000.00, '2024-09-13 10:48:00', '', 'complete', NULL, 1, '2024-09-13 10:44:59', '0000-00-00 00:00:00', 264, 0),
(171, 257, 3535, 'surgeon', 224, 11000.00, '2024-09-13 11:10:00', '', 'complete', NULL, 1, '2024-09-13 11:10:54', '0000-00-00 00:00:00', 282, 0),
(172, 258, 3569, 'surgeon', 246, 6000.00, '2024-09-13 18:46:00', '', 'complete', NULL, 1, '2024-09-13 18:42:53', '0000-00-00 00:00:00', 264, 0),
(173, 254, 3473, 'surgeon', 246, 5000.00, '2024-09-13 18:47:00', '', 'complete', NULL, 1, '2024-09-13 18:44:10', '0000-00-00 00:00:00', 264, 0),
(174, 259, 3576, 'surgeon', 246, 8000.00, '2024-09-14 12:29:00', '', 'complete', NULL, 1, '2024-09-14 12:30:14', '0000-00-00 00:00:00', 1004, 0),
(175, 263, 3606, 'surgeon', 222, 2000.00, '2024-09-15 13:00:00', '', 'complete', NULL, 1, '2024-09-15 13:00:30', '0000-00-00 00:00:00', 264, 0),
(176, 262, 3605, 'surgeon', 222, 5000.00, '2024-09-15 13:08:00', '', 'complete', NULL, 1, '2024-09-15 13:08:29', '0000-00-00 00:00:00', 264, 0),
(177, 264, 3613, 'surgeon', 222, 3000.00, '2024-09-16 12:00:00', '', 'complete', NULL, 1, '2024-09-16 12:01:05', '0000-00-00 00:00:00', 2511, 0),
(178, 266, 3615, 'surgeon', 251, 4000.00, '2024-09-16 14:38:00', '', 'complete', NULL, 1, '2024-09-16 14:38:57', '0000-00-00 00:00:00', 264, 0),
(179, 269, 3666, 'surgeon', 246, 10000.00, '2024-09-17 18:27:00', '', 'complete', NULL, 1, '2024-09-17 18:27:29', '0000-00-00 00:00:00', 282, 0),
(180, 270, 3668, 'surgeon', 246, 8000.00, '2024-09-17 19:01:00', '', 'complete', NULL, 1, '2024-09-17 19:01:57', '0000-00-00 00:00:00', 282, 0),
(181, 271, 3675, 'surgeon', 222, 3000.00, '2024-09-18 10:48:00', '', 'complete', NULL, 1, '2024-09-18 10:48:49', '0000-00-00 00:00:00', 264, 0),
(182, 274, 3719, 'surgeon', 251, 2000.00, '2024-09-19 15:36:00', '', 'complete', NULL, 1, '2024-09-19 15:36:55', '0000-00-00 00:00:00', 264, 0),
(183, 277, 3762, 'surgeon', 224, 5000.00, '2024-09-20 10:28:00', '', 'complete', NULL, 1, '2024-09-20 10:29:06', '0000-00-00 00:00:00', 264, 0),
(184, 278, 3766, 'surgeon', 224, 5000.00, '2024-09-20 10:32:00', '', 'complete', NULL, 1, '2024-09-20 10:33:05', '0000-00-00 00:00:00', 264, 0),
(185, 280, 3790, 'surgeon', 222, 5000.00, '2024-09-20 12:25:00', '', 'complete', NULL, 1, '2024-09-20 12:26:10', '0000-00-00 00:00:00', 264, 0),
(186, 272, 3715, 'surgeon', 222, 5000.00, '2024-09-20 12:26:00', '', 'complete', NULL, 1, '2024-09-20 12:26:42', '0000-00-00 00:00:00', 264, 0),
(187, 273, 3718, 'surgeon', 246, 6000.00, '2024-09-20 12:30:00', '', 'complete', NULL, 1, '2024-09-20 12:31:09', '0000-00-00 00:00:00', 264, 0),
(188, 284, 3832, 'surgeon', 222, 5000.00, '2024-09-20 20:13:00', '', 'complete', NULL, 1, '2024-09-20 20:13:49', '0000-00-00 00:00:00', 264, 0),
(189, 281, 3816, 'surgeon', 222, 5000.00, '2024-09-20 20:14:00', '', 'complete', NULL, 1, '2024-09-20 20:14:44', '0000-00-00 00:00:00', 264, 0),
(190, 287, 3860, 'surgeon', 222, 4000.00, '2024-09-22 13:07:00', '', 'complete', NULL, 1, '2024-09-22 13:07:18', '0000-00-00 00:00:00', 264, 0),
(191, 288, 3871, 'surgeon', 226, 6000.00, '2024-09-22 16:12:00', '', 'complete', NULL, 1, '2024-09-22 16:12:33', '0000-00-00 00:00:00', 264, 0),
(192, 290, 3894, 'surgeon', 225, 6000.00, '2024-09-23 13:19:00', '', 'complete', NULL, 1, '2024-09-23 13:19:49', '0000-00-00 00:00:00', 264, 0),
(193, 291, 3900, 'surgeon', 225, 6000.00, '2024-09-23 16:04:00', '', 'complete', NULL, 1, '2024-09-23 16:04:48', '0000-00-00 00:00:00', 264, 0),
(194, 295, 3925, 'surgeon', 224, 5000.00, '2024-09-24 17:30:00', '', 'complete', NULL, 1, '2024-09-24 17:30:44', '0000-00-00 00:00:00', 264, 0),
(195, 294, 3924, 'surgeon', 224, 5000.00, '2024-09-24 17:30:00', '', 'complete', NULL, 1, '2024-09-24 17:31:06', '0000-00-00 00:00:00', 264, 0),
(196, 297, 3945, 'surgeon', 224, 5000.00, '2024-09-24 19:03:00', '', 'complete', NULL, 1, '2024-09-24 19:03:42', '0000-00-00 00:00:00', 264, 0),
(197, 298, 3948, 'surgeon', 222, 3000.00, '2024-09-25 11:51:00', '', 'complete', NULL, 1, '2024-09-25 11:51:14', '0000-00-00 00:00:00', 264, 0),
(198, 299, 3960, 'surgeon', 251, 1000.00, '2024-09-25 18:24:00', '', 'complete', NULL, 1, '2024-09-25 18:26:05', '0000-00-00 00:00:00', 264, 0),
(199, 300, 3962, 'surgeon', 251, 1500.00, '2024-09-25 18:26:00', '', 'complete', NULL, 1, '2024-09-25 18:26:32', '0000-00-00 00:00:00', 264, 0),
(200, 302, 3974, 'surgeon', 251, 5000.00, '2024-09-26 15:39:00', '', 'complete', NULL, 1, '2024-09-26 15:40:16', '0000-00-00 00:00:00', 2511, 0),
(201, 303, 4022, 'surgeon', 224, 5000.00, '2024-09-27 11:24:00', '', 'complete', NULL, 1, '2024-09-27 11:24:20', '0000-00-00 00:00:00', 264, 0),
(202, 292, 3901, 'surgeon', 251, 1000.00, '2024-09-27 11:58:00', '', 'complete', NULL, 1, '2024-09-27 11:58:28', '0000-00-00 00:00:00', 264, 0),
(203, 304, 4029, 'surgeon', 224, 6000.00, '2024-09-28 12:26:00', '', 'complete', NULL, 1, '2024-09-28 12:26:31', '0000-00-00 00:00:00', 264, 0),
(204, 305, 4045, 'surgeon', 224, 6000.00, '2024-09-28 12:27:00', '', 'complete', NULL, 1, '2024-09-28 12:27:20', '0000-00-00 00:00:00', 264, 0),
(205, 309, 4177, 'surgeon', 227, 7000.00, '2024-10-01 14:47:00', '', 'complete', NULL, 1, '2024-10-01 14:48:13', '0000-00-00 00:00:00', 264, 0),
(206, 310, 4178, 'surgeon', 224, 5000.00, '2024-10-01 17:43:00', '', 'complete', NULL, 1, '2024-10-01 17:44:12', '0000-00-00 00:00:00', 264, 0),
(207, 311, 4204, 'surgeon', 246, 3000.00, '2024-10-02 11:59:00', '', 'complete', NULL, 1, '2024-10-02 11:59:32', '0000-00-00 00:00:00', 264, 0),
(208, 313, 4221, 'surgeon', 222, 3000.00, '2024-10-02 12:21:00', '', 'complete', NULL, 1, '2024-10-02 12:21:58', '0000-00-00 00:00:00', 264, 0),
(209, 316, 4258, 'surgeon', 251, 3000.00, '2024-10-03 17:05:00', '', 'complete', NULL, 1, '2024-10-03 17:05:35', '0000-00-00 00:00:00', 264, 0),
(210, 317, 4259, 'surgeon', 246, 1500.00, '2024-10-04 09:50:00', '', 'complete', NULL, 1, '2024-10-04 09:50:42', '0000-00-00 00:00:00', 2511, 0),
(211, 322, 4304, 'surgeon', 233, 3000.00, '2024-10-04 11:24:00', '', 'complete', NULL, 1, '2024-10-04 11:24:55', '0000-00-00 00:00:00', 264, 0),
(212, 317, 4259, 'surgeon', 246, 4000.00, '2024-10-04 11:29:00', '', 'complete', NULL, 1, '2024-10-04 11:29:33', '0000-00-00 00:00:00', 264, 0),
(213, 323, 4313, 'surgeon', 251, 2000.00, '2024-10-04 14:28:00', '', 'complete', NULL, 1, '2024-10-04 14:29:10', '0000-00-00 00:00:00', 264, 0),
(214, 319, 4269, 'surgeon', 222, 3000.00, '2024-10-05 15:05:00', '', 'complete', NULL, 1, '2024-10-05 15:05:21', '0000-00-00 00:00:00', 264, 0),
(215, 321, 4280, 'surgeon', 224, 5000.00, '2024-10-05 15:05:00', '', 'complete', NULL, 1, '2024-10-05 15:06:02', '0000-00-00 00:00:00', 264, 0),
(216, 315, 4251, 'surgeon', 225, 5000.00, '2024-10-05 17:34:00', '', 'complete', NULL, 1, '2024-10-05 17:34:57', '0000-00-00 00:00:00', 264, 0),
(217, 324, 4367, 'surgeon', 251, 2000.00, '2024-10-05 19:07:00', '', 'complete', NULL, 1, '2024-10-05 19:07:46', '0000-00-00 00:00:00', 264, 0),
(218, 325, 4396, 'surgeon', 222, 4000.00, '2024-10-06 11:34:00', '', 'complete', NULL, 1, '2024-10-06 11:34:53', '0000-00-00 00:00:00', 264, 0),
(219, 327, 4407, 'surgeon', 251, 3000.00, '2024-10-06 16:11:00', '', 'complete', NULL, 1, '2024-10-06 16:11:44', '0000-00-00 00:00:00', 264, 0),
(220, 329, 4412, 'surgeon', 222, 4000.00, '2024-10-06 18:09:00', '', 'complete', NULL, 1, '2024-10-06 18:09:18', '0000-00-00 00:00:00', 264, 0),
(221, 331, 4451, 'surgeon', 222, 3000.00, '2024-10-08 15:17:00', '', 'complete', NULL, 1, '2024-10-08 15:18:08', '0000-00-00 00:00:00', 264, 0),
(222, 335, 4501, 'surgeon', 222, 3000.00, '2024-10-10 13:22:00', '', 'complete', NULL, 1, '2024-10-10 13:23:06', '0000-00-00 00:00:00', 264, 0),
(223, 336, 4520, 'surgeon', 246, 5000.00, '2024-10-10 17:20:00', '', 'complete', NULL, 1, '2024-10-10 17:20:43', '0000-00-00 00:00:00', 264, 0),
(224, 340, 4539, 'surgeon', 222, 4000.00, '2024-10-11 14:03:00', '', 'complete', NULL, 1, '2024-10-11 14:03:42', '0000-00-00 00:00:00', 264, 0),
(225, 339, 4534, 'surgeon', 249, 2500.00, '2024-10-11 14:04:00', '', 'complete', NULL, 1, '2024-10-11 14:04:49', '0000-00-00 00:00:00', 264, 0),
(226, 338, 4533, 'surgeon', 224, 6000.00, '2024-10-11 19:37:00', '', 'complete', NULL, 1, '2024-10-11 19:38:25', '0000-00-00 00:00:00', 264, 0),
(227, 337, 4526, 'surgeon', 224, 6000.00, '2024-10-11 19:38:00', '', 'complete', NULL, 1, '2024-10-11 19:38:50', '0000-00-00 00:00:00', 264, 0),
(228, 341, 4576, 'surgeon', 224, 6000.00, '2024-10-11 19:39:00', '', 'complete', NULL, 1, '2024-10-11 19:39:17', '0000-00-00 00:00:00', 264, 0),
(229, 342, 4590, 'surgeon', 246, 4000.00, '2024-10-11 19:39:00', '', 'complete', NULL, 1, '2024-10-11 19:39:48', '0000-00-00 00:00:00', 264, 0),
(230, 343, 4601, 'surgeon', 225, 6000.00, '2024-10-12 12:28:00', '', 'complete', NULL, 1, '2024-10-12 12:29:18', '0000-00-00 00:00:00', 264, 0),
(231, 342, 4590, 'surgeon', 246, 6000.00, '2024-10-12 13:11:00', '', 'complete', NULL, 1, '2024-10-12 13:11:33', '0000-00-00 00:00:00', 264, 0),
(232, 344, 4642, 'surgeon', 226, 6000.00, '2024-10-13 13:14:00', '', 'complete', NULL, 1, '2024-10-13 13:15:13', '0000-00-00 00:00:00', 264, 0),
(233, 348, 4651, 'surgeon', 233, 6000.00, '2024-10-13 15:10:00', '', 'complete', NULL, 1, '2024-10-13 15:10:36', '0000-00-00 00:00:00', 264, 0),
(234, 347, 4647, 'surgeon', 251, 3000.00, '2024-10-13 19:54:00', '', 'complete', NULL, 1, '2024-10-13 19:54:22', '0000-00-00 00:00:00', 264, 0),
(235, 346, 4645, 'surgeon', 251, 4000.00, '2024-10-13 19:54:00', '', 'complete', NULL, 1, '2024-10-13 19:55:01', '0000-00-00 00:00:00', 264, 0),
(236, 345, 4644, 'surgeon', 251, 5000.00, '2024-10-13 19:55:00', '', 'complete', NULL, 1, '2024-10-13 19:55:39', '0000-00-00 00:00:00', 264, 0),
(237, 351, 4662, 'surgeon', 222, 3000.00, '2024-10-13 20:14:00', '', 'complete', NULL, 1, '2024-10-13 20:14:42', '0000-00-00 00:00:00', 264, 0),
(238, 349, 4654, 'surgeon', 226, 6000.00, '2024-10-14 12:04:00', 'RASAL', 'complete', NULL, 1, '2024-10-14 12:04:38', '0000-00-00 00:00:00', 264, 0),
(239, 354, 4701, 'surgeon', 225, 6000.00, '2024-10-14 17:57:00', '', 'complete', NULL, 1, '2024-10-14 17:57:29', '0000-00-00 00:00:00', 264, 0),
(240, 345, 4644, 'surgeon', 222, 1000.00, '2024-10-14 18:27:00', '', 'complete', NULL, 1, '2024-10-14 18:27:23', '0000-00-00 00:00:00', 264, 0),
(241, 355, 4733, 'surgeon', 251, 3000.00, '2024-10-15 18:25:00', '', 'complete', NULL, 1, '2024-10-15 18:26:05', '0000-00-00 00:00:00', 264, 0),
(242, 358, 4746, 'surgeon', 246, 8000.00, '2024-10-15 19:33:00', '', 'complete', NULL, 1, '2024-10-15 19:33:41', '0000-00-00 00:00:00', 282, 0),
(243, 356, 4735, 'surgeon', 246, 3000.00, '2024-10-15 19:42:00', '', 'complete', NULL, 1, '2024-10-15 19:42:41', '0000-00-00 00:00:00', 264, 0),
(244, 359, 4751, 'surgeon', 224, 6000.00, '2024-10-16 13:46:00', '', 'complete', NULL, 1, '2024-10-16 13:46:43', '0000-00-00 00:00:00', 264, 0),
(245, 364, 4793, 'surgeon', 222, 2000.00, '2024-10-17 17:56:00', '', 'complete', NULL, 1, '2024-10-17 17:56:38', '0000-00-00 00:00:00', 282, 0),
(246, 370, 4831, 'surgeon', 248, 6000.00, '2024-10-18 12:09:00', '', 'complete', NULL, 1, '2024-10-18 12:10:08', '0000-00-00 00:00:00', 264, 0),
(247, 368, 4825, 'surgeon', 246, 6500.00, '2024-10-18 18:06:00', '', 'complete', NULL, 1, '2024-10-18 18:06:45', '0000-00-00 00:00:00', 2511, 0),
(248, 365, 4820, 'surgeon', 222, 5000.00, '2024-10-18 18:19:00', '104110(P--Saima)Surgeon Bill', 'complete', NULL, 1, '2024-10-18 18:20:47', '0000-00-00 00:00:00', 2511, 0),
(249, 371, 4891, 'surgeon', 224, 2000.00, '2024-10-19 10:18:00', '', 'complete', NULL, 1, '2024-10-19 10:19:13', '0000-00-00 00:00:00', 282, 0),
(250, 374, 5000, 'surgeon', 251, 3000.00, '2024-10-22 19:40:00', '', 'complete', NULL, 1, '2024-10-22 19:40:42', '0000-00-00 00:00:00', 264, 0),
(251, 373, 4999, 'surgeon', 251, 5000.00, '2024-10-22 19:41:00', '', 'complete', NULL, 1, '2024-10-22 19:41:28', '0000-00-00 00:00:00', 264, 0),
(252, 376, 5008, 'surgeon', 246, 7000.00, '2024-10-22 19:44:00', '', 'complete', NULL, 1, '2024-10-22 19:44:42', '0000-00-00 00:00:00', 264, 0),
(253, 375, 5007, 'surgeon', 246, 7000.00, '2024-10-22 19:45:00', '', 'complete', NULL, 1, '2024-10-22 19:46:05', '0000-00-00 00:00:00', 264, 0),
(254, 372, 4993, 'surgeon', 224, 6000.00, '2024-10-22 20:00:00', '', 'complete', NULL, 1, '2024-10-22 20:01:02', '0000-00-00 00:00:00', 264, 0),
(255, 378, 5040, 'surgeon', 246, 7000.00, '2024-10-23 15:07:00', '', 'complete', NULL, 1, '2024-10-23 15:07:52', '0000-00-00 00:00:00', 2511, 0),
(256, 381, 5090, 'surgeon', 224, 6000.00, '2024-10-26 13:01:00', '', 'complete', NULL, 1, '2024-10-26 13:01:15', '0000-00-00 00:00:00', 264, 0),
(257, 383, 5166, 'surgeon', 226, 6000.00, '2024-10-26 17:21:00', '', 'complete', NULL, 1, '2024-10-26 17:21:42', '0000-00-00 00:00:00', 264, 0),
(258, 384, 5170, 'surgeon', 222, 4000.00, '2024-10-27 11:28:00', '', 'complete', NULL, 1, '2024-10-27 11:29:06', '0000-00-00 00:00:00', 282, 0),
(259, 389, 5170, 'surgeon', 222, 2000.00, '2024-10-28 12:54:00', '', 'complete', NULL, 1, '2024-10-28 12:54:32', '0000-00-00 00:00:00', 264, 0),
(260, 387, 5209, 'surgeon', 222, 4000.00, '2024-10-28 12:55:00', '', 'complete', NULL, 1, '2024-10-28 12:55:48', '0000-00-00 00:00:00', 264, 0),
(261, 390, 5238, 'surgeon', 222, 5000.00, '2024-10-29 12:14:00', '', 'complete', NULL, 1, '2024-10-29 12:14:31', '0000-00-00 00:00:00', 264, 0),
(262, 391, 5253, 'surgeon', 246, 7000.00, '2024-10-29 12:23:00', '', 'complete', NULL, 1, '2024-10-29 12:24:17', '0000-00-00 00:00:00', 282, 0),
(263, 393, 5274, 'surgeon', 224, 6000.00, '2024-10-30 11:58:00', '', 'complete', NULL, 1, '2024-10-30 11:58:56', '0000-00-00 00:00:00', 264, 0),
(264, 394, 5275, 'surgeon', 246, 7000.00, '2024-10-30 11:59:00', '', 'complete', NULL, 1, '2024-10-30 12:00:05', '0000-00-00 00:00:00', 264, 0),
(265, 397, 5309, 'surgeon', 222, 4000.00, '2024-10-31 11:28:00', '', 'complete', NULL, 1, '2024-10-31 11:28:24', '0000-00-00 00:00:00', 264, 0),
(266, 396, 5288, 'surgeon', 222, 4000.00, '2024-10-31 11:29:00', '', 'complete', NULL, 1, '2024-10-31 11:29:16', '0000-00-00 00:00:00', 264, 0),
(267, 400, 5377, 'surgeon', 222, 4000.00, '2024-11-01 14:09:00', '', 'complete', NULL, 1, '2024-11-01 14:09:17', '0000-00-00 00:00:00', 264, 0),
(268, 402, 5439, 'surgeon', 222, 4000.00, '2024-11-03 14:12:00', 'milon', 'complete', NULL, 1, '2024-11-03 14:13:20', '0000-00-00 00:00:00', 264, 0),
(269, 405, 5494, 'surgeon', 222, 4000.00, '2024-11-04 16:40:00', '', 'complete', NULL, 1, '2024-11-04 16:40:32', '0000-00-00 00:00:00', 264, 0),
(270, 404, 5491, 'surgeon', 226, 6000.00, '2024-11-04 16:41:00', '', 'complete', NULL, 1, '2024-11-04 16:42:09', '0000-00-00 00:00:00', 264, 0),
(271, 407, 5508, 'surgeon', 224, 6000.00, '2024-11-05 19:25:00', '', 'complete', NULL, 1, '2024-11-05 19:25:42', '0000-00-00 00:00:00', 264, 0),
(272, 410, 5564, 'surgeon', 246, 4000.00, '2024-11-05 19:53:00', '', 'complete', NULL, 1, '2024-11-05 19:54:06', '0000-00-00 00:00:00', 264, 0),
(273, 411, 5574, 'surgeon', 222, 1000.00, '2024-11-06 15:53:00', '', 'complete', NULL, 1, '2024-11-06 15:53:40', '0000-00-00 00:00:00', 264, 0),
(274, 412, 5585, 'surgeon', 222, 3000.00, '2024-11-06 15:58:00', '', 'complete', NULL, 1, '2024-11-06 15:59:28', '0000-00-00 00:00:00', 264, 0),
(275, 413, 5617, 'surgeon', 226, 6000.00, '2024-11-07 15:36:00', '', 'complete', NULL, 1, '2024-11-07 15:36:49', '0000-00-00 00:00:00', 264, 0),
(276, 414, 5626, 'surgeon', 246, 5000.00, '2024-11-07 17:29:00', '', 'complete', NULL, 1, '2024-11-07 17:29:36', '0000-00-00 00:00:00', 264, 0),
(277, 419, 5685, 'surgeon', 224, 6000.00, '2024-11-08 11:03:00', '', 'complete', NULL, 1, '2024-11-08 11:03:41', '0000-00-00 00:00:00', 264, 0),
(278, 416, 5643, 'surgeon', 225, 6000.00, '2024-11-08 12:05:00', '', 'complete', NULL, 1, '2024-11-08 12:06:01', '0000-00-00 00:00:00', 264, 0),
(279, 420, 5688, 'surgeon', 224, 7000.00, '2024-11-08 12:08:00', '', 'complete', NULL, 1, '2024-11-08 12:08:45', '0000-00-00 00:00:00', 264, 0),
(280, 423, 5762, 'surgeon', 222, 2000.00, '2024-11-10 16:43:00', '', 'complete', NULL, 1, '2024-11-10 16:44:07', '0000-00-00 00:00:00', 264, 0),
(281, 426, 5774, 'surgeon', 2030, 1000.00, '2024-11-10 17:27:00', '', 'complete', NULL, 1, '2024-11-10 17:28:08', '0000-00-00 00:00:00', 264, 0),
(282, 424, 5763, 'surgeon', 2030, 1000.00, '2024-11-11 11:12:00', '', 'complete', NULL, 1, '2024-11-11 11:12:25', '0000-00-00 00:00:00', 1656, 0),
(283, 427, 5781, 'surgeon', 2030, 1000.00, '2024-11-11 11:21:00', '', 'complete', NULL, 1, '2024-11-11 11:22:06', '0000-00-00 00:00:00', 2511, 0),
(284, 429, 5796, 'surgeon', 226, 6000.00, '2024-11-11 18:00:00', '', 'complete', NULL, 1, '2024-11-11 18:00:42', '0000-00-00 00:00:00', 264, 0),
(285, 428, 5795, 'surgeon', 251, 3000.00, '2024-11-11 19:54:00', '', 'complete', NULL, 1, '2024-11-11 19:55:06', '0000-00-00 00:00:00', 264, 0),
(286, 430, 5814, 'surgeon', 224, 6000.00, '2024-11-12 09:10:00', '', 'complete', NULL, 1, '2024-11-12 09:10:21', '0000-00-00 00:00:00', 282, 0),
(287, 433, 5841, 'surgeon', 246, 6000.00, '2024-11-13 16:00:00', '', 'complete', NULL, 1, '2024-11-13 16:01:10', '0000-00-00 00:00:00', 264, 0),
(288, 435, 5859, 'surgeon', 246, 3000.00, '2024-11-13 16:04:00', '', 'complete', NULL, 1, '2024-11-13 16:04:37', '0000-00-00 00:00:00', 264, 0),
(289, 440, 5923, 'surgeon', 251, 3000.00, '2024-11-14 17:46:00', '', 'complete', NULL, 1, '2024-11-14 17:46:24', '0000-00-00 00:00:00', 264, 0),
(290, 447, 6006, 'surgeon', 222, 4000.00, '2024-11-16 09:32:00', '', 'complete', NULL, 1, '2024-11-16 09:32:51', '0000-00-00 00:00:00', 1004, 0),
(291, 446, 5983, 'surgeon', 222, 4000.00, '2024-11-16 09:34:00', '', 'complete', NULL, 1, '2024-11-16 09:35:19', '0000-00-00 00:00:00', 1004, 0),
(292, 439, 5908, 'surgeon', 222, 1500.00, '2024-11-16 16:52:00', '', 'complete', NULL, 1, '2024-11-16 16:53:18', '0000-00-00 00:00:00', 264, 0),
(293, 448, 6029, 'surgeon', 251, 2000.00, '2024-11-17 09:54:00', '', 'complete', NULL, 1, '2024-11-17 09:55:06', '0000-00-00 00:00:00', 1004, 0),
(294, 450, 6081, 'surgeon', 222, 5000.00, '2024-11-19 14:02:00', '', 'complete', NULL, 1, '2024-11-19 14:02:38', '0000-00-00 00:00:00', 264, 0),
(295, 451, 6102, 'surgeon', 224, 6000.00, '2024-11-19 17:55:00', '', 'complete', NULL, 1, '2024-11-19 17:56:11', '0000-00-00 00:00:00', 264, 0),
(296, 452, 6106, 'surgeon', 222, 6000.00, '2024-11-20 16:58:00', '', 'complete', NULL, 1, '2024-11-20 16:59:09', '0000-00-00 00:00:00', 264, 0),
(297, 454, 6184, 'surgeon', 224, 6000.00, '2024-11-22 11:34:00', '', 'complete', NULL, 1, '2024-11-22 11:34:38', '0000-00-00 00:00:00', 264, 0),
(298, 455, 6230, 'surgeon', 246, 8000.00, '2024-11-23 13:34:00', '', 'complete', NULL, 1, '2024-11-23 13:34:45', '0000-00-00 00:00:00', 264, 0),
(299, 456, 6264, 'surgeon', 222, 4000.00, '2024-11-24 11:39:00', '', 'complete', NULL, 1, '2024-11-24 11:40:52', '0000-00-00 00:00:00', 264, 0),
(300, 459, 6184, 'surgeon', 224, 5000.00, '2024-11-25 12:27:00', '', 'complete', NULL, 1, '2024-11-25 12:27:39', '0000-00-00 00:00:00', 264, 0),
(301, 460, 6184, 'surgeon', 224, 5000.00, '2024-11-25 12:30:00', '', 'complete', NULL, 1, '2024-11-25 12:31:18', '0000-00-00 00:00:00', 264, 0),
(302, 462, 6309, 'surgeon', 226, 6000.00, '2024-11-25 15:24:00', '', 'complete', NULL, 1, '2024-11-25 15:24:58', '0000-00-00 00:00:00', 264, 0),
(303, 461, 6308, 'surgeon', 251, 5000.00, '2024-11-25 17:13:00', '', 'complete', NULL, 1, '2024-11-25 17:13:24', '0000-00-00 00:00:00', 264, 0),
(304, 463, 6081, 'surgeon', 222, 500.00, '2024-11-26 13:28:00', 'Rasal / Admin', 'complete', NULL, 1, '2024-11-26 13:29:18', '0000-00-00 00:00:00', 264, 0),
(305, 465, 6353, 'surgeon', 222, 4000.00, '2024-11-27 16:15:00', '', 'complete', NULL, 1, '2024-11-27 16:16:11', '0000-00-00 00:00:00', 264, 0),
(306, 466, 6363, 'surgeon', 222, 4000.00, '2024-11-27 16:16:00', '', 'complete', NULL, 1, '2024-11-27 16:16:30', '0000-00-00 00:00:00', 264, 0),
(307, 464, 6351, 'surgeon', 246, 6000.00, '2024-11-27 16:19:00', '', 'complete', NULL, 1, '2024-11-27 16:20:11', '0000-00-00 00:00:00', 264, 0),
(308, 468, 6371, 'surgeon', 222, 4000.00, '2024-11-28 08:33:00', '', 'complete', NULL, 1, '2024-11-28 08:33:50', '0000-00-00 00:00:00', 1004, 0),
(309, 470, 6444, 'surgeon', 222, 4000.00, '2024-11-29 12:26:00', '', 'complete', NULL, 1, '2024-11-29 12:26:40', '0000-00-00 00:00:00', 2511, 0),
(310, 471, 6351, 'surgeon', 246, 6000.00, '2024-11-29 16:57:00', '', 'complete', NULL, 1, '2024-11-29 16:57:21', '0000-00-00 00:00:00', 1656, 0),
(311, 469, 6393, 'surgeon', 224, 7000.00, '2024-11-30 12:44:00', '', 'complete', NULL, 1, '2024-11-30 12:44:22', '0000-00-00 00:00:00', 264, 0),
(312, 471, 6351, 'surgeon', 246, 1000.00, '2024-11-30 12:46:00', '', 'complete', NULL, 1, '2024-11-30 12:46:29', '0000-00-00 00:00:00', 264, 0),
(313, 473, 6548, 'surgeon', 251, 3000.00, '2024-12-03 17:36:00', '', 'complete', NULL, 1, '2024-12-03 17:36:38', '0000-00-00 00:00:00', 264, 0),
(314, 475, 6584, 'surgeon', 224, 6000.00, '2024-12-03 17:37:00', '', 'complete', NULL, 1, '2024-12-03 17:37:50', '0000-00-00 00:00:00', 264, 0),
(315, 478, 6624, 'surgeon', 219, 5000.00, '2024-12-05 11:47:00', '', 'complete', NULL, 1, '2024-12-05 11:47:45', '0000-00-00 00:00:00', 264, 0),
(316, 477, 6623, 'surgeon', 219, 5000.00, '2024-12-05 11:47:00', '', 'complete', NULL, 1, '2024-12-05 11:48:07', '0000-00-00 00:00:00', 264, 0),
(317, 480, 6633, 'surgeon', 226, 6000.00, '2024-12-05 16:14:00', '', 'complete', NULL, 1, '2024-12-05 16:15:08', '0000-00-00 00:00:00', 264, 0),
(318, 483, 6650, 'surgeon', 246, 4000.00, '2024-12-06 10:39:00', '', 'complete', NULL, 1, '2024-12-06 10:40:08', '0000-00-00 00:00:00', 264, 0),
(319, 481, 6636, 'surgeon', 246, 4000.00, '2024-12-06 10:41:00', '', 'complete', NULL, 1, '2024-12-06 10:41:09', '0000-00-00 00:00:00', 264, 0),
(320, 479, 6625, 'surgeon', 246, 4000.00, '2024-12-06 10:41:00', '', 'complete', NULL, 1, '2024-12-06 10:41:46', '0000-00-00 00:00:00', 264, 0),
(321, 486, 6739, 'surgeon', 225, 6000.00, '2024-12-07 17:55:00', '', 'complete', NULL, 1, '2024-12-07 17:56:16', '0000-00-00 00:00:00', 264, 0),
(322, 484, 6706, 'surgeon', 224, 6000.00, '2024-12-07 17:56:00', '', 'complete', NULL, 1, '2024-12-07 17:57:11', '0000-00-00 00:00:00', 264, 0),
(323, 488, 6770, 'surgeon', 226, 6000.00, '2024-12-09 13:00:00', '', 'complete', NULL, 1, '2024-12-09 13:00:36', '0000-00-00 00:00:00', 264, 0),
(324, 489, 6775, 'surgeon', 251, 5000.00, '2024-12-09 19:00:00', '', 'complete', NULL, 1, '2024-12-09 19:00:35', '0000-00-00 00:00:00', 264, 0),
(325, 490, 6776, 'surgeon', 222, 4000.00, '2024-12-10 11:11:00', '', 'complete', NULL, 1, '2024-12-10 11:11:47', '0000-00-00 00:00:00', 264, 0),
(326, 491, 6777, 'surgeon', 222, 4000.00, '2024-12-10 11:12:00', '', 'complete', NULL, 1, '2024-12-10 11:12:22', '0000-00-00 00:00:00', 264, 0),
(327, 494, 6804, 'surgeon', 2030, 2000.00, '2024-12-10 15:34:00', '', 'complete', NULL, 1, '2024-12-10 15:34:25', '0000-00-00 00:00:00', 282, 0),
(328, 497, 6836, 'surgeon', 246, 6000.00, '2024-12-11 14:43:00', '', 'complete', NULL, 1, '2024-12-11 14:43:49', '0000-00-00 00:00:00', 1656, 0),
(329, 496, 6834, 'surgeon', 222, 4000.00, '2024-12-11 15:54:00', '', 'complete', NULL, 1, '2024-12-11 15:54:22', '0000-00-00 00:00:00', 264, 0),
(330, 498, 6875, 'surgeon', 224, 6000.00, '2024-12-13 14:12:00', '', 'complete', NULL, 1, '2024-12-13 14:13:01', '0000-00-00 00:00:00', 264, 0),
(331, 499, 6876, 'surgeon', 224, 6000.00, '2024-12-13 14:13:00', '', 'complete', NULL, 1, '2024-12-13 14:13:21', '0000-00-00 00:00:00', 264, 0),
(332, 500, 6891, 'surgeon', 225, 6000.00, '2024-12-14 10:32:00', '', 'complete', NULL, 1, '2024-12-14 10:32:50', '0000-00-00 00:00:00', 264, 0),
(333, 502, 6927, 'surgeon', 222, 1000.00, '2024-12-15 05:52:00', '', 'complete', NULL, 1, '2024-12-15 05:52:18', '0000-00-00 00:00:00', 282, 0),
(334, 503, 6936, 'surgeon', 2030, 1500.00, '2024-12-15 13:56:00', '', 'complete', NULL, 1, '2024-12-15 13:56:36', '0000-00-00 00:00:00', 264, 0),
(335, 504, 6977, 'surgeon', 222, 4000.00, '2024-12-16 14:25:00', '', 'complete', NULL, 1, '2024-12-16 14:25:24', '0000-00-00 00:00:00', 264, 0),
(336, 508, 6269, 'surgeon', 2030, 700.00, '2024-12-16 15:45:00', '', 'complete', NULL, 1, '2024-12-16 15:46:06', '0000-00-00 00:00:00', 264, 0),
(337, 505, 6978, 'surgeon', 225, 6000.00, '2024-12-17 11:42:00', '', 'complete', NULL, 1, '2024-12-17 11:43:24', '0000-00-00 00:00:00', 264, 0),
(338, 509, 7004, 'surgeon', 251, 4000.00, '2024-12-17 17:47:00', '', 'complete', NULL, 1, '2024-12-17 17:47:38', '0000-00-00 00:00:00', 264, 0),
(339, 510, 7033, 'surgeon', 225, 6000.00, '2024-12-18 17:04:00', '', 'complete', NULL, 1, '2024-12-18 17:04:48', '0000-00-00 00:00:00', 264, 0),
(340, 513, 7081, 'surgeon', 222, 4000.00, '2024-12-19 19:12:00', '', 'complete', '', 1, '2024-12-19 19:12:56', '2024-12-19 19:22:32', 211, 211),
(341, 512, 7080, 'surgeon', 246, 4000.00, '2024-12-19 19:14:00', '', 'complete', NULL, 1, '2024-12-19 19:15:07', '0000-00-00 00:00:00', 264, 0),
(342, 511, 7051, 'surgeon', 222, 4000.00, '2024-12-19 19:17:00', '', 'complete', NULL, 1, '2024-12-19 19:17:19', '0000-00-00 00:00:00', 264, 0),
(343, 517, 7113, 'surgeon', 249, 6000.00, '2024-12-20 11:57:00', '', 'complete', NULL, 1, '2024-12-20 11:58:01', '0000-00-00 00:00:00', 282, 0),
(344, 516, 7112, 'surgeon', 224, 6000.00, '2024-12-20 11:58:00', '', 'complete', NULL, 1, '2024-12-20 11:58:48', '0000-00-00 00:00:00', 282, 0),
(345, 518, 7128, 'surgeon', 225, 6000.00, '2024-12-20 15:53:00', '', 'complete', NULL, 1, '2024-12-20 15:53:40', '0000-00-00 00:00:00', 264, 0),
(346, 521, 7137, 'surgeon', 225, 6000.00, '2024-12-20 18:58:00', '', 'complete', NULL, 1, '2024-12-20 18:58:29', '0000-00-00 00:00:00', 264, 0),
(347, 519, 7129, 'surgeon', 224, 6.00, '2024-12-20 19:15:00', '', 'complete', NULL, 1, '2024-12-20 19:16:01', '0000-00-00 00:00:00', 264, 0),
(348, 519, 7129, 'surgeon', 224, 6000.00, '2024-12-20 19:16:00', '', 'complete', NULL, 1, '2024-12-20 19:16:21', '0000-00-00 00:00:00', 264, 0),
(349, 520, 7136, 'surgeon', 222, 4000.00, '2024-12-20 19:17:00', '', 'complete', NULL, 1, '2024-12-20 19:17:36', '0000-00-00 00:00:00', 264, 0),
(350, 524, 7174, 'surgeon', 225, 6000.00, '2024-12-21 16:58:00', '', 'complete', NULL, 1, '2024-12-21 16:58:23', '0000-00-00 00:00:00', 264, 0),
(351, 523, 7173, 'surgeon', 222, 4000.00, '2024-12-21 17:29:00', '', 'complete', NULL, 1, '2024-12-21 17:30:01', '0000-00-00 00:00:00', 264, 0),
(352, 525, 7203, 'surgeon', 222, 4000.00, '2024-12-22 18:08:00', '', 'complete', NULL, 1, '2024-12-22 18:08:41', '0000-00-00 00:00:00', 264, 0),
(353, 526, 7215, 'surgeon', 226, 6000.00, '2024-12-23 16:57:00', '', 'complete', NULL, 1, '2024-12-23 16:57:30', '0000-00-00 00:00:00', 211, 0),
(354, 528, 7241, 'surgeon', 222, 4000.00, '2024-12-24 13:13:00', '', 'complete', NULL, 1, '2024-12-24 13:13:28', '0000-00-00 00:00:00', 1656, 0),
(355, 527, 7232, 'surgeon', 246, 7000.00, '2024-12-24 18:48:00', '', 'complete', NULL, 1, '2024-12-24 18:48:28', '0000-00-00 00:00:00', 264, 0);
INSERT INTO `ipd_surgeons` (`id`, `ipd_id`, `patient_id`, `type`, `doctor_id`, `charge`, `date`, `instruction`, `surgeon_status`, `note`, `status`, `created_at`, `modified_at`, `created_by`, `modified_by`) VALUES
(356, 530, 7252, 'surgeon', 225, 6000.00, '2024-12-24 19:13:00', '', 'complete', NULL, 1, '2024-12-24 19:13:15', '0000-00-00 00:00:00', 264, 0),
(357, 533, 7276, 'surgeon', 222, 4000.00, '2024-12-24 20:21:00', '', 'complete', NULL, 1, '2024-12-24 20:21:44', '0000-00-00 00:00:00', 2511, 0),
(358, 532, 7275, 'surgeon', 222, 4000.00, '2024-12-24 20:21:00', '', 'complete', NULL, 1, '2024-12-24 20:22:10', '0000-00-00 00:00:00', 2511, 0),
(359, 531, 7256, 'surgeon', 222, 4000.00, '2024-12-24 20:22:00', '', 'complete', NULL, 1, '2024-12-24 20:22:35', '0000-00-00 00:00:00', 2511, 0),
(360, 535, 7295, 'surgeon', 222, 4000.00, '2024-12-25 15:03:00', '', 'complete', NULL, 1, '2024-12-25 15:03:40', '0000-00-00 00:00:00', 264, 0),
(361, 538, 7311, 'surgeon', 222, 4000.00, '2024-12-26 11:52:00', '', 'complete', NULL, 1, '2024-12-26 11:52:13', '0000-00-00 00:00:00', 264, 0),
(362, 527, 7232, 'surgeon', 222, 4000.00, '2024-12-27 10:54:00', '', 'complete', NULL, 1, '2024-12-27 10:56:46', '0000-00-00 00:00:00', 282, 0),
(363, 541, 7338, 'surgeon', 222, 4500.00, '2024-12-27 17:39:00', '', 'complete', NULL, 1, '2024-12-27 17:40:34', '0000-00-00 00:00:00', 1656, 0),
(364, 545, 7403, 'surgeon', 224, 6000.00, '2024-12-28 13:11:00', '', 'complete', NULL, 1, '2024-12-28 13:11:17', '0000-00-00 00:00:00', 264, 0),
(365, 544, 7391, 'surgeon', 224, 7000.00, '2024-12-28 13:11:00', '', 'complete', NULL, 1, '2024-12-28 13:11:37', '0000-00-00 00:00:00', 264, 0),
(366, 546, 7435, 'surgeon', 222, 4000.00, '2024-12-29 11:29:00', '', 'complete', NULL, 1, '2024-12-29 11:29:37', '0000-00-00 00:00:00', 264, 0),
(367, 547, 7450, 'surgeon', 222, 4000.00, '2024-12-30 11:52:00', '', 'complete', NULL, 1, '2024-12-30 11:53:30', '0000-00-00 00:00:00', 264, 0),
(368, 548, 7468, 'surgeon', 222, 4000.00, '2024-12-30 19:22:00', '', 'complete', NULL, 1, '2024-12-30 19:23:07', '0000-00-00 00:00:00', 264, 0),
(369, 550, 7508, 'surgeon', 251, 3000.00, '2024-12-31 17:22:00', '', 'complete', NULL, 1, '2024-12-31 17:22:36', '0000-00-00 00:00:00', 264, 0),
(370, 553, 7515, 'surgeon', 246, 6000.00, '2025-01-01 12:19:00', '', 'complete', NULL, 1, '2025-01-01 12:19:24', '0000-00-00 00:00:00', 264, 0),
(371, 554, 7531, 'surgeon', 222, 4000.00, '2025-01-01 17:45:00', '', 'complete', NULL, 1, '2025-01-01 17:45:19', '0000-00-00 00:00:00', 264, 0),
(372, 555, 7533, 'surgeon', 251, 3000.00, '2025-01-01 17:56:00', '', 'complete', NULL, 1, '2025-01-01 17:57:17', '0000-00-00 00:00:00', 1656, 0),
(373, 552, 7514, 'surgeon', 222, 1000.00, '2025-01-02 14:25:00', '', 'complete', NULL, 1, '2025-01-02 14:26:02', '0000-00-00 00:00:00', 2511, 0),
(374, 556, 7556, 'surgeon', 246, 4000.00, '2025-01-02 19:00:00', '', 'complete', NULL, 1, '2025-01-02 19:00:55', '0000-00-00 00:00:00', 264, 0),
(375, 558, 7595, 'surgeon', 222, 4000.00, '2025-01-03 17:19:00', '', 'complete', NULL, 1, '2025-01-03 17:19:47', '0000-00-00 00:00:00', 264, 0),
(376, 559, 7615, 'surgeon', 224, 6000.00, '2025-01-03 22:54:00', '', 'complete', NULL, 1, '2025-01-03 22:55:11', '0000-00-00 00:00:00', 2511, 0),
(377, 561, 7639, 'surgeon', 225, 6000.00, '2025-01-04 17:42:00', '', 'complete', NULL, 1, '2025-01-04 17:43:13', '0000-00-00 00:00:00', 264, 0),
(378, 562, 7676, 'surgeon', 225, 6000.00, '2025-01-06 18:45:00', '', 'complete', NULL, 1, '2025-01-06 18:45:52', '0000-00-00 00:00:00', 264, 0),
(379, 564, 7710, 'surgeon', 219, 5000.00, '2025-01-07 13:47:00', '', 'complete', NULL, 1, '2025-01-07 13:48:06', '0000-00-00 00:00:00', 264, 0),
(380, 565, 7727, 'surgeon', 246, 6000.00, '2025-01-08 14:50:00', '', 'complete', NULL, 1, '2025-01-08 14:50:16', '0000-00-00 00:00:00', 264, 0),
(381, 566, 7746, 'surgeon', 251, 3000.00, '2025-01-10 17:50:00', '', 'complete', NULL, 1, '2025-01-10 17:51:08', '0000-00-00 00:00:00', 2511, 0),
(382, 569, 7798, 'surgeon', 224, 6000.00, '2025-01-11 15:05:00', '', 'complete', NULL, 1, '2025-01-11 15:05:39', '0000-00-00 00:00:00', 282, 0),
(383, 571, 7846, 'surgeon', 222, 2000.00, '2025-01-12 10:25:00', '', 'complete', NULL, 1, '2025-01-12 10:25:18', '0000-00-00 00:00:00', 1004, 0),
(384, 573, 7846, 'surgeon', 222, 3000.00, '2025-01-12 15:23:00', '', 'complete', NULL, 1, '2025-01-12 15:24:08', '0000-00-00 00:00:00', 264, 0),
(385, 574, 7877, 'surgeon', 2030, 1500.00, '2025-01-13 13:08:00', '', 'complete', NULL, 1, '2025-01-13 13:10:14', '0000-00-00 00:00:00', 264, 0),
(386, 577, 7895, 'surgeon', 222, 4000.00, '2025-01-13 14:00:00', '', 'complete', NULL, 1, '2025-01-13 14:01:03', '0000-00-00 00:00:00', 264, 0),
(387, 578, 7897, 'surgeon', 225, 6000.00, '2025-01-13 17:03:00', '', 'complete', NULL, 1, '2025-01-13 17:03:30', '0000-00-00 00:00:00', 264, 0),
(388, 579, 7898, 'surgeon', 226, 6000.00, '2025-01-13 19:26:00', '', 'complete', NULL, 1, '2025-01-13 19:26:35', '0000-00-00 00:00:00', 2511, 0),
(389, 581, 7968, 'surgeon', 251, 5000.00, '2025-01-16 18:11:00', '', 'complete', NULL, 1, '2025-01-16 18:12:07', '0000-00-00 00:00:00', 264, 0),
(390, 583, 7985, 'surgeon', 225, 6000.00, '2025-01-16 20:12:00', '', 'complete', NULL, 1, '2025-01-16 20:12:40', '0000-00-00 00:00:00', 282, 0),
(391, 582, 7970, 'surgeon', 225, 6000.00, '2025-01-16 20:13:00', '', 'complete', NULL, 1, '2025-01-16 20:14:16', '0000-00-00 00:00:00', 282, 0),
(392, 584, 8019, 'surgeon', 226, 6000.00, '2025-01-17 13:11:00', '', 'complete', NULL, 1, '2025-01-17 13:11:29', '0000-00-00 00:00:00', 264, 0),
(393, 587, 8051, 'surgeon', 222, 4000.00, '2025-01-17 19:43:00', '', 'complete', NULL, 1, '2025-01-17 19:43:42', '0000-00-00 00:00:00', 264, 0),
(394, 585, 8025, 'surgeon', 249, 10000.00, '2025-01-17 19:44:00', '', 'complete', NULL, 1, '2025-01-17 19:44:48', '0000-00-00 00:00:00', 264, 0),
(395, 588, 8057, 'surgeon', 224, 4000.00, '2025-01-18 10:28:00', '', 'complete', NULL, 1, '2025-01-18 10:28:46', '0000-00-00 00:00:00', 1656, 0),
(396, 590, 8087, 'surgeon', 226, 6000.00, '2025-01-19 11:36:00', '', 'complete', NULL, 1, '2025-01-19 11:36:25', '0000-00-00 00:00:00', 264, 0),
(397, 589, 8086, 'surgeon', 226, 6000.00, '2025-01-19 11:38:00', '', 'complete', NULL, 1, '2025-01-19 11:38:39', '0000-00-00 00:00:00', 264, 0),
(398, 598, 8147, 'surgeon', 246, 4000.00, '2025-01-21 18:24:00', '', 'complete', NULL, 1, '2025-01-21 18:25:07', '0000-00-00 00:00:00', 2511, 0),
(399, 597, 8141, 'surgeon', 222, 4000.00, '2025-01-21 18:48:00', '', 'complete', NULL, 1, '2025-01-21 18:49:03', '0000-00-00 00:00:00', 264, 0),
(400, 592, 8108, 'surgeon', 251, 5000.00, '2025-01-22 11:29:00', '', 'complete', NULL, 1, '2025-01-22 11:29:59', '0000-00-00 00:00:00', 1004, 0),
(401, 600, 8174, 'surgeon', 251, 3000.00, '2025-01-22 20:30:00', '', 'complete', NULL, 1, '2025-01-22 20:30:38', '0000-00-00 00:00:00', 264, 0),
(402, 602, 8214, 'surgeon', 225, 6000.00, '2025-01-23 19:39:00', '', 'complete', NULL, 1, '2025-01-23 19:39:25', '0000-00-00 00:00:00', 264, 0),
(403, 603, 8215, 'surgeon', 222, 4000.00, '2025-01-24 12:27:00', '', 'complete', NULL, 1, '2025-01-24 12:27:29', '0000-00-00 00:00:00', 264, 0),
(404, 604, 8303, 'surgeon', 219, 4500.00, '2025-01-25 19:32:00', '', 'complete', NULL, 1, '2025-01-25 19:33:06', '0000-00-00 00:00:00', 264, 0);

-- --------------------------------------------------------

--
-- Table structure for table `leaves`
--

CREATE TABLE `leaves` (
  `id` int(11) NOT NULL,
  `user_id` int(11) DEFAULT NULL,
  `leave_type_id` smallint(6) DEFAULT NULL,
  `leave_from` date DEFAULT NULL,
  `leave_to` date DEFAULT NULL,
  `total_leave_day` smallint(6) DEFAULT NULL,
  `reason` text DEFAULT NULL,
  `attachment` varchar(100) DEFAULT NULL,
  `remark` text DEFAULT NULL,
  `leave_status` enum('waiting','approved','declined') NOT NULL DEFAULT 'waiting',
  `status` tinyint(1) NOT NULL DEFAULT 1,
  `created_at` datetime DEFAULT NULL,
  `modified_at` datetime DEFAULT NULL,
  `created_by` int(11) DEFAULT NULL,
  `modified_by` int(11) DEFAULT NULL
) ENGINE=InnoDB DEFAULT CHARSET=utf8mb3 COLLATE=utf8mb3_general_ci;

-- --------------------------------------------------------

--
-- Table structure for table `leave_types`
--

CREATE TABLE `leave_types` (
  `id` int(11) NOT NULL,
  `type` varchar(60) DEFAULT NULL,
  `total_leave` smallint(6) NOT NULL DEFAULT 0,
  `remark` text DEFAULT NULL,
  `status` tinyint(1) NOT NULL DEFAULT 1,
  `created_at` datetime DEFAULT NULL,
  `modified_at` datetime DEFAULT NULL,
  `created_by` int(11) DEFAULT NULL,
  `modified_by` int(11) DEFAULT NULL
) ENGINE=InnoDB DEFAULT CHARSET=utf8mb3 COLLATE=utf8mb3_general_ci;

--
-- Dumping data for table `leave_types`
--

INSERT INTO `leave_types` (`id`, `type`, `total_leave`, `remark`, `status`, `created_at`, `modified_at`, `created_by`, `modified_by`) VALUES
(1, 'Casual', 2, '', 1, '2023-09-27 12:32:45', NULL, 1, NULL);

-- --------------------------------------------------------

--
-- Table structure for table `manufacturers`
--

CREATE TABLE `manufacturers` (
  `id` int(11) NOT NULL,
  `name` varchar(200) DEFAULT NULL,
  `phone` varchar(20) DEFAULT NULL,
  `email` varchar(100) DEFAULT NULL,
  `fax` varchar(30) DEFAULT NULL,
  `web` varchar(50) DEFAULT NULL,
  `address` text DEFAULT NULL,
  `established` int(20) DEFAULT NULL,
  `market_share` int(10) DEFAULT NULL,
  `growth` int(10) DEFAULT NULL,
  `headquarter` text DEFAULT NULL,
  `google_map` text DEFAULT NULL,
  `about_us_en` varchar(200) DEFAULT NULL,
  `about_us_bn` varchar(200) DEFAULT NULL,
  `note` text DEFAULT NULL,
  `sort_by` int(11) NOT NULL DEFAULT 0,
  `status` int(11) NOT NULL DEFAULT 0,
  `created_at` datetime NOT NULL,
  `modified_at` datetime NOT NULL,
  `created_by` int(11) NOT NULL DEFAULT 0,
  `modified_by` int(11) NOT NULL DEFAULT 0
) ENGINE=InnoDB DEFAULT CHARSET=utf8mb3 COLLATE=utf8mb3_general_ci;

--
-- Dumping data for table `manufacturers`
--

INSERT INTO `manufacturers` (`id`, `name`, `phone`, `email`, `fax`, `web`, `address`, `established`, `market_share`, `growth`, `headquarter`, `google_map`, `about_us_en`, `about_us_bn`, `note`, `sort_by`, `status`, `created_at`, `modified_at`, `created_by`, `modified_by`) VALUES
(1, 'Beximco Pharmaceuticals Ltd', '12345', '', '', '', '', 0, 0, 0, '', '', '', '', '', 0, 1, '2024-06-16 17:08:00', '0000-00-00 00:00:00', 1, 0),
(2, 'Labaid Pharma', '01321113058', '', '', '', '', 0, 0, 0, '', '', '', '', '', 0, 1, '2024-06-19 11:10:47', '0000-00-00 00:00:00', 408, 0),
(3, 'SKF', '', '', '', '', '', 0, 0, 0, '', '', '', '', '', 0, 1, '2024-06-19 11:12:52', '0000-00-00 00:00:00', 408, 0),
(4, 'Opsonin pharma limi', '01929880850', '', '', '', '', 0, 0, 0, '', '', '', '', '', 0, 1, '2024-06-19 11:21:54', '2024-07-05 19:00:15', 408, 210),
(5, 'Incepta', '01704123790', '', '', '', '', 0, 0, 0, '', '', '', '', '', 0, 1, '2024-06-19 11:23:06', '0000-00-00 00:00:00', 408, 0),
(6, 'Jayson', '', '', '', '', '', 0, 0, 0, '', '', '', '', '', 0, 1, '2024-06-19 11:25:30', '2024-06-19 12:42:54', 408, 210),
(7, 'Healthcare Pharmaceuticals', '01733136729', '', '', '', '', 0, 0, 0, '', '', '', '', '', 0, 1, '2024-06-19 11:41:39', '2024-06-19 12:41:18', 408, 210),
(8, 'Chemist', '01729439589', '', '', '', '', 0, 0, 0, '', '', '', '', '', 0, 1, '2024-06-19 11:43:09', '0000-00-00 00:00:00', 408, 0),
(9, 'Renata', '', '', '', '', '', 0, 0, 0, '', '', '', '', '', 0, 1, '2024-06-19 11:43:38', '0000-00-00 00:00:00', 408, 0),
(10, 'Unimed', '', '', '', '', '', 0, 0, 0, '', '', '', '', '', 0, 1, '2024-06-19 11:44:51', '0000-00-00 00:00:00', 408, 0),
(11, 'Ibnsina', '', '', '', '', '', 0, 0, 0, '', '', '', '', '', 0, 1, '2024-06-19 11:45:34', '0000-00-00 00:00:00', 408, 0),
(12, 'Jenphar', '', '', '', '', '', 0, 0, 0, '', '', '', '', '', 0, 1, '2024-06-19 11:48:40', '0000-00-00 00:00:00', 408, 0),
(13, 'ACME', '', '', '', '', '', 0, 0, 0, '', '', '', '', '', 0, 1, '2024-06-19 11:49:06', '0000-00-00 00:00:00', 408, 0),
(14, 'Synovia', '', '', '', '', '', 0, 0, 0, '', '', '', '', '', 0, 1, '2024-06-19 11:49:46', '0000-00-00 00:00:00', 408, 0),
(15, 'Orion infusion Ltd', '01710623368', '', '', '', '', 0, 0, 0, '', '', '', '', '', 0, 1, '2024-06-19 11:51:12', '2024-07-05 19:07:12', 408, 210),
(16, 'DRUG', '', '', '', '', '', 0, 0, 0, '', '', '', '', '', 0, 1, '2024-06-19 11:52:27', '0000-00-00 00:00:00', 408, 0),
(17, 'Sobuj Sarjikal Satkhira', '01841352703', '', '', '', '', 0, 0, 0, '', '', '', '', '', 0, 1, '2024-06-19 12:01:23', '2024-06-19 12:43:37', 408, 210),
(18, 'Opso salain', '11', '', '', '', '', 0, 0, 0, '', '', '', '', '', 0, 1, '2024-06-30 21:31:06', '0000-00-00 00:00:00', 210, 0),
(19, 'Square Pharmaceuticals', '11', '', '', '', '', 0, 0, 0, '', '', '', '', '', 0, 1, '2024-06-30 22:06:06', '0000-00-00 00:00:00', 210, 0),
(20, 'Paediatric Drops', '11', '', '', '', '', 0, 0, 0, '', '', '', '', '', 0, 1, '2024-06-30 22:19:08', '0000-00-00 00:00:00', 210, 0),
(21, 'Pharmasia Limited', '11', '', '', '', '', 0, 0, 0, '', '', '', '', '', 0, 1, '2024-06-30 22:57:06', '0000-00-00 00:00:00', 210, 0),
(22, 'Reanata pharmaceuticals', '11', '', '', '', '', 0, 0, 0, '', '', '', '', '', 0, 1, '2024-07-01 14:22:07', '0000-00-00 00:00:00', 408, 0),
(23, 'pacifiq pharma', '11', '', '', '', '', 0, 0, 0, '', '', '', '', '', 0, 1, '2024-07-01 14:22:39', '2024-07-05 12:31:26', 408, 408),
(24, 'Novotek pharmaceuticals', '11', '', '', '', '', 0, 0, 0, '', '', '', '', '', 0, 1, '2024-07-01 14:23:05', '0000-00-00 00:00:00', 408, 0),
(25, 'Biopharma limited', '11', '', '', '', '', 0, 0, 0, '', '', '', '', '', 0, 1, '2024-07-01 14:23:32', '0000-00-00 00:00:00', 408, 0),
(26, 'jayson pharma', '11', '', '', '', '', 0, 0, 0, '', '', '', '', '', 0, 1, '2024-07-01 14:24:11', '0000-00-00 00:00:00', 408, 0),
(27, 'team pharma', '11', '', '', '', '', 0, 0, 0, '', '', '', '', '', 0, 1, '2024-07-01 14:24:37', '0000-00-00 00:00:00', 408, 0),
(28, 'O', '11', '', '', '', '', 0, 0, 0, '', '', '', '', '', 0, 1, '2024-07-01 14:25:15', '2024-07-05 19:00:29', 408, 210),
(29, 'baby newtrition', '11', '', '', '', '', 0, 0, 0, '', '', '', '', '', 0, 1, '2024-07-01 15:00:53', '0000-00-00 00:00:00', 210, 0),
(30, 'Aci pharma', '01888065056', '', '', '', '', 0, 0, 0, '', '', '', '', '', 0, 1, '2024-07-02 14:36:39', '0000-00-00 00:00:00', 408, 0),
(31, 'Smc', '01888065056', '', '', '', '', 0, 0, 0, '', '', '', '', '', 0, 1, '2024-07-02 16:03:05', '0000-00-00 00:00:00', 408, 0);

-- --------------------------------------------------------

--
-- Table structure for table `medicines`
--

CREATE TABLE `medicines` (
  `id` int(11) NOT NULL,
  `code` varchar(30) DEFAULT NULL,
  `barcode` int(11) NOT NULL,
  `type_id` int(11) DEFAULT NULL,
  `category_id` int(11) DEFAULT NULL,
  `manufacturer_id` int(11) DEFAULT NULL,
  `generic_id` int(11) DEFAULT NULL,
  `unit_id` int(11) DEFAULT NULL,
  `strength` varchar(30) DEFAULT NULL,
  `medicine_name` varchar(200) DEFAULT NULL,
  `rack_no` varchar(20) DEFAULT NULL,
  `mrp` decimal(10,2) NOT NULL DEFAULT 0.00,
  `purchase_price` decimal(10,2) NOT NULL DEFAULT 0.00,
  `sell_price` decimal(10,2) NOT NULL DEFAULT 0.00,
  `whole_sale_price` decimal(10,2) NOT NULL DEFAULT 0.00,
  `minimum_stock` int(11) NOT NULL DEFAULT 5,
  `photo` varchar(100) DEFAULT NULL,
  `note` text DEFAULT NULL,
  `status` int(11) NOT NULL,
  `created_at` datetime NOT NULL,
  `modified_at` datetime NOT NULL,
  `created_by` int(11) NOT NULL DEFAULT 0,
  `modified_by` int(11) NOT NULL DEFAULT 0
) ENGINE=InnoDB DEFAULT CHARSET=utf8mb3 COLLATE=utf8mb3_general_ci;

--
-- Dumping data for table `medicines`
--

INSERT INTO `medicines` (`id`, `code`, `barcode`, `type_id`, `category_id`, `manufacturer_id`, `generic_id`, `unit_id`, `strength`, `medicine_name`, `rack_no`, `mrp`, `purchase_price`, `sell_price`, `whole_sale_price`, `minimum_stock`, `photo`, `note`, `status`, `created_at`, `modified_at`, `created_by`, `modified_by`) VALUES
(1, 'M0001', 800001, 1, 87, 1, 18, 0, '', 'Napa 500mg', '', 1.20, 0.90, 1.00, 0.00, 5, NULL, '', 1, '2024-06-16 17:48:27', '0000-00-00 00:00:00', 1, 0),
(2, 'M0002', 800002, 1, 87, 3, 9, 4, '', 'Tab: Esoral 20mg', '', 5.00, 4.37, 5.00, 0.00, 10, NULL, '', 1, '2024-06-19 11:15:55', '2024-07-02 22:10:39', 408, 210),
(3, 'M0003', 800003, 1, 87, 2, 5, 0, '', 'Tab: Roxilab Plus 500mg', '', 60.00, 51.44, 60.00, 55.00, 5, NULL, '', 1, '2024-06-19 12:50:38', '2024-07-02 21:30:19', 210, 210),
(4, 'M0004', 800004, 1, 33, 2, 0, 6, '', 'Ing: Ceftriaid 2gm IV', '', 490.00, 385.00, 490.00, 400.00, 10, NULL, '', 1, '2024-06-19 13:03:05', '2024-07-02 21:29:22', 210, 210),
(5, 'M0005', 800005, 1, 32, 13, 0, 6, '', 'Ing; Trizon 2gm IV', '', 300.00, 160.00, 300.00, 180.00, 20, NULL, '', 1, '2024-06-19 13:07:37', '2024-07-02 21:55:32', 210, 210),
(6, 'M0006', 800006, 1, 3, 13, 9, 0, '', 'Cap: Maxima 40mg', '', 10.00, 8.00, 10.00, 0.00, 5, NULL, '', 1, '2024-06-19 13:16:26', '2024-07-02 21:54:56', 210, 210),
(7, 'M0007', 800007, 1, 33, 5, 21, 0, '', 'N', '', 100.00, 0.00, 100.00, 90.00, 5, NULL, '', 1, '2024-06-21 15:23:50', '2024-07-02 21:31:53', 408, 210),
(8, 'M0008', 800008, 1, 33, 3, 0, 0, '', 'P', '', 200.00, 0.00, 200.00, 190.00, 5, NULL, '', 0, '2024-06-21 15:54:08', '2024-07-02 22:07:01', 408, 210),
(9, 'M0009', 800009, 1, 33, 3, 10, 0, '', 'Inj: Esoral 40mg IV', '', 90.00, 45.00, 90.00, 80.00, 5, NULL, '', 1, '2024-06-21 20:27:17', '2024-07-02 22:06:18', 408, 210),
(10, 'M0010', 800010, 1, 87, 3, 8, 0, '', 'Tab: Esoral Mups 20mg', '', 10.00, 8.00, 10.00, 8.00, 5, NULL, '', 1, '2024-06-21 20:57:58', '2024-07-02 22:05:40', 408, 210),
(11, 'M0011', 800011, 1, 3, 3, 51, 0, '', 'F', '', 10.50, 9.24, 10.50, 10.00, 5, NULL, '', 0, '2024-06-21 21:23:29', '2024-07-02 22:05:08', 408, 210),
(12, 'M0012', 800012, 1, 46, 3, 2, 0, '', 'Mupiron 2%', '', 140.00, 123.00, 140.00, 135.00, 5, NULL, '', 1, '2024-06-21 21:30:06', '0000-00-00 00:00:00', 408, 0),
(13, 'M0013', 800013, 1, 87, 3, 18, 0, '', 'Tab: Tamen 500mg', '', 2.00, 1.05, 2.00, 2.00, 5, NULL, '', 1, '2024-06-21 21:47:56', '2024-07-02 22:04:02', 408, 210),
(14, 'M0014', 800014, 1, 34, 3, 39, 0, '', 'Inj: Triject 1gm IV', '', 250.00, 120.00, 250.00, 225.00, 5, NULL, '', 1, '2024-06-23 11:12:04', '2024-07-02 22:03:36', 408, 210),
(15, 'M0015', 800015, 1, 34, 3, 38, 0, '', 'Inj: Triject 2gm IV', '', 350.00, 180.00, 350.00, 315.00, 5, NULL, '', 1, '2024-06-23 11:20:10', '2024-07-02 22:02:56', 408, 210),
(16, 'M0016', 800016, 1, 87, 3, 9, 0, '', 'Cap: Esoral 20mg', '', 7.00, 6.12, 7.00, 0.00, 5, NULL, '', 1, '2024-06-23 12:18:09', '2024-07-02 22:09:36', 408, 210),
(17, 'M0017', 800017, 1, 82, 4, 50, 0, '', 'Diclofen Suppository 50mg', '', 15.00, 12.82, 15.00, 13.00, 5, NULL, '', 1, '2024-06-23 12:52:38', '2024-07-02 20:54:08', 408, 210),
(18, 'M0018', 800018, 1, 77, 4, 52, 0, '', 'Metryl', '', 85.00, 50.00, 85.00, 70.00, 5, NULL, '', 1, '2024-06-23 17:07:49', '0000-00-00 00:00:00', 408, 0),
(19, 'M0019', 800019, 1, 34, 4, 35, 0, '', 'Inj: Diclofen plus 50mg', '', 15.00, 12.80, 15.00, 14.00, 5, NULL, '', 1, '2024-06-23 17:09:44', '2024-07-02 20:59:33', 408, 210),
(20, 'M0020', 800020, 1, 34, 4, 24, 0, '', 'Inj: Gentin 80mg', '', 15.00, 12.80, 15.00, 14.00, 5, NULL, '', 1, '2024-06-23 17:11:42', '2024-07-02 20:55:22', 408, 210),
(21, 'M0021', 800021, 1, 34, 2, 38, 0, '', 'Inj: Ceftriaid 2gm', '', 490.00, 385.00, 490.00, 450.00, 5, NULL, '', 1, '2024-06-23 17:28:12', '2024-07-02 21:28:31', 408, 210),
(22, 'M0022', 800022, 1, 3, 2, 17, 0, '', 'Cap: Cephoral 400mg', '', 60.00, 52.80, 60.00, 55.00, 5, NULL, '', 1, '2024-06-23 17:34:00', '2024-07-02 21:27:52', 408, 210),
(23, 'M0023', 800023, 1, 87, 2, 14, 0, '', 'Tab: ketolab 10mg', '', 20.00, 17.60, 20.00, 18.00, 5, NULL, '', 1, '2024-06-23 17:38:39', '2024-07-02 21:26:07', 408, 210),
(24, 'M0024', 800024, 1, 87, 2, 13, 0, '', 'Tab: Montilab 10mg', '', 17.50, 15.00, 17.50, 16.00, 5, NULL, '', 1, '2024-06-23 17:43:47', '2024-07-02 21:19:53', 408, 210),
(25, 'M0025', 800025, 1, 87, 2, 12, 0, '', 'S', '', 9.00, 7.92, 9.00, 8.50, 5, NULL, '', 0, '2024-06-23 17:48:03', '2024-07-02 21:17:52', 408, 210),
(26, 'M0026', 800026, 1, 87, 2, 53, 0, '', 'D', '', 4.00, 3.52, 4.00, 4.00, 5, NULL, '', 0, '2024-06-23 17:57:03', '2024-07-02 21:21:32', 408, 210),
(27, 'M0027', 800027, 1, 87, 2, 54, 0, '', 'c', '', 7.00, 5.96, 7.00, 6.00, 5, NULL, '', 0, '2024-06-23 18:19:54', '2024-07-02 21:22:02', 408, 210),
(28, 'M0028', 800028, 1, 33, 2, 44, 0, '', 'Inj: Merolab 1gm', '', 1365.00, 700.00, 1365.00, 1300.00, 5, NULL, '', 1, '2024-06-23 18:30:02', '2024-07-02 21:25:13', 408, 210),
(29, 'M0029', 800029, 1, 3, 13, 9, 0, '', 'cap: Maxima 20mg', '', 7.00, 6.00, 7.00, 6.00, 5, NULL, '', 1, '2024-06-23 18:34:56', '2024-07-02 21:52:48', 408, 210),
(30, 'M0030', 800030, 1, 87, 13, 53, 0, '', 'Tab: Don-A 10mg', '', 4.00, 2.96, 4.00, 3.00, 5, NULL, '', 1, '2024-06-23 20:48:47', '2024-07-02 21:44:28', 408, 210),
(31, 'M0031', 800031, 1, 87, 13, 13, 0, '', 'Tab: Monas 10mg', '', 17.80, 15.00, 17.80, 16.00, 5, NULL, '', 1, '2024-06-23 20:54:09', '2024-07-02 21:52:20', 408, 210),
(32, 'M0032', 800032, 1, 87, 13, 5, 0, '', 'Tab: Famiclav 500mg', '', 60.00, 51.40, 60.00, 55.00, 5, NULL, '', 1, '2024-06-23 21:02:56', '2024-07-02 21:51:47', 408, 210),
(33, 'M0033', 800033, 1, 87, 13, 15, 0, '', 'Tab: Coralex dx 500mg', '', 15.00, 13.72, 15.00, 14.00, 5, NULL, '', 1, '2024-06-23 21:11:20', '2024-07-02 21:50:53', 408, 210),
(34, 'M0034', 800034, 1, 63, 13, 50, 0, '', 'Don-A Pedriatic Drop', '', 25.00, 21.00, 25.00, 22.00, 5, NULL, '', 1, '2024-06-23 21:19:27', '2024-07-02 21:46:02', 408, 210),
(35, 'M0035', 800035, 1, 63, 13, 48, 0, '', 'FAST Pedriatric drop', '', 20.00, 17.00, 20.00, 18.00, 5, NULL, '', 1, '2024-06-23 21:25:19', '2024-07-02 21:50:13', 408, 210),
(36, 'M0036', 800036, 1, 33, 13, 39, 0, '', 'Inj:Trizon 1gm  IV', '', 190.00, 90.00, 190.00, 170.00, 5, NULL, '', 1, '2024-06-23 21:32:13', '2024-07-02 21:47:44', 408, 210),
(37, 'M0037', 800037, 1, 33, 13, 38, 0, '', 'Inj: Trizon 2gm vial', '', 300.00, 160.00, 300.00, 270.00, 5, NULL, '', 1, '2024-06-23 21:46:41', '2024-07-02 21:46:39', 408, 210),
(38, 'M0038', 800038, 1, 63, 13, 49, 0, '', 'Alclor Pedriatric drop', '', 135.00, 115.00, 135.00, 125.00, 5, NULL, '', 1, '2024-06-23 21:55:34', '2024-07-02 21:49:18', 408, 210),
(39, 'M0039', 800039, 1, 34, 13, 37, 0, '', 'Inj: Periset 8mg', '', 30.00, 25.80, 30.00, 28.00, 5, NULL, '', 1, '2024-06-23 22:02:04', '2024-07-02 21:43:26', 408, 210),
(40, 'M0040', 800040, 1, 34, 13, 14, 0, '', 'Ing: Winop 60mg', '', 95.00, 36.00, 95.00, 80.00, 5, NULL, '', 1, '2024-06-24 11:05:56', '2024-07-02 21:42:46', 408, 210),
(41, 'M0041', 800041, 1, 34, 9, 38, 0, '', 'Ceftizone 2gmiv', '', 400.00, 200.00, 360.00, 330.00, 5, NULL, '', 1, '2024-06-24 11:20:25', '2024-06-26 18:06:26', 408, 408),
(42, 'M0042', 800042, 1, 34, 13, 14, 0, '', 'Ing: Winop 30mg', '', 55.00, 34.00, 55.00, 50.00, 5, NULL, '', 1, '2024-06-26 21:24:09', '2024-07-02 21:41:19', 408, 210),
(43, 'M0043', 800043, 1, 30, 4, 43, 0, '', 'Ometid IV 40mg', '', 0.00, 68.00, 0.00, 0.00, 5, NULL, '', 1, '2024-06-28 21:12:21', '0000-00-00 00:00:00', 210, 0),
(44, 'M0044', 800044, 1, 30, 4, 52, 0, '', 'Metryl Iv 500mg', '', 0.00, 0.00, 0.00, 0.00, 5, NULL, '', 1, '2024-06-28 21:14:17', '0000-00-00 00:00:00', 210, 0),
(45, 'M0045', 800045, 1, 87, 4, 56, 4, '', 'Tab Vasco 250', '', 2.00, 1.62, 2.00, 0.00, 5, NULL, '', 1, '2024-06-29 22:17:58', '0000-00-00 00:00:00', 210, 0),
(46, 'M0046', 800046, 1, 33, 4, 29, 1, '', 'ing Tranal 100mg', '', 20.00, 14.00, 20.00, 0.00, 5, NULL, '', 1, '2024-06-29 22:29:55', '0000-00-00 00:00:00', 210, 0),
(47, 'M0047', 800047, 1, 33, 4, 20, 4, '', 'Ing Cotson 100mg', '', 60.00, 34.98, 60.00, 0.00, 5, NULL, '', 1, '2024-06-29 22:37:20', '0000-00-00 00:00:00', 210, 0),
(48, 'M0048', 800048, 1, 33, 4, 52, 4, '', 'inj. Metryl 500mg', '', 85.00, 50.00, 85.00, 70.00, 5, NULL, '', 1, '2024-06-29 22:40:44', '2024-07-14 17:12:04', 210, 408),
(49, 'M0049', 800049, 1, 30, 18, 46, 4, '', 'ing Ns 1000ml', '', 110.00, 80.00, 110.00, 0.00, 5, NULL, '', 1, '2024-06-30 21:35:33', '0000-00-00 00:00:00', 210, 0),
(50, 'M0050', 800050, 1, 33, 18, 46, 4, '', 'Dns 1000ml', '', 100.00, 86.00, 100.00, 0.00, 5, NULL, '', 1, '2024-06-30 21:38:50', '0000-00-00 00:00:00', 210, 0),
(51, 'M0051', 800051, 1, 30, 18, 0, 4, '', 'Hs 1000ml', '', 92.00, 79.00, 92.00, 0.00, 5, NULL, '', 1, '2024-06-30 21:39:52', '0000-00-00 00:00:00', 210, 0),
(52, 'M0052', 800052, 1, 30, 18, 23, 4, '', 'baby Saline', '', 72.00, 62.00, 72.00, 0.00, 5, NULL, '', 1, '2024-06-30 21:41:39', '0000-00-00 00:00:00', 210, 0),
(53, 'M0053', 800053, 1, 30, 18, 23, 4, '', 'Babysol Junior', '', 72.00, 63.00, 72.00, 0.00, 5, NULL, '', 1, '2024-06-30 21:42:45', '0000-00-00 00:00:00', 210, 0),
(54, 'M0054', 800054, 1, 30, 18, 23, 4, '', 'Da 5%ml', '', 92.00, 78.00, 92.00, 0.00, 5, NULL, '', 1, '2024-06-30 21:44:42', '0000-00-00 00:00:00', 210, 0),
(55, 'M0055', 800055, 1, 30, 15, 46, 4, '', 'Inj: Plasmasol 500ml', '', 650.00, 575.00, 650.00, 0.00, 5, NULL, '', 1, '2024-06-30 21:47:05', '2024-07-02 21:59:23', 210, 210),
(56, 'M0056', 800056, 1, 30, 15, 23, 4, '', 'DNS1000ml', '', 100.00, 86.00, 100.00, 0.00, 5, NULL, '', 1, '2024-06-30 21:58:08', '2024-07-02 21:58:57', 210, 210),
(57, 'M0057', 800057, 1, 30, 15, 57, 4, '', 'H/S 1000ml', '', 92.00, 79.00, 92.00, 0.00, 5, NULL, '', 1, '2024-06-30 22:01:41', '2024-07-02 21:57:40', 210, 210),
(58, 'M0058', 800058, 1, 30, 15, 46, 4, '', 'N/S 1000ml', '', 87.00, 74.00, 87.00, 0.00, 5, NULL, '', 1, '2024-06-30 22:03:20', '2024-07-02 21:56:59', 210, 210),
(59, 'M0059', 800059, 1, 26, 19, 58, 4, '', 'Loracef p drp', '', 135.00, 116.00, 135.00, 0.00, 5, NULL, '', 1, '2024-06-30 22:08:34', '0000-00-00 00:00:00', 210, 0),
(60, 'M0060', 800060, 1, 82, 19, 59, 4, '', 'Glysup', '', 5.00, 4.37, 5.00, 0.00, 5, NULL, '', 1, '2024-06-30 22:13:33', '0000-00-00 00:00:00', 210, 0),
(61, 'M0061', 800061, 1, 75, 16, 60, 4, '', 'Tab Retinol Forte', '', 1.15, 1.00, 1.15, 0.00, 5, NULL, '', 1, '2024-06-30 22:16:54', '2024-07-01 13:59:53', 210, 408),
(62, 'M0062', 800062, 1, 58, 16, 61, 4, '', 'Semecon Drop', '', 46.00, 40.00, 46.00, 0.00, 5, NULL, '', 1, '2024-06-30 22:22:38', '2024-07-01 14:00:52', 210, 408),
(63, 'M0063', 800063, 1, 87, 2, 53, 4, '', 'Tab: Domaid 10mg', '', 4.00, 2.93, 4.00, 0.00, 5, NULL, '', 1, '2024-06-30 22:25:26', '2024-07-02 21:24:46', 210, 210),
(64, 'M0064', 800064, 1, 87, 2, 54, 4, '', 'Tab: Comfy 0.5Mg', '', 7.00, 5.97, 7.00, 0.00, 5, NULL, '', 1, '2024-06-30 22:26:45', '2024-07-02 21:23:45', 210, 210),
(65, 'M0065', 800065, 0, 87, 2, 17, 4, '', 'Tab: Cephoral 400mg', '', 50.00, 44.00, 50.00, 0.00, 5, NULL, '', 1, '2024-06-30 22:28:25', '2024-07-02 21:24:14', 210, 210),
(66, 'M0066', 800066, 1, 87, 2, 12, 4, '', 'Tab: Serdin 120mg', '', 9.00, 6.60, 9.00, 0.00, 5, NULL, '', 1, '2024-06-30 22:29:31', '2024-07-02 21:18:55', 210, 210),
(67, 'M0067', 800067, 1, 44, 5, 22, 4, '', 'Windel Plus Solution', '', 20.00, 17.58, 0.00, 0.00, 5, NULL, '', 1, '2024-06-30 22:31:45', '2024-07-02 21:37:12', 210, 210),
(68, 'M0068', 800068, 1, 43, 0, 0, 4, '', 'Budicort', '', 60.00, 40.00, 60.00, 0.00, 5, NULL, '', 1, '2024-06-30 22:33:15', '2024-07-01 13:57:21', 210, 408),
(69, 'M0069', 800069, 1, 30, 5, 21, 4, '', 'Inj: Nalbun-2mg', '', 100.00, 70.00, 100.00, 0.00, 5, NULL, '', 1, '2024-06-30 22:44:14', '2024-07-02 21:36:32', 210, 210),
(70, 'M0070', 800070, 1, 30, 5, 27, 4, '', 'Inj: K-mm 2mg', '', 17.00, 20.00, 17.00, 0.00, 5, NULL, '', 1, '2024-06-30 22:45:30', '2024-07-02 21:35:58', 210, 210),
(71, 'M0071', 800071, 1, 34, 4, 42, 4, '', 'Esotid 40Mg iv/im', '', 100.00, 50.00, 100.00, 0.00, 5, NULL, '', 1, '2024-06-30 22:47:18', '2024-07-01 13:55:40', 210, 408),
(72, 'M0072', 800072, 1, 34, 4, 20, 4, '', 'Cotson Ing', '', 60.00, 40.00, 60.00, 0.00, 5, NULL, '', 1, '2024-06-30 22:48:34', '2024-07-01 13:54:08', 210, 408),
(73, 'M0073', 800073, 1, 87, 4, 56, 4, '', 'Vasco 250Mg Tab', '', 2.00, 1.63, 2.00, 0.00, 5, NULL, '', 1, '2024-06-30 22:49:55', '0000-00-00 00:00:00', 210, 0),
(74, 'M0074', 800074, 1, 30, 0, 30, 4, '', 'Opsonil 50Mg/2Ml', '', 10.00, 3.44, 10.00, 0.00, 5, NULL, '', 1, '2024-06-30 22:51:19', '0000-00-00 00:00:00', 210, 0),
(75, 'M0075', 800075, 1, 30, 8, 27, 4, '', 'Babykion Ing', '', 20.00, 17.00, 20.00, 0.00, 5, NULL, '', 1, '2024-06-30 22:53:54', '0000-00-00 00:00:00', 210, 0),
(76, 'M0076', 800076, 1, 30, 8, 28, 4, '', 'Pitocin Ing', '', 25.00, 8.00, 25.00, 0.00, 5, NULL, '', 1, '2024-06-30 22:55:34', '0000-00-00 00:00:00', 210, 0),
(77, 'M0077', 800077, 1, 82, 21, 35, 4, '', 'Voltaline 50Mg Supp', '', 60.00, 54.00, 60.00, 55.00, 5, NULL, '', 1, '2024-06-30 22:58:38', '2024-07-01 13:52:32', 210, 408),
(78, 'M0078', 800078, 1, 3, 3, 32, 4, '', 'Cap: Flucloxin 500mg', '', 12.00, 8.40, 12.00, 0.00, 5, NULL, '', 1, '2024-06-30 22:59:55', '2024-07-02 22:01:42', 210, 210),
(79, 'M0079', 800079, 1, 30, 3, 19, 4, '', 'Inj: Parix Iv/Im', '', 200.00, 160.00, 200.00, 0.00, 5, NULL, '', 1, '2024-06-30 23:01:51', '2024-07-02 22:00:55', 210, 210),
(80, 'M0080', 800080, 1, 30, 3, 38, 4, '', 'Inj: Triject 2mg IV', '', 350.00, 180.00, 350.00, 0.00, 5, NULL, '', 1, '2024-06-30 23:03:08', '2024-07-02 22:00:23', 210, 210),
(81, 'M0081', 800081, 2, 83, 17, 64, 2, '', 'urine bag', '', 60.00, 22.00, 60.00, 0.00, 5, NULL, '', 1, '2024-07-01 10:56:40', '0000-00-00 00:00:00', 408, 0),
(82, 'M0082', 800082, 2, 83, 17, 64, 4, '', 'Hand wash', '', 40.00, 25.00, 0.00, 0.00, 5, NULL, '', 1, '2024-07-01 11:40:08', '0000-00-00 00:00:00', 408, 0),
(83, 'M0083', 800083, 2, 83, 17, 64, 4, '', 'Infusion set', '', 30.00, 22.00, 30.00, 0.00, 5, NULL, '', 1, '2024-07-01 11:41:48', '0000-00-00 00:00:00', 408, 0),
(84, 'M0084', 800084, 2, 83, 17, 64, 4, '', 'Bell(soft)', '', 375.00, 125.00, 375.00, 0.00, 5, NULL, '', 1, '2024-07-01 11:43:54', '2024-07-01 13:51:03', 408, 408),
(85, 'M0085', 800085, 2, 83, 17, 64, 4, '', 'Gloves(ontime)', '', 5.00, 3.80, 5.00, 0.00, 5, NULL, '', 1, '2024-07-01 11:45:25', '0000-00-00 00:00:00', 408, 0),
(86, 'M0086', 800086, 2, 83, 17, 64, 4, '', 'Cord clumb', '', 30.00, 6.50, 30.00, 0.00, 5, NULL, '', 1, '2024-07-01 11:50:13', '0000-00-00 00:00:00', 408, 0),
(87, 'M0087', 800087, 2, 83, 17, 64, 4, '', 'Gauze', '', 5.00, 3.08, 5.00, 0.00, 5, NULL, '', 1, '2024-07-01 11:51:28', '0000-00-00 00:00:00', 408, 0),
(88, 'M0088', 800088, 2, 83, 17, 64, 4, '', 'Medi tape', '', 65.00, 48.34, 65.00, 0.00, 5, NULL, '', 1, '2024-07-01 11:53:31', '0000-00-00 00:00:00', 408, 0),
(89, 'M0089', 800089, 2, 83, 17, 64, 4, '', 'Catheter', '', 60.00, 35.00, 60.00, 0.00, 5, NULL, '', 1, '2024-07-01 11:54:36', '0000-00-00 00:00:00', 408, 0),
(90, 'M0090', 800090, 2, 83, 17, 64, 4, '', 'Cannula 18', '', 30.00, 20.00, 30.00, 0.00, 5, NULL, '', 1, '2024-07-01 11:56:10', '0000-00-00 00:00:00', 408, 0),
(91, 'M0091', 800091, 2, 83, 17, 64, 4, '', 'Cannula 20', '', 30.00, 20.00, 30.00, 0.00, 5, NULL, '', 1, '2024-07-01 11:57:02', '0000-00-00 00:00:00', 408, 0),
(92, 'M0092', 800092, 2, 83, 17, 64, 4, '', 'CAnnula 22', '', 30.00, 20.00, 30.00, 0.00, 5, NULL, '', 1, '2024-07-01 11:58:33', '0000-00-00 00:00:00', 408, 0),
(93, 'M0093', 800093, 2, 83, 17, 64, 4, '', 'polydine', '', 40.00, 24.00, 40.00, 0.00, 5, NULL, '', 1, '2024-07-01 11:59:58', '0000-00-00 00:00:00', 408, 0),
(94, 'M0094', 800094, 2, 83, 17, 64, 4, '', 'Cannufix', '', 30.00, 5.00, 30.00, 0.00, 5, NULL, '', 1, '2024-07-01 12:03:17', '0000-00-00 00:00:00', 408, 0),
(95, 'M0095', 800095, 2, 83, 17, 64, 4, '', 'Dps 5cc', '', 5.00, 3.90, 5.00, 0.00, 5, NULL, '', 1, '2024-07-01 12:04:28', '0000-00-00 00:00:00', 408, 0),
(96, 'M0096', 800096, 2, 83, 17, 64, 4, '', 'Dps 3cc', '', 5.00, 3.40, 5.00, 0.00, 5, NULL, '', 1, '2024-07-01 12:05:30', '0000-00-00 00:00:00', 408, 0),
(97, 'M0097', 800097, 1, 34, 13, 25, 1, '', 'Inj: Tracid 500mg im/iv', '', 65.00, 50.00, 65.00, 60.00, 5, NULL, '', 1, '2024-07-01 13:44:31', '2024-07-02 21:42:09', 408, 210),
(98, 'M0098', 800098, 1, 87, 9, 9, 4, '', 'Maxpro mups 20mg', '', 10.00, 8.80, 10.00, 0.00, 5, NULL, '', 1, '2024-07-01 14:30:19', '0000-00-00 00:00:00', 210, 0),
(99, 'M0099', 800099, 1, 87, 9, 0, 4, '', 'Tab.Rolac 10mg', '', 12.00, 10.56, 12.00, 0.00, 5, NULL, '', 1, '2024-07-01 14:32:21', '0000-00-00 00:00:00', 210, 0),
(100, 'M100', 800100, 1, 87, 9, 36, 0, '', 'Tab.Algin50mg', '', 8.50, 7.80, 8.50, 0.00, 5, NULL, '', 1, '2024-07-01 14:34:47', '0000-00-00 00:00:00', 210, 0),
(101, 'M101', 800101, 1, 87, 9, 5, 0, '', 'Tab.furoclav 500mg', '', 60.00, 52.20, 60.00, 0.00, 5, NULL, '', 1, '2024-07-01 14:36:52', '0000-00-00 00:00:00', 210, 0),
(102, 'M102', 800102, 1, 87, 13, 16, 4, '', 'Tab.Fix-a Ds', '', 60.00, 51.46, 60.00, 0.00, 5, NULL, '', 1, '2024-07-01 14:38:40', '0000-00-00 00:00:00', 210, 0),
(103, 'M103', 800103, 1, 3, 13, 3, 4, '', 'Cap.filofer 30mg', '', 11.00, 9.44, 11.00, 0.00, 5, NULL, '', 1, '2024-07-01 14:42:49', '0000-00-00 00:00:00', 210, 0),
(104, 'M104', 800104, 1, 30, 13, 37, 4, '', 'Inj: Periset 4ml', '', 30.00, 15.00, 30.00, 0.00, 5, NULL, '', 1, '2024-07-01 14:50:02', '2024-07-02 21:40:38', 210, 210),
(105, 'M105', 800105, 1, 30, 13, 42, 4, '', 'Inj.maxima 40mg', '', 90.00, 45.00, 90.00, 0.00, 5, NULL, '', 1, '2024-07-01 14:52:32', '0000-00-00 00:00:00', 210, 0),
(106, 'M106', 800106, 1, 46, 23, 2, 4, '', 'Tigocin', '', 140.00, 123.00, 140.00, 0.00, 5, NULL, '', 1, '2024-07-01 14:55:37', '0000-00-00 00:00:00', 210, 0),
(107, 'M107', 800107, 1, 87, 24, 1, 4, '', 'Tab.clavuxim 500mg', '', 50.00, 42.44, 50.00, 0.00, 5, NULL, '', 1, '2024-07-01 14:57:43', '0000-00-00 00:00:00', 210, 0),
(108, 'M108', 800108, 1, 87, 24, 13, 4, '', 'Tab.nozma 10mg', '', 15.00, 13.13, 15.00, 0.00, 5, NULL, '', 1, '2024-07-01 14:59:14', '0000-00-00 00:00:00', 210, 0),
(109, 'M109', 800109, 1, 36, 29, 56, 4, '', 'Eldobaby-01', '', 280.00, 260.00, 280.00, 0.00, 5, NULL, '', 1, '2024-07-01 15:03:28', '0000-00-00 00:00:00', 210, 0),
(110, 'M110', 800110, 1, 16, 28, 22, 4, '', 'Nosomist Spray', '', 150.00, 131.00, 150.00, 0.00, 5, NULL, '', 1, '2024-07-01 15:06:05', '0000-00-00 00:00:00', 210, 0),
(111, 'M111', 800111, 1, 16, 28, 62, 4, '', 'Nosomist Drop', '', 25.00, 21.87, 25.00, 0.00, 5, NULL, '', 1, '2024-07-01 15:07:46', '0000-00-00 00:00:00', 210, 0),
(112, 'M112', 800112, 1, 87, 27, 7, 4, '', 'Linezolid 600', '', 85.00, 74.00, 85.00, 0.00, 5, NULL, '', 1, '2024-07-01 15:10:11', '0000-00-00 00:00:00', 210, 0),
(113, 'M113', 800113, 1, 87, 27, 6, 4, '', 'Linezolid 400mg', '', 60.00, 52.50, 60.00, 0.00, 5, NULL, '', 1, '2024-07-01 15:11:13', '0000-00-00 00:00:00', 210, 0),
(114, 'M114', 800114, 1, 87, 27, 12, 4, '', 'Bilasi 20mg', '', 15.00, 13.13, 15.00, 0.00, 5, NULL, '', 1, '2024-07-01 15:12:54', '0000-00-00 00:00:00', 210, 0),
(115, 'M115', 800115, 1, 7, 26, 2, 4, '', 'Jesocaine jelly', '', 150.00, 131.00, 150.00, 0.00, 5, NULL, '', 1, '2024-07-01 15:15:19', '0000-00-00 00:00:00', 210, 0),
(116, 'M116', 800116, 1, 25, 25, 64, 4, '', 'Biorub Hand rub', '', 130.00, 65.00, 130.00, 0.00, 5, NULL, '', 1, '2024-07-01 15:17:11', '0000-00-00 00:00:00', 210, 0),
(117, 'M117', 800117, 1, 86, 25, 47, 4, '', 'Lactu 100ml', '', 140.00, 123.00, 140.00, 0.00, 5, NULL, '', 1, '2024-07-01 15:20:01', '0000-00-00 00:00:00', 210, 0),
(118, 'M118', 800118, 1, 87, 25, 1, 4, '', 'Maxclav 500mg', '', 60.00, 52.50, 60.00, 0.00, 5, NULL, '', 1, '2024-07-01 15:21:01', '0000-00-00 00:00:00', 210, 0),
(119, 'M119', 800119, 2, 0, 17, 0, 3, '', 'Lumber Corset National Ls', '', 850.00, 230.00, 850.00, 0.00, 5, NULL, '', 1, '2024-07-01 19:37:54', '0000-00-00 00:00:00', 408, 0),
(120, 'M120', 800120, 2, 0, 17, 64, 0, '', 'Poviclean 10%', '', 30.00, 24.00, 30.00, 0.00, 5, NULL, '', 1, '2024-07-01 19:44:47', '0000-00-00 00:00:00', 408, 0),
(121, 'M121', 800121, 2, 0, 17, 64, 0, '', 'New Strip Getwell', '', 1.00, 0.75, 1.00, 0.00, 5, NULL, '', 1, '2024-07-01 19:48:27', '0000-00-00 00:00:00', 408, 0),
(122, 'M122', 800122, 2, 34, 17, 64, 0, '', 'Dexan', '', 25.00, 9.00, 25.00, 20.00, 5, NULL, '', 1, '2024-07-01 19:50:33', '0000-00-00 00:00:00', 408, 0),
(123, 'M123', 800123, 2, 0, 17, 64, 0, '', 'Lumber Corset Ls Tynor', '', 1830.00, 1050.00, 1830.00, 0.00, 5, NULL, '', 1, '2024-07-01 19:55:23', '0000-00-00 00:00:00', 408, 0),
(124, 'M124', 800124, 2, 0, 17, 64, 0, '', 'Roller Bandage 6\'\'', '', 20.00, 13.00, 20.00, 0.00, 5, NULL, '', 1, '2024-07-01 19:58:46', '0000-00-00 00:00:00', 408, 0),
(125, 'M125', 800125, 2, 0, 17, 64, 0, '', 'Gloves Comtex 7', '', 35.00, 22.00, 35.00, 0.00, 5, NULL, '', 1, '2024-07-01 20:23:17', '0000-00-00 00:00:00', 408, 0),
(126, 'M126', 800126, 1, 26, 3, 51, 4, '', 'inj.Flucloxin 500mg', '', 45.00, 39.38, 45.00, 0.00, 5, NULL, '', 1, '2024-07-02 14:20:00', '0000-00-00 00:00:00', 408, 0),
(127, 'M127', 800127, 1, 3, 3, 11, 4, '', 'Cap.losectil 20mg', '', 5.00, 4.38, 5.00, 0.00, 5, NULL, '', 1, '2024-07-02 14:22:16', '0000-00-00 00:00:00', 408, 0),
(128, 'M128', 800128, 1, 87, 3, 18, 4, '', 'Tab.tamen tarbo', '', 3.00, 2.63, 3.00, 0.00, 5, NULL, '', 1, '2024-07-02 14:24:32', '0000-00-00 00:00:00', 408, 0),
(129, 'M129', 800129, 1, 48, 13, 61, 0, '', 'Drop.flatunil', '', 35.00, 30.63, 35.00, 0.00, 5, NULL, '', 1, '2024-07-02 14:26:32', '0000-00-00 00:00:00', 408, 0),
(130, 'M130', 800130, 1, 30, 15, 36, 1, '', 'Inj.onium 5mg', '', 25.00, 21.88, 25.00, 0.00, 5, NULL, '', 1, '2024-07-02 14:29:12', '0000-00-00 00:00:00', 408, 0),
(131, 'M131', 800131, 1, 30, 15, 41, 4, '', 'Inj.ketorin 30mg', '', 55.00, 30.00, 55.00, 0.00, 5, NULL, '', 1, '2024-07-02 14:30:47', '0000-00-00 00:00:00', 408, 0),
(132, 'M132', 800132, 1, 34, 12, 38, 4, '', 'inj.Rakxon 2mg', '', 500.00, 282.60, 500.00, 0.00, 5, NULL, '', 1, '2024-07-02 14:33:12', '2024-07-08 19:18:21', 408, 408),
(133, 'M133', 800133, 1, 34, 18, 39, 0, '', 'inj.Bakticef 1gm', '', 220.00, 80.00, 220.00, 0.00, 5, NULL, '', 1, '2024-07-02 14:35:11', '0000-00-00 00:00:00', 408, 0),
(134, 'M134', 800134, 1, 30, 30, 65, 1, '', 'inj.Kacin 100mg', '', 55.00, 48.13, 55.00, 0.00, 5, NULL, '', 1, '2024-07-02 14:40:35', '0000-00-00 00:00:00', 408, 0),
(135, 'M135', 800135, 1, 30, 2, 39, 0, '', 'inj.ceftriiaid 1gm', '', 320.00, 274.40, 320.00, 0.00, 5, NULL, '', 1, '2024-07-02 14:43:22', '0000-00-00 00:00:00', 408, 0),
(136, 'M136', 800136, 1, 86, 2, 45, 4, '', 'syp.gavinate 200ml', '', 300.00, 231.00, 300.00, 0.00, 5, NULL, '', 1, '2024-07-02 14:46:51', '0000-00-00 00:00:00', 408, 0),
(137, 'M137', 800137, 1, 30, 9, 24, 1, '', 'inj.xamic 500mg', '', 55.00, 48.13, 55.00, 0.00, 5, NULL, '', 1, '2024-07-02 15:26:19', '0000-00-00 00:00:00', 408, 0),
(138, 'M138', 800138, 1, 30, 9, 41, 4, '', 'inj.Rolac 30mg', '', 45.00, 39.38, 45.00, 0.00, 5, NULL, '', 1, '2024-07-02 15:27:45', '0000-00-00 00:00:00', 408, 0),
(139, 'M139', 800139, 1, 30, 4, 23, 1, '', 'inj.metherspan 200mg', '', 3.00, 1.50, 3.00, 0.00, 5, NULL, '', 1, '2024-07-02 15:29:35', '0000-00-00 00:00:00', 408, 0),
(140, 'M140', 800140, 1, 30, 4, 34, 1, '', 'inj.Vergon', '', 10.00, 7.88, 10.00, 0.00, 5, NULL, '', 0, '2024-07-02 15:31:40', '2024-07-02 20:49:25', 408, 210),
(141, 'M141', 800141, 1, 86, 4, 47, 4, '', 'syp.laclose 100ml', '', 140.00, 123.00, 140.00, 0.00, 5, NULL, '', 1, '2024-07-02 15:33:44', '0000-00-00 00:00:00', 408, 0),
(142, 'M142', 800142, 1, 87, 4, 30, 4, '', 'Tab.Opsonil', '', 5.00, 4.38, 5.00, 0.00, 5, NULL, '', 1, '2024-07-02 15:35:49', '0000-00-00 00:00:00', 408, 0),
(143, 'M143', 800143, 1, 87, 4, 10, 4, '', 'Cap.Esotid 40mg', '', 10.00, 8.75, 10.00, 0.00, 5, NULL, '', 1, '2024-07-02 15:37:07', '0000-00-00 00:00:00', 408, 0),
(144, 'M144', 800144, 1, 3, 4, 9, 4, '', 'Cap.Esotid 20mg', '', 7.00, 6.25, 7.00, 0.00, 5, NULL, '', 1, '2024-07-02 15:38:49', '0000-00-00 00:00:00', 408, 0),
(145, 'M145', 800145, 1, 30, 14, 31, 1, '', 'inj.Avil 45.5mg', '', 30.00, 25.00, 30.00, 0.00, 5, NULL, '', 1, '2024-07-02 15:42:30', '0000-00-00 00:00:00', 408, 0),
(146, 'M146', 800146, 1, 30, 14, 33, 1, '', 'inj.Lasix 20mg', '', 30.00, 20.00, 30.00, 0.00, 5, NULL, '', 1, '2024-07-02 15:45:51', '0000-00-00 00:00:00', 408, 0),
(147, 'M147', 800147, 1, 30, 1, 34, 4, '', 'inj.pradox', '', 375.00, 320.00, 375.00, 0.00, 5, NULL, '', 1, '2024-07-02 15:49:49', '0000-00-00 00:00:00', 408, 0),
(148, 'M148', 800148, 1, 30, 8, 22, 1, '', 'inj.Atropine 0.65mg', '', 25.00, 20.00, 25.00, 0.00, 5, NULL, '', 1, '2024-07-02 15:51:32', '0000-00-00 00:00:00', 408, 0),
(149, 'M149', 800149, 1, 30, 11, 23, 1, '', 'inj.dexon', '', 15.00, 12.75, 15.00, 0.00, 5, NULL, '', 1, '2024-07-02 15:53:09', '0000-00-00 00:00:00', 408, 0),
(150, 'M150', 800150, 3, 36, 29, 59, 4, '', 'sun water 500ml', '', 20.00, 12.80, 20.00, 0.00, 5, NULL, '', 1, '2024-07-02 15:55:43', '0000-00-00 00:00:00', 408, 0),
(151, 'M151', 800151, 2, 83, 17, 64, 4, '', 'Comfort Baby tissue (Big)', '', 300.00, 195.00, 300.00, 0.00, 5, NULL, '', 1, '2024-07-02 15:58:14', '0000-00-00 00:00:00', 408, 0),
(152, 'M152', 800152, 2, 83, 17, 64, 4, '', 'Babycare tissue(Big)', '', 275.00, 160.00, 275.00, 0.00, 5, NULL, '', 1, '2024-07-02 15:59:53', '0000-00-00 00:00:00', 408, 0),
(153, 'M153', 800153, 2, 83, 17, 64, 4, '', 'Babycare tissue (m)', '', 235.00, 140.00, 235.00, 0.00, 5, NULL, '', 1, '2024-07-02 16:01:15', '0000-00-00 00:00:00', 408, 0),
(154, 'M154', 800154, 1, 53, 31, 66, 4, '', 'smc oral saline', '', 6.00, 5.00, 6.00, 0.00, 5, NULL, '', 1, '2024-07-02 16:05:32', '0000-00-00 00:00:00', 408, 0),
(155, 'M155', 800155, 2, 83, 17, 67, 4, '', 'Safety pads', '', 110.00, 45.00, 110.00, 0.00, 5, NULL, '', 1, '2024-07-02 16:08:09', '0000-00-00 00:00:00', 408, 0),
(156, 'M156', 800156, 1, 87, 1, 4, 0, '', 'tab.Momvit', '', 3.00, 2.35, 3.00, 0.00, 5, NULL, '', 1, '2024-07-02 16:10:53', '0000-00-00 00:00:00', 408, 0),
(157, 'M157', 800157, 1, 3, 19, 11, 0, '', 'cap.Seclo 20mg', '', 6.00, 5.25, 6.00, 0.00, 5, NULL, '', 1, '2024-07-02 16:13:29', '0000-00-00 00:00:00', 408, 0),
(158, 'M158', 800158, 1, 34, 7, 37, 1, '', 'Inj. Emistat 8mg', '', 32.00, 28.40, 32.00, 0.00, 5, NULL, '', 1, '2024-07-02 16:17:09', '2024-07-02 21:39:48', 408, 210),
(159, 'M159', 800159, 1, 34, 7, 36, 1, '', 'Inj.Viset 5mg/2ml', '', 30.00, 26.25, 30.00, 0.00, 5, NULL, '', 1, '2024-07-02 16:21:22', '2024-07-02 21:39:02', 408, 210),
(160, 'M160', 800160, 1, 83, 17, 64, 4, '', 'Pop Bandes 6\'\'', '', 170.00, 130.00, 170.00, 0.00, 5, NULL, '', 1, '2024-07-02 16:24:41', '0000-00-00 00:00:00', 408, 0),
(161, 'M161', 800161, 1, 83, 17, 64, 4, '', 'Pop Bandes 4\'\'', '', 150.00, 100.00, 150.00, 0.00, 5, NULL, '', 1, '2024-07-02 16:27:11', '0000-00-00 00:00:00', 408, 0),
(162, 'M162', 800162, 2, 83, 17, 64, 4, '', 'Comfot Fiter', '', 100.00, 55.00, 100.00, 0.00, 5, NULL, '', 1, '2024-07-02 16:29:27', '0000-00-00 00:00:00', 408, 0),
(163, 'M163', 800163, 2, 83, 17, 64, 4, '', 'Nifil', '', 50.00, 30.00, 50.00, 0.00, 5, NULL, '', 1, '2024-07-02 16:32:01', '0000-00-00 00:00:00', 408, 0),
(164, 'M164', 800164, 2, 83, 17, 64, 4, '', 'Roll Bandes 4\'\'', '', 10.00, 4.00, 10.00, 0.00, 5, NULL, '', 1, '2024-07-02 16:35:04', '0000-00-00 00:00:00', 408, 0),
(165, 'M165', 800165, 2, 83, 17, 64, 4, '', 'Hydrogen Proxied', '', 35.00, 27.00, 35.00, 0.00, 5, NULL, '', 1, '2024-07-02 16:43:45', '0000-00-00 00:00:00', 408, 0),
(166, 'M166', 800166, 2, 83, 17, 64, 4, '', 'Creap Bandage', '', 150.00, 90.00, 150.00, 0.00, 5, NULL, '', 1, '2024-07-02 16:50:12', '0000-00-00 00:00:00', 408, 0),
(167, 'M167', 800167, 2, 83, 17, 64, 4, '', 'Soft Roll 6\'\'', '', 50.00, 22.00, 50.00, 0.00, 5, NULL, '', 1, '2024-07-02 16:51:35', '0000-00-00 00:00:00', 408, 0),
(168, 'M168', 800168, 2, 83, 17, 64, 4, '', 'Soft Roll 4\'\'', '', 50.00, 17.00, 50.00, 0.00, 5, NULL, '', 1, '2024-07-02 16:53:28', '0000-00-00 00:00:00', 408, 0),
(169, 'M169', 800169, 2, 83, 17, 64, 0, '', 'Cotton wool', '', 150.00, 40.00, 150.00, 0.00, 5, NULL, '', 1, '2024-07-02 16:55:59', '0000-00-00 00:00:00', 408, 0),
(170, 'M170', 800170, 2, 83, 17, 64, 4, '', 'Blood Bag JMS', '', 330.00, 250.00, 330.00, 0.00, 5, NULL, '', 1, '2024-07-02 16:58:35', '0000-00-00 00:00:00', 408, 0),
(171, 'M171', 800171, 2, 83, 17, 64, 4, '', 'Blood set', '', 22.00, 50.00, 22.00, 0.00, 5, NULL, '', 1, '2024-07-02 16:59:57', '0000-00-00 00:00:00', 408, 0),
(172, 'M172', 800172, 2, 83, 17, 64, 4, '', 'Blood Bag normal', '', 140.00, 100.00, 140.00, 0.00, 5, NULL, '', 1, '2024-07-02 17:01:35', '0000-00-00 00:00:00', 408, 0),
(173, 'M173', 800173, 2, 52, 29, 64, 4, '', 'Eldobaby (teen)', '', 690.00, 760.00, 690.00, 0.00, 5, NULL, '', 1, '2024-07-02 17:04:55', '0000-00-00 00:00:00', 408, 0),
(174, 'M174', 800174, 2, 83, 17, 64, 4, '', 'Ankel brace tynor', '', 1368.00, 850.00, 1368.00, 0.00, 5, NULL, '', 1, '2024-07-02 17:09:14', '0000-00-00 00:00:00', 408, 0),
(175, 'M175', 800175, 2, 83, 17, 64, 4, '', 'Shop', '', 10.00, 7.83, 10.00, 0.00, 5, NULL, '', 1, '2024-07-02 17:11:36', '0000-00-00 00:00:00', 408, 0),
(176, 'M176', 800176, 2, 83, 17, 0, 4, '', 'Rijer', '', 20.00, 14.47, 20.00, 0.00, 5, NULL, '', 1, '2024-07-02 17:12:48', '0000-00-00 00:00:00', 408, 0),
(177, 'M177', 800177, 2, 83, 17, 64, 4, '', 'Dettol', '', 60.00, 45.00, 60.00, 0.00, 5, NULL, '', 1, '2024-07-02 17:24:34', '0000-00-00 00:00:00', 408, 0),
(178, 'M178', 800178, 1, 30, 4, 36, 1, '', 'inj.metherspan', '', 3.00, 1.50, 3.00, 0.00, 5, NULL, '', 1, '2024-07-02 20:32:06', '2024-07-02 20:35:26', 408, 408),
(179, 'M179', 800179, 1, 30, 4, 30, 0, '', 'Inj: Opsonil 50mg', '', 50.00, 2.80, 50.00, 0.00, 5, NULL, '', 1, '2024-07-02 20:44:11', '0000-00-00 00:00:00', 210, 0),
(180, 'M180', 800180, 1, 30, 4, 34, 0, '', 'Inj: Vergon 12.5mg', '', 9.00, 7.25, 9.00, 0.00, 5, NULL, '', 1, '2024-07-02 20:47:20', '0000-00-00 00:00:00', 210, 0),
(181, 'M181', 800181, 1, 28, 5, 62, 1, '', 'Budicort Solution 0.5 mg', '', 40.00, 35.00, 40.00, 0.00, 5, NULL, '', 1, '2024-07-02 21:32:03', '2024-07-02 21:34:04', 408, 210),
(182, 'M182', 800182, 2, 83, 17, 64, 4, '', 'Biorub 100ml', '', 130.00, 65.00, 130.00, 0.00, 5, NULL, '', 1, '2024-07-02 22:22:19', '0000-00-00 00:00:00', 408, 0),
(183, 'M183', 800183, 2, 83, 17, 64, 4, '', 'gloves (ontime)', '', 5.00, 3.75, 5.00, 0.00, 5, NULL, '', 1, '2024-07-02 22:23:41', '0000-00-00 00:00:00', 408, 0),
(184, 'M184', 800184, 2, 36, 17, 64, 4, '', 'sun water', '', 20.00, 12.80, 20.00, 0.00, 5, NULL, '', 1, '2024-07-03 11:53:08', '0000-00-00 00:00:00', 408, 0),
(185, 'M185', 800185, 1, 90, 14, 26, 4, '', 'jasocaine jelly', '', 150.00, 123.00, 150.00, 0.00, 5, NULL, '', 1, '2024-07-05 13:25:12', '2024-07-05 13:28:48', 408, 408),
(186, 'M186', 800186, 1, 32, 15, 0, 2, '', 'Inj: D/A 5% IV Solution', '2390724', 92.00, 78.88, 92.00, 0.00, 20, NULL, '', 1, '2024-07-05 19:11:34', '2024-07-05 19:16:22', 210, 210),
(187, 'M187', 800187, 2, 36, 17, 64, 4, '', 'sun water( 2ltr)', '', 40.00, 25.66, 40.00, 0.00, 5, NULL, '', 1, '2024-07-06 16:43:45', '0000-00-00 00:00:00', 408, 0),
(188, 'M188', 800188, 2, 36, 17, 64, 4, '', 'Sun water 1liter', '', 25.00, 17.50, 25.00, 0.00, 5, NULL, '', 1, '2024-07-08 17:46:28', '0000-00-00 00:00:00', 408, 0),
(189, 'M189', 800189, 1, 30, 12, 39, 0, '', 'Rakxon 1gm iv', '', 250.00, 163.80, 250.00, 0.00, 5, NULL, '', 1, '2024-07-08 19:05:54', '0000-00-00 00:00:00', 408, 0),
(190, 'M190', 800190, 1, 34, 12, 68, 4, '', 'R-penem 1mg iv', '', 1350.00, 752.90, 1350.00, 0.00, 5, NULL, '', 1, '2024-07-08 19:11:54', '0000-00-00 00:00:00', 408, 0),
(191, 'M191', 800191, 1, 32, 15, 69, 4, '', 'D/A 5%', '', 92.00, 78.88, 92.00, 0.00, 5, NULL, '', 1, '2024-07-08 20:05:41', '0000-00-00 00:00:00', 408, 0),
(192, 'M192', 800192, 1, 87, 22, 70, 4, '', 'Tab : Indula', '', 15.00, 12.90, 15.00, 0.00, 5, NULL, '', 1, '2024-07-12 18:14:58', '0000-00-00 00:00:00', 408, 0),
(193, 'M193', 800193, 1, 34, 22, 25, 4, '', 'inj:Xamic', '', 55.00, 47.32, 55.00, 0.00, 5, NULL, '', 1, '2024-07-12 18:19:52', '0000-00-00 00:00:00', 408, 0),
(194, 'M194', 800194, 1, 34, 22, 36, 4, '', 'Inj : Algin', '', 35.00, 30.12, 35.00, 0.00, 5, NULL, '', 1, '2024-07-12 18:21:53', '0000-00-00 00:00:00', 408, 0);

-- --------------------------------------------------------

--
-- Table structure for table `medicine_categories`
--

CREATE TABLE `medicine_categories` (
  `id` int(11) NOT NULL,
  `name` varchar(200) DEFAULT NULL,
  `note` text DEFAULT NULL,
  `sort_by` int(11) NOT NULL DEFAULT 0,
  `status` int(11) NOT NULL DEFAULT 0,
  `created_at` datetime NOT NULL,
  `modified_at` datetime NOT NULL,
  `created_by` int(11) NOT NULL DEFAULT 0,
  `modified_by` int(11) NOT NULL DEFAULT 0
) ENGINE=InnoDB DEFAULT CHARSET=utf8mb3 COLLATE=utf8mb3_general_ci;

--
-- Dumping data for table `medicine_categories`
--

INSERT INTO `medicine_categories` (`id`, `name`, `note`, `sort_by`, `status`, `created_at`, `modified_at`, `created_by`, `modified_by`) VALUES
(1, 'Aerosol Inhalation', '', 0, 1, '2024-06-13 19:12:08', '0000-00-00 00:00:00', 408, 0),
(2, 'Bolus', '', 0, 1, '2024-06-13 19:17:42', '0000-00-00 00:00:00', 408, 0),
(3, 'Capsule', '', 0, 1, '2024-06-13 19:18:08', '0000-00-00 00:00:00', 408, 0),
(4, 'Chewable Tablet', '', 0, 1, '2024-06-13 19:18:54', '0000-00-00 00:00:00', 408, 0),
(5, 'Cozycap', '', 0, 1, '2024-06-13 19:19:16', '0000-00-00 00:00:00', 408, 0),
(6, 'Cr Tablet', '', 0, 1, '2024-06-13 19:20:19', '0000-00-00 00:00:00', 408, 0),
(7, 'Cream', '', 0, 1, '2024-06-13 19:20:37', '0000-00-00 00:00:00', 408, 0),
(8, 'Dialysis Solution', '', 0, 1, '2024-06-13 19:20:59', '0000-00-00 00:00:00', 408, 0),
(9, 'Dispersible Tablet', '', 0, 1, '2024-06-13 19:21:21', '0000-00-00 00:00:00', 408, 0),
(10, 'Dr Tablet', '', 0, 1, '2024-06-13 19:21:45', '0000-00-00 00:00:00', 408, 0),
(11, 'Ear Drop', '', 0, 1, '2024-06-13 19:22:05', '0000-00-00 00:00:00', 408, 0),
(12, 'Elixir', '', 0, 1, '2024-06-13 19:22:25', '0000-00-00 00:00:00', 408, 0),
(13, 'Emulgel', '', 0, 1, '2024-06-13 19:22:44', '0000-00-00 00:00:00', 408, 0),
(14, 'Emulsion', '', 0, 1, '2024-06-13 19:23:42', '0000-00-00 00:00:00', 408, 0),
(15, 'Er Tablet', '', 0, 1, '2024-06-13 19:24:00', '0000-00-00 00:00:00', 408, 0),
(16, 'Eye & Nasal Drops', '', 0, 1, '2024-06-13 19:24:41', '0000-00-00 00:00:00', 408, 0),
(17, 'Eye and Ear Drops', '', 0, 1, '2024-06-13 19:24:59', '0000-00-00 00:00:00', 408, 0),
(18, 'Eye Drops', '', 0, 1, '2024-06-13 19:25:35', '0000-00-00 00:00:00', 408, 0),
(19, 'Eye Gel', '', 0, 1, '2024-06-13 19:25:54', '0000-00-00 00:00:00', 408, 0),
(20, 'Eye Ointment', '', 0, 1, '2024-06-13 19:26:36', '0000-00-00 00:00:00', 408, 0),
(21, 'Eye, Ear & Nasal Drops', '', 0, 1, '2024-06-13 19:26:55', '0000-00-00 00:00:00', 408, 0),
(22, 'Gargle & Mouth Wash', '', 0, 1, '2024-06-13 19:27:25', '0000-00-00 00:00:00', 408, 0),
(23, 'Gel', '', 0, 1, '2024-06-13 19:27:51', '0000-00-00 00:00:00', 408, 0),
(24, 'Granules For Suspension', '', 0, 1, '2024-06-13 19:28:08', '0000-00-00 00:00:00', 408, 0),
(25, 'Hand Rub', '', 0, 1, '2024-06-13 19:28:33', '0000-00-00 00:00:00', 408, 0),
(26, 'IM Injection', '', 0, 1, '2024-06-13 19:31:09', '0000-00-00 00:00:00', 408, 0),
(27, 'Inhalation Capsule', '', 0, 1, '2024-06-13 19:33:38', '0000-00-00 00:00:00', 408, 0),
(28, 'Inhalation Solution', '', 0, 1, '2024-06-13 19:34:09', '0000-00-00 00:00:00', 408, 0),
(29, 'Inhaler', '', 0, 1, '2024-06-13 19:34:48', '0000-00-00 00:00:00', 408, 0),
(30, 'Injection', '', 0, 1, '2024-06-13 19:35:13', '0000-00-00 00:00:00', 408, 0),
(31, 'Irrigation Solution', '', 0, 1, '2024-06-13 19:35:39', '0000-00-00 00:00:00', 408, 0),
(32, 'IV Infusion', '', 0, 1, '2024-06-13 19:36:08', '0000-00-00 00:00:00', 408, 0),
(33, 'IV Injection', '', 0, 1, '2024-06-13 19:36:35', '0000-00-00 00:00:00', 408, 0),
(34, 'IV/IM Injection', '', 0, 1, '2024-06-13 19:37:06', '0000-00-00 00:00:00', 408, 0),
(35, 'Linctus', '', 0, 1, '2024-06-13 19:37:33', '0000-00-00 00:00:00', 408, 0),
(36, 'Liquid', '', 0, 1, '2024-06-13 19:37:56', '0000-00-00 00:00:00', 408, 0),
(37, 'Lotion', '', 0, 1, '2024-06-13 19:38:26', '0000-00-00 00:00:00', 408, 0),
(38, 'Mouth Dissolving Tablet', '', 0, 1, '2024-06-13 19:39:08', '0000-00-00 00:00:00', 408, 0),
(39, 'Mouth Wash', '', 0, 1, '2024-06-13 19:39:37', '0000-00-00 00:00:00', 408, 0),
(40, 'Mouth Wash Antiseptic', '', 0, 1, '2024-06-13 19:40:00', '0000-00-00 00:00:00', 408, 0),
(41, 'Mups Tablet', '', 0, 1, '2024-06-13 19:40:36', '0000-00-00 00:00:00', 408, 0),
(42, 'Nasal Drops', '', 0, 1, '2024-06-13 19:41:10', '0000-00-00 00:00:00', 408, 0),
(43, 'Nasal Spray', '', 0, 1, '2024-06-13 19:41:34', '0000-00-00 00:00:00', 408, 0),
(44, 'Nebuliser Solution', '', 0, 1, '2024-06-13 19:42:19', '0000-00-00 00:00:00', 408, 0),
(45, 'Odt Tablet', '', 0, 1, '2024-06-13 19:43:03', '0000-00-00 00:00:00', 408, 0),
(46, 'Ointment', '', 0, 1, '2024-06-13 19:43:36', '0000-00-00 00:00:00', 408, 0),
(47, 'Ophthalmic Emulsion', '', 0, 1, '2024-06-13 19:44:07', '0000-00-00 00:00:00', 408, 0),
(48, 'Oral Drops', '', 0, 1, '2024-06-13 19:44:34', '0000-00-00 00:00:00', 408, 0),
(49, 'Oral Emulsion', '', 0, 1, '2024-06-13 19:44:58', '0000-00-00 00:00:00', 408, 0),
(50, 'Oral Gel', '', 0, 1, '2024-06-13 19:45:49', '0000-00-00 00:00:00', 408, 0),
(51, 'Oral Paste', '', 0, 1, '2024-06-13 19:46:12', '0000-00-00 00:00:00', 408, 0),
(52, 'Oral Powder', '', 0, 1, '2024-06-13 19:46:36', '0000-00-00 00:00:00', 408, 0),
(53, 'Oral Saline', '', 0, 1, '2024-06-13 19:46:58', '0000-00-00 00:00:00', 408, 0),
(54, 'Oral Soluble Film', '', 0, 1, '2024-06-13 19:47:28', '0000-00-00 00:00:00', 408, 0),
(55, 'Oral Solution', '', 0, 1, '2024-06-13 19:47:56', '0000-00-00 00:00:00', 408, 0),
(56, 'Orodispersible Tablet', '', 0, 1, '2024-06-13 19:48:20', '0000-00-00 00:00:00', 408, 0),
(57, 'Ors Tablet', '', 0, 1, '2024-06-13 19:48:42', '0000-00-00 00:00:00', 408, 0),
(58, 'Paediatric Drops', '', 0, 1, '2024-06-13 19:49:11', '0000-00-00 00:00:00', 408, 0),
(59, 'Pellets', '', 0, 1, '2024-06-13 19:49:37', '0000-00-00 00:00:00', 408, 0),
(60, 'Pellets For Suspension', '', 0, 1, '2024-06-13 19:51:25', '0000-00-00 00:00:00', 408, 0),
(61, 'Per Rectal', '', 0, 1, '2024-06-13 19:51:52', '0000-00-00 00:00:00', 408, 0),
(62, 'Powder', '', 0, 1, '2024-06-13 19:53:33', '0000-00-00 00:00:00', 408, 0),
(63, 'Powder for Pedriatric Drop', '', 0, 1, '2024-06-13 19:54:25', '0000-00-00 00:00:00', 408, 0),
(64, 'Powder For Suspension', '', 0, 1, '2024-06-13 19:54:58', '0000-00-00 00:00:00', 408, 0),
(65, 'Pr Tablet', '', 0, 1, '2024-06-13 19:55:22', '0000-00-00 00:00:00', 408, 0),
(66, 'Rapid Tablet', '', 0, 1, '2024-06-13 19:56:46', '0000-00-00 00:00:00', 408, 0),
(67, 'Raw Materials', '', 0, 1, '2024-06-13 19:57:14', '0000-00-00 00:00:00', 408, 0),
(68, 'Rectal Ointment', '', 0, 1, '2024-06-13 19:57:58', '0000-00-00 00:00:00', 408, 0),
(69, 'Resperitory Solution', '', 0, 1, '2024-06-13 19:58:37', '0000-00-00 00:00:00', 408, 0),
(70, 'Respirator Suspension', '', 0, 1, '2024-06-13 19:59:48', '0000-00-00 00:00:00', 408, 0),
(71, 'Sached Powder', '', 0, 1, '2024-06-13 20:00:15', '0000-00-00 00:00:00', 408, 0),
(72, 'Sachet', '', 0, 1, '2024-06-13 20:00:39', '0000-00-00 00:00:00', 408, 0),
(73, 'Scalp Lotion', '', 0, 1, '2024-06-13 20:01:04', '0000-00-00 00:00:00', 408, 0),
(74, 'Shampoo', '', 0, 1, '2024-06-13 20:02:12', '0000-00-00 00:00:00', 408, 0),
(75, 'Soft Gelatin Capsule', '', 0, 1, '2024-06-13 20:03:21', '0000-00-00 00:00:00', 408, 0),
(76, 'Solution', '', 0, 1, '2024-06-13 20:03:56', '0000-00-00 00:00:00', 408, 0),
(77, 'Solution For Infusion', '', 0, 1, '2024-06-13 20:04:21', '0000-00-00 00:00:00', 408, 0),
(78, 'Solution For Injection', '', 0, 1, '2024-06-13 20:18:09', '0000-00-00 00:00:00', 408, 0),
(79, 'Spray', '', 0, 1, '2024-06-13 20:18:36', '0000-00-00 00:00:00', 408, 0),
(80, 'Sr Capsule', '', 0, 1, '2024-06-13 20:19:39', '0000-00-00 00:00:00', 408, 0),
(81, 'Sr Tablet', '', 0, 1, '2024-06-13 20:20:03', '0000-00-00 00:00:00', 408, 0),
(82, 'Suppository', '', 0, 1, '2024-06-13 20:20:39', '0000-00-00 00:00:00', 408, 0),
(83, 'Surgical product', '', 0, 1, '2024-06-13 20:21:01', '0000-00-00 00:00:00', 408, 0),
(84, 'Suspension', '', 0, 1, '2024-06-13 20:21:19', '0000-00-00 00:00:00', 408, 0),
(85, 'Syringe', '', 0, 1, '2024-06-13 20:21:40', '0000-00-00 00:00:00', 408, 0),
(86, 'Syrup', '', 0, 1, '2024-06-13 20:21:57', '0000-00-00 00:00:00', 408, 0),
(87, 'Tablet', '', 0, 1, '2024-06-13 20:22:23', '0000-00-00 00:00:00', 408, 0),
(88, 'Topical Solution', '', 0, 1, '2024-06-13 20:22:44', '0000-00-00 00:00:00', 408, 0),
(89, 'Vaginal Cream', '', 0, 1, '2024-06-13 20:23:19', '0000-00-00 00:00:00', 408, 0),
(90, 'Vaginal Gel', '', 0, 1, '2024-06-13 20:23:46', '0000-00-00 00:00:00', 408, 0),
(91, 'Vaginal Tablet', '', 0, 1, '2024-06-13 20:24:11', '0000-00-00 00:00:00', 408, 0),
(92, 'Water Soluble Powder', '', 0, 1, '2024-06-13 20:24:39', '0000-00-00 00:00:00', 408, 0),
(93, 'Xr Tablet', '', 0, 1, '2024-06-13 20:25:06', '0000-00-00 00:00:00', 408, 0),
(94, 'Omeprajol iv /im  injection', '', 0, 1, '2024-06-26 21:41:30', '0000-00-00 00:00:00', 408, 0);

-- --------------------------------------------------------

--
-- Table structure for table `medicine_dosages`
--

CREATE TABLE `medicine_dosages` (
  `id` int(11) NOT NULL,
  `category_id` int(11) DEFAULT NULL,
  `name` varchar(200) DEFAULT NULL,
  `short_name` varchar(50) DEFAULT NULL,
  `note` text DEFAULT NULL,
  `sort_by` int(11) NOT NULL DEFAULT 0,
  `status` int(11) NOT NULL DEFAULT 0,
  `created_at` datetime NOT NULL,
  `modified_at` datetime NOT NULL,
  `created_by` int(11) NOT NULL DEFAULT 0,
  `modified_by` int(11) NOT NULL DEFAULT 0
) ENGINE=InnoDB DEFAULT CHARSET=utf8mb3 COLLATE=utf8mb3_general_ci;

-- --------------------------------------------------------

--
-- Table structure for table `medicine_generics`
--

CREATE TABLE `medicine_generics` (
  `id` int(11) NOT NULL,
  `type_id` int(11) DEFAULT NULL,
  `name` varchar(200) DEFAULT NULL,
  `note` text DEFAULT NULL,
  `sort_by` int(11) NOT NULL DEFAULT 0,
  `status` int(11) NOT NULL DEFAULT 0,
  `created_at` datetime NOT NULL,
  `modified_at` datetime NOT NULL,
  `created_by` int(11) NOT NULL DEFAULT 0,
  `modified_by` int(11) NOT NULL DEFAULT 0
) ENGINE=InnoDB DEFAULT CHARSET=utf8mb3 COLLATE=utf8mb3_general_ci;

--
-- Dumping data for table `medicine_generics`
--

INSERT INTO `medicine_generics` (`id`, `type_id`, `name`, `note`, `sort_by`, `status`, `created_at`, `modified_at`, `created_by`, `modified_by`) VALUES
(1, NULL, 'Cefuroxime 500mg & clavulanic Acid 125mg', '', 0, 1, '2024-06-16 16:18:17', '0000-00-00 00:00:00', 210, 0),
(2, NULL, 'Mupirocin BP ointment', '', 0, 1, '2024-06-16 16:27:27', '0000-00-00 00:00:00', 210, 0),
(3, NULL, 'misoprostol', '', 0, 1, '2024-06-16 16:31:45', '0000-00-00 00:00:00', 408, 0),
(4, NULL, 'multivitamin for before', '', 0, 1, '2024-06-16 16:33:43', '0000-00-00 00:00:00', 408, 0),
(5, NULL, 'Cefuroxime 500mg & clavulanic Acid 125mg', '', 0, 1, '2024-06-16 16:34:37', '0000-00-00 00:00:00', 408, 0),
(6, NULL, 'Linezolid 400', '', 0, 1, '2024-06-16 16:35:22', '0000-00-00 00:00:00', 408, 0),
(7, NULL, 'Linezolid 600', '', 0, 1, '2024-06-16 16:36:06', '0000-00-00 00:00:00', 408, 0),
(8, NULL, 'Esomeprazole mups 20', '', 0, 1, '2024-06-16 16:45:33', '0000-00-00 00:00:00', 408, 0),
(9, NULL, 'Esomeprazole 20', '', 0, 1, '2024-06-16 16:46:05', '0000-00-00 00:00:00', 408, 0),
(10, NULL, 'Esomeprazole 40', '', 0, 1, '2024-06-16 16:46:32', '0000-00-00 00:00:00', 408, 0),
(11, NULL, 'Omeprazol 20', '', 0, 1, '2024-06-16 17:14:23', '0000-00-00 00:00:00', 408, 0),
(12, NULL, 'Fexofanadin120', '', 0, 1, '2024-06-16 17:15:21', '0000-00-00 00:00:00', 408, 0),
(13, NULL, 'Montulakust 10', '', 0, 1, '2024-06-16 17:15:52', '0000-00-00 00:00:00', 408, 0),
(14, NULL, 'Ketorolac', '', 0, 1, '2024-06-16 17:17:09', '0000-00-00 00:00:00', 408, 0),
(15, NULL, 'Calcium Carbonate1500 Vitamin 400', '', 0, 1, '2024-06-16 17:18:39', '0000-00-00 00:00:00', 408, 0),
(16, NULL, 'Cefixime 400', '', 0, 1, '2024-06-16 17:19:14', '0000-00-00 00:00:00', 408, 0),
(17, NULL, 'Cefixime 400', '', 0, 1, '2024-06-16 17:19:14', '0000-00-00 00:00:00', 408, 0),
(18, 1, 'Paracetamal', '', 0, 1, '2024-06-16 17:40:26', '0000-00-00 00:00:00', 1, 0),
(19, 1, 'Parcoxib Sodium INN', '', 0, 1, '2024-06-21 15:58:02', '0000-00-00 00:00:00', 408, 0),
(20, 1, 'Hydrocortisone', '', 0, 1, '2024-06-21 15:58:50', '0000-00-00 00:00:00', 408, 0),
(21, 1, 'Nalbuphine Hydrochloride INN', '', 0, 1, '2024-06-21 15:59:50', '0000-00-00 00:00:00', 408, 0),
(22, 1, 'Ipratropium  Bromide 0.5 mg Salbutamol 2.5mg/3ml', '', 0, 1, '2024-06-21 16:07:22', '0000-00-00 00:00:00', 408, 0),
(23, 1, 'Dexamethasone Sodium Phosphate BP 5mg', '', 0, 1, '2024-06-21 16:10:24', '0000-00-00 00:00:00', 408, 0),
(24, 1, 'Gentamicin 80mg/2ml', '', 0, 1, '2024-06-21 16:14:05', '0000-00-00 00:00:00', 408, 0),
(25, 1, 'Tranexamic Acid BP', '', 0, 1, '2024-06-21 16:16:04', '0000-00-00 00:00:00', 408, 0),
(26, 1, 'lidocaine hydrchloride usp', '', 0, 1, '2024-06-21 16:33:37', '0000-00-00 00:00:00', 408, 0),
(27, 0, 'Phytomenadione 2mg', '', 0, 1, '2024-06-21 16:56:28', '0000-00-00 00:00:00', 408, 0),
(28, 0, 'Oxitocine', '', 0, 1, '2024-06-21 16:57:16', '0000-00-00 00:00:00', 408, 0),
(29, 0, 'Tramadol Hydrochloride BP 100mg /2ml', '', 0, 1, '2024-06-21 16:58:55', '0000-00-00 00:00:00', 408, 0),
(30, 0, 'Chlorpromazine Hydrochloride BP 50mg/2ml', '', 0, 1, '2024-06-21 17:00:44', '0000-00-00 00:00:00', 408, 0),
(31, 0, 'Pheniramine Maleate BP', '', 0, 1, '2024-06-21 17:14:08', '0000-00-00 00:00:00', 408, 0),
(32, 0, 'Flucloxacillin Sodium For Injection BP', '', 0, 1, '2024-06-21 17:16:42', '0000-00-00 00:00:00', 408, 0),
(33, 0, 'Furosemide BP', '', 0, 1, '2024-06-21 17:18:01', '0000-00-00 00:00:00', 408, 0),
(34, 0, 'Prochlorperazine Mesilate BP 12.5 mg /ml', '', 0, 1, '2024-06-21 17:21:39', '0000-00-00 00:00:00', 408, 0),
(35, 0, 'Diclofenac Sodium BP 75mg lidocaine Hydrochloride USP 20 mg', '', 0, 1, '2024-06-21 17:23:39', '0000-00-00 00:00:00', 408, 0),
(36, 0, 'Tiemonium Methylsulphate INN 5mg', '', 0, 1, '2024-06-21 17:28:22', '0000-00-00 00:00:00', 408, 0),
(37, 0, 'Ondansetron as Hydrochloride USP 2mg/ml', '', 0, 1, '2024-06-21 17:32:12', '0000-00-00 00:00:00', 408, 0),
(38, 0, 'Ceftriaxone 2gm vial', '', 0, 1, '2024-06-21 17:34:01', '0000-00-00 00:00:00', 408, 0),
(39, 0, 'Ceftriaxone 1gm vail', '', 0, 1, '2024-06-21 17:35:49', '0000-00-00 00:00:00', 408, 0),
(40, 0, 'Ketorolac Tromethamine USP 60mg', '', 0, 1, '2024-06-21 17:37:59', '0000-00-00 00:00:00', 408, 0),
(41, 0, 'Ketorolac Tromethamine USP 30mg', '', 0, 1, '2024-06-21 17:38:27', '0000-00-00 00:00:00', 408, 0),
(42, 0, 'Esomeprazole Sodium BP IV Injection', '', 0, 1, '2024-06-21 17:39:58', '0000-00-00 00:00:00', 408, 0),
(43, 0, 'Omeprazole 40mg IV Injection', '', 0, 1, '2024-06-21 17:41:57', '0000-00-00 00:00:00', 408, 0),
(44, 0, 'Meropenem 1gm IV Injection', '', 0, 1, '2024-06-21 17:44:08', '0000-00-00 00:00:00', 408, 0),
(45, 0, 'Sodium Alginate BP Sodium Bicarbonate BP Calcium Carbonate BP Suspension', '', 0, 1, '2024-06-21 17:45:09', '2024-06-21 17:46:44', 408, 408),
(46, 0, '6%Hydroxyethyl Starch in 0.9% Sodium Chloride Solution', '', 0, 1, '2024-06-21 17:51:04', '0000-00-00 00:00:00', 408, 0),
(47, 0, 'Lactulose USP 3.4mg/5ml', '', 0, 1, '2024-06-21 17:56:29', '0000-00-00 00:00:00', 408, 0),
(48, 0, 'Paracetamol Paediatric Drops', '', 0, 1, '2024-06-21 17:59:14', '0000-00-00 00:00:00', 408, 0),
(49, 0, 'Cefaclor 125mg/1.25ml Powder for Paediatric Drops', '', 0, 1, '2024-06-21 18:01:06', '0000-00-00 00:00:00', 408, 0),
(50, 0, 'Domperidone 5 mg/ml 15 Peadiatric Drops', '', 0, 1, '2024-06-21 18:04:47', '0000-00-00 00:00:00', 408, 0),
(51, 0, 'Flucloxacillin 500 cap', '', 0, 1, '2024-06-21 21:21:20', '0000-00-00 00:00:00', 408, 0),
(52, 1, 'Metronidazole BP 500mg/100ml', '', 0, 1, '2024-06-23 17:06:10', '0000-00-00 00:00:00', 408, 0),
(53, 1, 'Domperidone 10mg', '', 0, 1, '2024-06-23 17:53:00', '0000-00-00 00:00:00', 408, 0),
(54, 1, 'Clonazepam BP 0.5mg', '', 0, 1, '2024-06-23 18:14:41', '0000-00-00 00:00:00', 408, 0),
(55, NULL, 'Opso Saline', '', 0, 1, '2024-06-29 22:06:41', '0000-00-00 00:00:00', 210, 0),
(56, NULL, 'Vitamin c', '', 0, 1, '2024-06-29 22:15:23', '0000-00-00 00:00:00', 210, 0),
(57, NULL, 'Hartmanns s solution', '', 0, 1, '2024-06-30 22:01:15', '0000-00-00 00:00:00', 210, 0),
(58, NULL, 'Loratadin', '', 0, 1, '2024-06-30 22:07:18', '0000-00-00 00:00:00', 210, 0),
(59, NULL, 'Glycerol', '', 0, 1, '2024-06-30 22:12:57', '0000-00-00 00:00:00', 210, 0),
(60, NULL, 'Vitamin A', '', 0, 1, '2024-06-30 22:15:48', '0000-00-00 00:00:00', 210, 0),
(61, NULL, 'Simethicone', '', 0, 1, '2024-06-30 22:21:52', '0000-00-00 00:00:00', 210, 0),
(62, NULL, 'Budesonide 0.1%', '', 0, 1, '2024-06-30 22:33:01', '0000-00-00 00:00:00', 210, 0),
(63, NULL, 'Parecoxib', '', 0, 1, '2024-06-30 23:01:21', '0000-00-00 00:00:00', 210, 0),
(64, 2, 'sobuj serjikal', '', 0, 1, '2024-07-01 10:52:50', '0000-00-00 00:00:00', 408, 0),
(65, 1, 'amikacin', '', 0, 1, '2024-07-02 14:37:34', '0000-00-00 00:00:00', 408, 0),
(66, 1, 'smc', '', 0, 1, '2024-07-02 16:03:31', '0000-00-00 00:00:00', 408, 0),
(67, 1, 'Prerona', '', 0, 1, '2024-07-02 16:06:43', '0000-00-00 00:00:00', 408, 0),
(68, 1, 'meropenem 1gm as meropenem trihydrate USP', '', 0, 1, '2024-07-08 18:59:30', '0000-00-00 00:00:00', 408, 0),
(69, NULL, '5%glucose', '', 0, 1, '2024-07-08 20:03:27', '0000-00-00 00:00:00', 408, 0),
(70, 1, 'Misoprostol BP 200MG', '', 0, 1, '2024-07-12 18:11:17', '0000-00-00 00:00:00', 408, 0);

-- --------------------------------------------------------

--
-- Table structure for table `medicine_invoices`
--

CREATE TABLE `medicine_invoices` (
  `id` int(11) NOT NULL,
  `custom_invoice_id` varchar(50) NOT NULL,
  `prev_invoice_id` int(11) DEFAULT NULL,
  `invoice_type` varchar(50) NOT NULL DEFAULT 'investigation' COMMENT 'opd,ipd,investigation',
  `customer_id` int(11) DEFAULT NULL,
  `customer_name` varchar(100) DEFAULT NULL,
  `walking` tinyint(1) NOT NULL DEFAULT 0 COMMENT '0 = None, 1 = Self',
  `payment_type` varchar(10) NOT NULL DEFAULT 'cash',
  `bill_date` datetime NOT NULL,
  `total_bill` decimal(10,2) UNSIGNED NOT NULL DEFAULT 0.00,
  `special_discount` decimal(10,2) UNSIGNED NOT NULL DEFAULT 0.00,
  `discount` decimal(10,2) UNSIGNED NOT NULL DEFAULT 0.00,
  `net_payable` decimal(10,2) UNSIGNED NOT NULL DEFAULT 0.00,
  `advanced` decimal(10,2) UNSIGNED NOT NULL DEFAULT 0.00,
  `due_amount` decimal(10,2) UNSIGNED NOT NULL DEFAULT 0.00,
  `paid_status` varchar(20) NOT NULL DEFAULT 'paid' COMMENT 'paid or unpaid',
  `payment_status` enum('complete','rejected','canceled') NOT NULL DEFAULT 'complete',
  `note` text DEFAULT NULL,
  `status` tinyint(1) NOT NULL,
  `created_at` datetime NOT NULL,
  `modified_at` datetime NOT NULL,
  `created_by` int(11) NOT NULL,
  `modified_by` int(11) NOT NULL
) ENGINE=InnoDB DEFAULT CHARSET=utf8mb3 COLLATE=utf8mb3_general_ci;

--
-- Dumping data for table `medicine_invoices`
--

INSERT INTO `medicine_invoices` (`id`, `custom_invoice_id`, `prev_invoice_id`, `invoice_type`, `customer_id`, `customer_name`, `walking`, `payment_type`, `bill_date`, `total_bill`, `special_discount`, `discount`, `net_payable`, `advanced`, `due_amount`, `paid_status`, `payment_status`, `note`, `status`, `created_at`, `modified_at`, `created_by`, `modified_by`) VALUES
(1, 'INV-20240700001', 0, 'sale', NULL, 'nagot', 0, 'cash', '2024-07-04 20:20:00', 105.80, 0.00, 0.00, 105.80, 0.00, 105.80, 'unpaid', 'canceled', '', 1, '2024-07-04 20:28:51', '2024-07-04 21:00:02', 210, 210),
(2, 'INV-20240700002', 0, 'sale', NULL, 'nagot', 0, 'cash', '2024-07-04 21:04:00', 37.80, 0.00, 0.00, 37.80, 0.00, 37.80, 'unpaid', 'complete', NULL, 1, '2024-07-04 21:04:58', '0000-00-00 00:00:00', 210, 0),
(3, 'INV-20240700003', 0, 'sale', NULL, 'nagod', 0, 'cash', '2024-07-05 12:58:00', 2680.80, 0.00, 1064.80, 1616.00, 1616.00, 0.00, 'unpaid', 'complete', NULL, 1, '2024-07-05 13:23:29', '0000-00-00 00:00:00', 408, 0),
(4, 'INV-20240700004', 0, 'sale', NULL, 'nagod', 0, 'cash', '2024-07-05 13:39:00', 150.00, 0.00, 0.00, 150.00, 150.00, 0.00, 'paid', 'complete', NULL, 1, '2024-07-05 13:40:31', '0000-00-00 00:00:00', 408, 0),
(5, 'INV-20240700005', 0, 'sale', NULL, 'Ambia/105/lucs', 0, 'cash', '2024-07-05 13:48:00', 6561.60, 0.00, 361.60, 6200.00, 6200.00, 0.00, 'paid', 'canceled', '', 1, '2024-07-05 14:05:44', '2024-07-05 20:43:35', 408, 210),
(6, 'INV-20240700006', 0, 'sale', NULL, 'sumaiya/209/lucs', 0, 'cash', '2024-07-05 15:09:00', 8159.60, 0.00, 759.60, 7400.00, 7400.00, 0.00, 'paid', 'canceled', '', 1, '2024-07-05 15:19:14', '2024-07-05 20:44:20', 408, 210),
(7, 'INV-20240700007', 0, 'sale', NULL, 'ajmira/208/lucs ', 0, 'cash', '2024-07-05 15:20:00', 5632.00, 0.00, 632.00, 5000.00, 5000.00, 0.00, 'paid', 'canceled', '', 1, '2024-07-05 15:29:33', '2024-07-05 20:44:46', 408, 210),
(8, 'INV-20240700008', 0, 'sale', NULL, 'sathi/208/app', 0, 'cash', '2024-07-05 15:30:00', 3601.00, 0.00, 801.00, 2800.00, 2800.00, 0.00, 'paid', 'canceled', '', 1, '2024-07-05 15:37:59', '2024-07-05 20:45:34', 408, 210),
(9, 'INV-20240700009', 0, 'sale', NULL, 'sathi/208/normal', 0, 'cash', '2024-07-05 15:38:00', 1600.00, 0.00, 100.00, 1500.00, 1500.00, 0.00, 'paid', 'complete', NULL, 1, '2024-07-05 15:53:22', '0000-00-00 00:00:00', 408, 0),
(10, 'INV-20240700010', 0, 'sale', NULL, 'shintona /206/lucs', 0, 'cash', '2024-07-05 15:53:00', 7197.60, 0.00, 997.60, 6200.00, 6200.00, 0.00, 'paid', 'canceled', '', 1, '2024-07-05 16:05:50', '2024-07-05 20:46:26', 408, 210),
(11, 'INV-20240700011', 0, 'sale', NULL, 'ripa/205/lucs', 0, 'cash', '2024-07-05 16:06:00', 1167.00, 0.00, 17.00, 1150.00, 1150.00, 0.00, 'paid', 'canceled', '', 1, '2024-07-05 16:17:38', '2024-07-05 20:46:46', 408, 210),
(12, 'INV-20240700012', 0, 'sale', NULL, ' Abul kalam/209/fistwla', 0, 'cash', '2024-07-05 16:36:00', 460.00, 0.00, 10.00, 450.00, 450.00, 0.00, 'paid', 'complete', NULL, 1, '2024-07-05 16:40:04', '0000-00-00 00:00:00', 408, 0),
(13, 'INV-20240700013', 0, 'sale', NULL, 'rubina/204/lucs', 0, 'cash', '2024-07-05 16:40:00', 8578.00, 0.00, 1378.00, 7200.00, 7200.00, 0.00, 'paid', 'canceled', '', 1, '2024-07-05 17:01:10', '2024-07-05 20:45:52', 408, 210),
(14, 'INV-20240700014', 0, 'sale', NULL, 'Nagot', 0, 'cash', '2024-07-05 20:58:00', 1612.00, 0.00, 202.00, 1410.00, 1410.00, 0.00, 'paid', 'complete', NULL, 1, '2024-07-05 21:08:15', '0000-00-00 00:00:00', 210, 0),
(15, 'INV-20240700015', 0, 'sale', NULL, 'nagod', 0, 'cash', '2024-07-06 16:08:00', 3519.00, 0.00, 439.00, 3080.00, 3080.00, 0.00, 'paid', 'complete', NULL, 1, '2024-07-06 16:14:11', '0000-00-00 00:00:00', 408, 0),
(16, 'INV-20240700016', 0, 'sale', NULL, 'sahina/207/lucs', 0, 'cash', '2024-07-06 16:16:00', 6885.00, 0.00, 985.00, 5900.00, 5900.00, 0.00, 'paid', 'complete', NULL, 1, '2024-07-06 16:25:17', '0000-00-00 00:00:00', 408, 0),
(17, 'INV-20240700017', 0, 'sale', NULL, 'nagod', 0, 'cash', '2024-07-07 16:51:00', 152.00, 0.00, 30.00, 122.00, 122.00, 0.00, 'paid', 'complete', NULL, 1, '2024-07-07 16:59:06', '0000-00-00 00:00:00', 408, 0),
(18, 'INV-20240700018', 0, 'sale', NULL, 'Nugot', 0, 'cash', '2024-07-08 19:24:00', 1937.00, 0.00, 252.00, 1685.00, 1685.00, 0.00, 'paid', 'complete', NULL, 1, '2024-07-08 19:42:10', '0000-00-00 00:00:00', 408, 0),
(19, 'INV-20240700019', 0, 'sale', NULL, 'Asma/lucs/204', 0, 'cash', '2024-07-08 19:46:00', 7003.60, 0.00, 1003.60, 6000.00, 6000.00, 0.00, 'paid', 'complete', NULL, 1, '2024-07-08 20:08:13', '0000-00-00 00:00:00', 408, 0),
(20, 'INV-20240700020', 0, 'sale', NULL, 'Nasima/DNC/208', 0, 'cash', '2024-07-08 20:09:00', 823.00, 0.00, 123.00, 700.00, 700.00, 0.00, 'paid', 'complete', NULL, 1, '2024-07-08 20:13:12', '0000-00-00 00:00:00', 408, 0),
(21, 'INV-20240700021', 0, 'sale', NULL, 'Halima/DNC/105', 0, 'cash', '2024-07-08 20:22:00', 682.00, 0.00, 32.00, 650.00, 650.00, 0.00, 'paid', 'complete', NULL, 1, '2024-07-08 20:26:51', '0000-00-00 00:00:00', 408, 0),
(22, 'INV-20240700022', 0, 'sale', NULL, 'Nagot', 0, 'cash', '2024-07-09 14:53:00', 989.60, 0.00, 38.60, 951.00, 951.00, 0.00, 'paid', 'complete', NULL, 1, '2024-07-09 15:00:33', '0000-00-00 00:00:00', 408, 0),
(23, 'INV-20240700023', 0, 'sale', NULL, 'Shorefa/Lucs/205', 0, 'cash', '2024-07-09 15:01:00', 7995.60, 0.00, 1695.60, 6300.00, 6300.00, 0.00, 'paid', 'complete', NULL, 1, '2024-07-09 15:24:15', '0000-00-00 00:00:00', 408, 0),
(24, 'INV-20240700024', 0, 'sale', NULL, 'Shidu/APP/209', 0, 'cash', '2024-07-09 15:24:00', 3284.00, 0.00, 384.00, 2900.00, 2900.00, 0.00, 'paid', 'complete', NULL, 1, '2024-07-09 15:35:24', '0000-00-00 00:00:00', 408, 0),
(25, 'INV-20240700025', 0, 'sale', NULL, 'Khukumoni/Lucs/207', 0, 'cash', '2024-07-09 15:35:00', 7460.60, 0.00, 1260.60, 6200.00, 6200.00, 0.00, 'paid', 'complete', NULL, 1, '2024-07-09 15:52:05', '0000-00-00 00:00:00', 408, 0),
(26, 'INV-20240700026', 0, 'sale', NULL, 'Moni Akter/Lucs/206', 0, 'cash', '2024-07-09 15:52:00', 8150.60, 0.00, 1250.60, 6900.00, 6900.00, 0.00, 'paid', 'complete', NULL, 1, '2024-07-09 16:35:23', '0000-00-00 00:00:00', 408, 0),
(27, 'INV-20240700027', 0, 'sale', NULL, ' Zahida/Lucs/208', 0, 'cash', '2024-07-09 16:41:00', 6152.80, 0.00, 1452.80, 4700.00, 4700.00, 0.00, 'paid', 'complete', NULL, 1, '2024-07-09 17:09:48', '0000-00-00 00:00:00', 408, 0),
(28, 'INV-20240700028', 0, 'sale', NULL, 'Nagot', 0, 'cash', '2024-07-10 18:54:00', 2262.00, 0.00, 167.00, 2095.00, 2095.00, 0.00, 'paid', 'complete', NULL, 1, '2024-07-10 19:01:54', '0000-00-00 00:00:00', 408, 0),
(29, 'INV-20240700029', 0, 'sale', NULL, 'Akber Ali/Fistula/208', 0, 'cash', '2024-07-10 19:02:00', 1532.00, 0.00, 32.00, 1500.00, 1500.00, 0.00, 'paid', 'complete', NULL, 1, '2024-07-10 19:07:12', '0000-00-00 00:00:00', 408, 0),
(30, 'INV-20240700030', 0, 'sale', NULL, 'Nagot', 0, 'cash', '2024-07-11 16:38:00', 4128.80, 0.00, 263.80, 3865.00, 3865.00, 0.00, 'paid', 'complete', NULL, 1, '2024-07-11 17:00:38', '0000-00-00 00:00:00', 408, 0),
(31, 'INV-20240700031', 0, 'sale', NULL, 'Tapos /medicin/104', 0, 'cash', '2024-07-11 17:01:00', 864.60, 0.00, 64.60, 800.00, 800.00, 0.00, 'paid', 'complete', NULL, 1, '2024-07-11 17:08:15', '0000-00-00 00:00:00', 408, 0),
(32, 'INV-20240700032', 0, 'sale', NULL, 'Reshma/lucs/105', 0, 'cash', '2024-07-11 17:09:00', 6479.60, 0.00, 479.60, 6000.00, 6000.00, 0.00, 'paid', 'complete', NULL, 1, '2024-07-11 17:21:43', '0000-00-00 00:00:00', 408, 0),
(33, 'INV-20240700033', 0, 'sale', NULL, 'Baby/Lucs/204', 0, 'cash', '2024-07-11 17:22:00', 5438.60, 0.00, 438.60, 5000.00, 5000.00, 0.00, 'paid', 'complete', NULL, 1, '2024-07-11 17:32:48', '0000-00-00 00:00:00', 408, 0),
(34, 'INV-20240700034', 0, 'sale', NULL, 'Nagot', 0, 'cash', '2024-07-12 18:29:00', 5871.00, 0.00, 1293.00, 4578.00, 4578.00, 0.00, 'paid', 'complete', NULL, 1, '2024-07-12 18:58:59', '0000-00-00 00:00:00', 408, 0),
(35, 'INV-20240700035', 0, 'sale', NULL, 'Marufa/lucs/209', 0, 'cash', '2024-07-12 18:59:00', 854.00, 0.00, 94.00, 760.00, 760.00, 0.00, 'paid', 'complete', NULL, 1, '2024-07-12 19:10:31', '0000-00-00 00:00:00', 408, 0),
(36, 'INV-20240700036', 0, 'sale', NULL, 'Nusrat/lucs/205', 0, 'cash', '2024-07-12 19:11:00', 6364.60, 0.00, 2064.60, 4300.00, 4300.00, 0.00, 'paid', 'complete', NULL, 1, '2024-07-12 20:12:37', '0000-00-00 00:00:00', 408, 0),
(37, 'INV-20240700037', 0, 'sale', NULL, 'Shilpi/Medicin/107', 0, 'cash', '2024-07-12 20:13:00', 592.00, 0.00, 92.00, 500.00, 500.00, 0.00, 'paid', 'complete', NULL, 1, '2024-07-12 20:16:33', '0000-00-00 00:00:00', 408, 0),
(38, 'INV-20240700038', 0, 'sale', NULL, 'Farhana/App/206', 0, 'cash', '2024-07-12 20:20:00', 3463.60, 0.00, 563.60, 2900.00, 2900.00, 0.00, 'paid', 'complete', NULL, 1, '2024-07-12 20:42:35', '0000-00-00 00:00:00', 408, 0),
(39, 'INV-20240700039', 0, 'sale', NULL, 'Samima( Laki)/lucs/208', 0, 'cash', '2024-07-12 20:42:00', 9665.60, 0.00, 1665.60, 8000.00, 8000.00, 0.00, 'paid', 'complete', NULL, 1, '2024-07-12 21:13:56', '0000-00-00 00:00:00', 408, 0),
(40, 'INV-20240700040', 0, 'sale', NULL, 'Sowkat/Harneya/207', 0, 'cash', '2024-07-12 21:15:00', 6419.00, 0.00, 919.00, 5500.00, 5500.00, 0.00, 'paid', 'complete', NULL, 1, '2024-07-12 21:29:09', '0000-00-00 00:00:00', 408, 0),
(41, 'INV-20240700041', 0, 'sale', NULL, 'Nagot', 0, 'cash', '2024-07-13 19:32:00', 473.00, 0.00, 73.00, 400.00, 400.00, 0.00, 'paid', 'complete', NULL, 1, '2024-07-13 19:40:25', '0000-00-00 00:00:00', 408, 0),
(42, 'INV-20240700042', 0, 'sale', NULL, 'Ayskuruni/App/208', 0, 'cash', '2024-07-13 19:42:00', 297.00, 0.00, 67.00, 230.00, 230.00, 0.00, 'paid', 'complete', NULL, 1, '2024-07-13 19:49:01', '0000-00-00 00:00:00', 408, 0),
(43, 'INV-20240700043', 0, 'sale', NULL, 'Nagot', 0, 'cash', '2024-07-14 16:50:00', 3003.00, 0.00, 890.00, 2113.00, 2113.00, 0.00, 'paid', 'complete', NULL, 1, '2024-07-14 17:05:12', '0000-00-00 00:00:00', 408, 0),
(44, 'INV-20240900044', 0, 'sale', 3374, NULL, 0, 'cash', '2024-09-10 15:20:00', 178.00, 0.00, 0.00, 178.00, 0.00, 178.00, 'unpaid', 'canceled', '', 1, '2024-09-10 15:21:37', '2024-09-10 15:22:09', 211, 211),
(45, 'INV-20241200045', 0, 'sale', NULL, NULL, 1, 'cash', '2024-12-23 20:24:00', 100.00, 0.00, 10.00, 90.00, 90.00, 0.00, 'paid', 'complete', NULL, 1, '2024-12-23 20:26:15', '0000-00-00 00:00:00', 1, 0),
(46, 'INV-20241200046', 0, 'sale', NULL, NULL, 1, 'cash', '2024-12-23 20:26:00', 40.00, 0.00, 0.00, 40.00, 40.00, 0.00, 'paid', 'complete', NULL, 1, '2024-12-23 20:27:58', '0000-00-00 00:00:00', 1, 0);

-- --------------------------------------------------------

--
-- Table structure for table `medicine_invoice_details`
--

CREATE TABLE `medicine_invoice_details` (
  `id` int(11) NOT NULL,
  `invoice_id` int(11) NOT NULL,
  `medicine_id` int(11) NOT NULL,
  `batch_no` varchar(15) DEFAULT NULL,
  `quantity` int(11) NOT NULL,
  `rate` decimal(10,2) UNSIGNED NOT NULL DEFAULT 0.00,
  `total_rate` decimal(10,2) UNSIGNED NOT NULL DEFAULT 0.00,
  `discount` decimal(10,2) UNSIGNED NOT NULL DEFAULT 0.00,
  `total_discount` decimal(10,2) UNSIGNED NOT NULL DEFAULT 0.00,
  `status` tinyint(1) NOT NULL,
  `created_at` datetime NOT NULL,
  `modified_at` datetime NOT NULL,
  `created_by` int(11) NOT NULL,
  `modified_by` int(11) NOT NULL
) ENGINE=InnoDB DEFAULT CHARSET=utf8mb3 COLLATE=utf8mb3_general_ci;

--
-- Dumping data for table `medicine_invoice_details`
--

INSERT INTO `medicine_invoice_details` (`id`, `invoice_id`, `medicine_id`, `batch_no`, `quantity`, `rate`, `total_rate`, `discount`, `total_discount`, `status`, `created_at`, `modified_at`, `created_by`, `modified_by`) VALUES
(1, 1, 31, '', 1, 17.80, 17.80, 0.00, 0.00, 1, '2024-07-04 20:28:51', '0000-00-00 00:00:00', 210, 0),
(2, 1, 156, '', 1, 3.00, 3.00, 0.00, 0.00, 1, '2024-07-04 20:28:51', '0000-00-00 00:00:00', 210, 0),
(3, 1, 184, '', 1, 20.00, 20.00, 0.00, 0.00, 1, '2024-07-04 20:28:51', '0000-00-00 00:00:00', 210, 0),
(4, 1, 88, '', 1, 65.00, 65.00, 0.00, 0.00, 1, '2024-07-04 20:28:51', '0000-00-00 00:00:00', 210, 0),
(5, 2, 31, '', 1, 17.80, 17.80, 0.00, 0.00, 1, '2024-07-04 21:04:58', '0000-00-00 00:00:00', 210, 0),
(6, 2, 184, '', 1, 20.00, 20.00, 0.00, 0.00, 1, '2024-07-04 21:04:58', '0000-00-00 00:00:00', 210, 0),
(7, 3, 31, '111', 1, 17.80, 17.80, 0.00, 0.00, 1, '2024-07-05 13:23:29', '0000-00-00 00:00:00', 408, 0),
(8, 3, 184, '111', 5, 20.00, 100.00, 0.00, 0.00, 1, '2024-07-05 13:23:29', '0000-00-00 00:00:00', 408, 0),
(9, 3, 88, '111', 2, 65.00, 130.00, 0.00, 0.00, 1, '2024-07-05 13:23:29', '0000-00-00 00:00:00', 408, 0),
(10, 3, 183, '111', 3, 5.00, 15.00, 0.00, 0.00, 1, '2024-07-05 13:23:29', '0000-00-00 00:00:00', 408, 0),
(11, 3, 156, '111', 6, 3.00, 18.00, 0.00, 0.00, 1, '2024-07-05 13:23:29', '0000-00-00 00:00:00', 408, 0),
(12, 3, 63, '111', 6, 4.00, 24.00, 0.00, 0.00, 1, '2024-07-05 13:23:29', '0000-00-00 00:00:00', 408, 0),
(13, 3, 82, '111', 1, 0.00, 0.00, 0.00, 0.00, 1, '2024-07-05 13:23:29', '0000-00-00 00:00:00', 408, 0),
(14, 3, 109, '111', 1, 280.00, 280.00, 0.00, 0.00, 1, '2024-07-05 13:23:29', '0000-00-00 00:00:00', 408, 0),
(15, 3, 162, '111', 1, 100.00, 100.00, 0.00, 0.00, 1, '2024-07-05 13:23:29', '0000-00-00 00:00:00', 408, 0),
(16, 3, 163, '111', 1, 50.00, 50.00, 0.00, 0.00, 1, '2024-07-05 13:23:29', '0000-00-00 00:00:00', 408, 0),
(17, 3, 155, '111', 1, 110.00, 110.00, 0.00, 0.00, 1, '2024-07-05 13:23:29', '0000-00-00 00:00:00', 408, 0),
(18, 3, 154, '111', 20, 6.00, 120.00, 0.00, 0.00, 1, '2024-07-05 13:23:29', '0000-00-00 00:00:00', 408, 0),
(19, 3, 13, '111', 5, 2.00, 10.00, 0.00, 0.00, 1, '2024-07-05 13:23:29', '0000-00-00 00:00:00', 408, 0),
(20, 3, 9, '111', 1, 90.00, 90.00, 0.00, 0.00, 1, '2024-07-05 13:23:29', '0000-00-00 00:00:00', 408, 0),
(21, 3, 35, '111', 1, 20.00, 20.00, 0.00, 0.00, 1, '2024-07-05 13:23:29', '0000-00-00 00:00:00', 408, 0),
(22, 3, 112, '111', 14, 85.00, 1190.00, 0.00, 0.00, 1, '2024-07-05 13:23:29', '0000-00-00 00:00:00', 408, 0),
(23, 3, 90, '111', 2, 30.00, 60.00, 0.00, 0.00, 1, '2024-07-05 13:23:29', '0000-00-00 00:00:00', 408, 0),
(24, 3, 94, '111', 2, 30.00, 60.00, 0.00, 0.00, 1, '2024-07-05 13:23:29', '0000-00-00 00:00:00', 408, 0),
(25, 3, 10, '111', 1, 10.00, 10.00, 0.00, 0.00, 1, '2024-07-05 13:23:29', '0000-00-00 00:00:00', 408, 0),
(26, 3, 66, '111', 1, 9.00, 9.00, 0.00, 0.00, 1, '2024-07-05 13:23:29', '0000-00-00 00:00:00', 408, 0),
(27, 3, 127, '111', 2, 5.00, 10.00, 0.00, 0.00, 1, '2024-07-05 13:23:29', '0000-00-00 00:00:00', 408, 0),
(28, 3, 172, '111', 1, 140.00, 140.00, 0.00, 0.00, 1, '2024-07-05 13:23:29', '0000-00-00 00:00:00', 408, 0),
(29, 3, 171, '111', 1, 22.00, 22.00, 0.00, 0.00, 1, '2024-07-05 13:23:29', '0000-00-00 00:00:00', 408, 0),
(30, 3, 47, '111', 1, 60.00, 60.00, 0.00, 0.00, 1, '2024-07-05 13:23:29', '0000-00-00 00:00:00', 408, 0),
(31, 3, 145, '111', 1, 30.00, 30.00, 0.00, 0.00, 1, '2024-07-05 13:23:29', '0000-00-00 00:00:00', 408, 0),
(32, 3, 87, '111', 1, 5.00, 5.00, 0.00, 0.00, 1, '2024-07-05 13:23:29', '0000-00-00 00:00:00', 408, 0),
(33, 4, 185, '051', 1, 150.00, 150.00, 0.00, 0.00, 1, '2024-07-05 13:40:31', '0000-00-00 00:00:00', 408, 0),
(34, 5, 90, '111', 1, 30.00, 30.00, 0.00, 0.00, 1, '2024-07-05 14:05:44', '0000-00-00 00:00:00', 408, 0),
(35, 5, 94, '111', 1, 30.00, 30.00, 0.00, 0.00, 1, '2024-07-05 14:05:44', '0000-00-00 00:00:00', 408, 0),
(36, 5, 83, '111', 1, 30.00, 30.00, 0.00, 0.00, 1, '2024-07-05 14:05:44', '0000-00-00 00:00:00', 408, 0),
(37, 5, 149, '111', 3, 15.00, 45.00, 0.00, 0.00, 1, '2024-07-05 14:05:44', '0000-00-00 00:00:00', 408, 0),
(38, 5, 9, '111', 7, 90.00, 630.00, 0.00, 0.00, 1, '2024-07-05 14:05:44', '0000-00-00 00:00:00', 408, 0),
(39, 5, 158, '111', 2, 32.00, 64.00, 0.00, 0.00, 1, '2024-07-05 14:05:44', '0000-00-00 00:00:00', 408, 0),
(40, 5, 66, '111', 10, 9.00, 90.00, 0.00, 0.00, 1, '2024-07-05 14:05:44', '0000-00-00 00:00:00', 408, 0),
(41, 5, 10, '111', 6, 10.00, 60.00, 0.00, 0.00, 1, '2024-07-05 14:05:44', '0000-00-00 00:00:00', 408, 0),
(42, 5, 58, '111', 2, 87.00, 174.00, 0.00, 0.00, 1, '2024-07-05 14:05:44', '0000-00-00 00:00:00', 408, 0),
(43, 5, 89, '111', 1, 60.00, 60.00, 0.00, 0.00, 1, '2024-07-05 14:05:44', '0000-00-00 00:00:00', 408, 0),
(44, 5, 81, '111', 1, 60.00, 60.00, 0.00, 0.00, 1, '2024-07-05 14:05:44', '0000-00-00 00:00:00', 408, 0),
(45, 5, 75, '111', 2, 20.00, 40.00, 0.00, 0.00, 1, '2024-07-05 14:05:44', '0000-00-00 00:00:00', 408, 0),
(46, 5, 86, '111', 1, 30.00, 30.00, 0.00, 0.00, 1, '2024-07-05 14:05:44', '0000-00-00 00:00:00', 408, 0),
(47, 5, 155, '111', 1, 110.00, 110.00, 0.00, 0.00, 1, '2024-07-05 14:05:44', '0000-00-00 00:00:00', 408, 0),
(48, 5, 152, '111', 1, 275.00, 275.00, 0.00, 0.00, 1, '2024-07-05 14:05:44', '0000-00-00 00:00:00', 408, 0),
(49, 5, 180, '111', 1, 9.00, 9.00, 0.00, 0.00, 1, '2024-07-05 14:05:44', '0000-00-00 00:00:00', 408, 0),
(50, 5, 47, '111', 1, 60.00, 60.00, 0.00, 0.00, 1, '2024-07-05 14:05:44', '0000-00-00 00:00:00', 408, 0),
(51, 5, 76, '111', 15, 25.00, 375.00, 0.00, 0.00, 1, '2024-07-05 14:05:44', '0000-00-00 00:00:00', 408, 0),
(52, 5, 5, '111', 6, 300.00, 1800.00, 0.00, 0.00, 1, '2024-07-05 14:05:44', '0000-00-00 00:00:00', 408, 0),
(53, 5, 19, '111', 4, 15.00, 60.00, 0.00, 0.00, 1, '2024-07-05 14:05:44', '0000-00-00 00:00:00', 408, 0),
(54, 5, 79, '111', 2, 200.00, 400.00, 0.00, 0.00, 1, '2024-07-05 14:05:44', '0000-00-00 00:00:00', 408, 0),
(55, 5, 48, '111', 9, 85.00, 765.00, 0.00, 0.00, 1, '2024-07-05 14:05:44', '0000-00-00 00:00:00', 408, 0),
(56, 5, 20, '111', 10, 15.00, 150.00, 0.00, 0.00, 1, '2024-07-05 14:05:44', '0000-00-00 00:00:00', 408, 0),
(57, 5, 69, '111', 1, 100.00, 100.00, 0.00, 0.00, 1, '2024-07-05 14:05:44', '0000-00-00 00:00:00', 408, 0),
(58, 5, 95, '111', 2, 5.00, 10.00, 0.00, 0.00, 1, '2024-07-05 14:05:44', '0000-00-00 00:00:00', 408, 0),
(59, 5, 82, '111', 1, 0.00, 0.00, 0.00, 0.00, 1, '2024-07-05 14:05:44', '0000-00-00 00:00:00', 408, 0),
(60, 5, 120, '111', 1, 30.00, 30.00, 0.00, 0.00, 1, '2024-07-05 14:05:44', '0000-00-00 00:00:00', 408, 0),
(61, 5, 183, '111', 6, 5.00, 30.00, 0.00, 0.00, 1, '2024-07-05 14:05:44', '0000-00-00 00:00:00', 408, 0),
(62, 5, 88, '111', 1, 65.00, 65.00, 0.00, 0.00, 1, '2024-07-05 14:05:44', '0000-00-00 00:00:00', 408, 0),
(63, 5, 87, '111', 6, 5.00, 30.00, 0.00, 0.00, 1, '2024-07-05 14:05:44', '0000-00-00 00:00:00', 408, 0),
(64, 5, 84, '111', 1, 375.00, 375.00, 0.00, 0.00, 1, '2024-07-05 14:05:44', '0000-00-00 00:00:00', 408, 0),
(65, 5, 137, '111', 2, 55.00, 110.00, 0.00, 0.00, 1, '2024-07-05 14:05:44', '0000-00-00 00:00:00', 408, 0),
(66, 5, 77, '111', 3, 60.00, 180.00, 0.00, 0.00, 1, '2024-07-05 14:05:44', '0000-00-00 00:00:00', 408, 0),
(67, 5, 12, '111', 1, 140.00, 140.00, 0.00, 0.00, 1, '2024-07-05 14:05:44', '0000-00-00 00:00:00', 408, 0),
(68, 5, 141, '111', 1, 140.00, 140.00, 0.00, 0.00, 1, '2024-07-05 14:05:44', '0000-00-00 00:00:00', 408, 0),
(69, 5, 61, '111', 4, 1.15, 4.60, 0.00, 0.00, 1, '2024-07-05 14:05:44', '0000-00-00 00:00:00', 408, 0),
(70, 6, 58, '111', 2, 87.00, 174.00, 0.00, 0.00, 1, '2024-07-05 15:19:14', '0000-00-00 00:00:00', 408, 0),
(71, 6, 9, '111', 7, 90.00, 630.00, 0.00, 0.00, 1, '2024-07-05 15:19:14', '0000-00-00 00:00:00', 408, 0),
(72, 6, 90, '111', 1, 30.00, 30.00, 0.00, 0.00, 1, '2024-07-05 15:19:14', '0000-00-00 00:00:00', 408, 0),
(73, 6, 94, '111', 1, 30.00, 30.00, 0.00, 0.00, 1, '2024-07-05 15:19:14', '0000-00-00 00:00:00', 408, 0),
(74, 6, 83, '111', 1, 30.00, 30.00, 0.00, 0.00, 1, '2024-07-05 15:19:14', '0000-00-00 00:00:00', 408, 0),
(75, 6, 89, '111', 1, 60.00, 60.00, 0.00, 0.00, 1, '2024-07-05 15:19:14', '0000-00-00 00:00:00', 408, 0),
(76, 6, 81, '111', 1, 60.00, 60.00, 0.00, 0.00, 1, '2024-07-05 15:19:14', '0000-00-00 00:00:00', 408, 0),
(77, 6, 152, '111', 1, 275.00, 275.00, 0.00, 0.00, 1, '2024-07-05 15:19:14', '0000-00-00 00:00:00', 408, 0),
(78, 6, 75, '111', 2, 20.00, 40.00, 0.00, 0.00, 1, '2024-07-05 15:19:14', '0000-00-00 00:00:00', 408, 0),
(79, 6, 86, '111', 1, 30.00, 30.00, 0.00, 0.00, 1, '2024-07-05 15:19:14', '0000-00-00 00:00:00', 408, 0),
(80, 6, 155, '111', 1, 110.00, 110.00, 0.00, 0.00, 1, '2024-07-05 15:19:14', '0000-00-00 00:00:00', 408, 0),
(81, 6, 183, '111', 8, 5.00, 40.00, 0.00, 0.00, 1, '2024-07-05 15:19:14', '0000-00-00 00:00:00', 408, 0),
(82, 6, 180, '111', 1, 9.00, 9.00, 0.00, 0.00, 1, '2024-07-05 15:19:14', '0000-00-00 00:00:00', 408, 0),
(83, 6, 76, '111', 15, 25.00, 375.00, 0.00, 0.00, 1, '2024-07-05 15:19:14', '0000-00-00 00:00:00', 408, 0),
(84, 6, 132, '111', 6, 500.00, 3000.00, 0.00, 0.00, 1, '2024-07-05 15:19:14', '0000-00-00 00:00:00', 408, 0),
(85, 6, 40, '111', 6, 95.00, 570.00, 0.00, 0.00, 1, '2024-07-05 15:19:14', '0000-00-00 00:00:00', 408, 0),
(86, 6, 48, '111', 9, 85.00, 765.00, 0.00, 0.00, 1, '2024-07-05 15:19:14', '0000-00-00 00:00:00', 408, 0),
(87, 6, 20, '111', 10, 15.00, 150.00, 0.00, 0.00, 1, '2024-07-05 15:19:14', '0000-00-00 00:00:00', 408, 0),
(88, 6, 69, '111', 1, 100.00, 100.00, 0.00, 0.00, 1, '2024-07-05 15:19:14', '0000-00-00 00:00:00', 408, 0),
(89, 6, 95, '111', 2, 5.00, 10.00, 0.00, 0.00, 1, '2024-07-05 15:19:14', '0000-00-00 00:00:00', 408, 0),
(90, 6, 82, '111', 1, 0.00, 0.00, 0.00, 0.00, 1, '2024-07-05 15:19:14', '0000-00-00 00:00:00', 408, 0),
(91, 6, 120, '111', 1, 30.00, 30.00, 0.00, 0.00, 1, '2024-07-05 15:19:14', '0000-00-00 00:00:00', 408, 0),
(92, 6, 88, '111', 1, 65.00, 65.00, 0.00, 0.00, 1, '2024-07-05 15:19:14', '0000-00-00 00:00:00', 408, 0),
(93, 6, 84, '111', 1, 375.00, 375.00, 0.00, 0.00, 1, '2024-07-05 15:19:14', '0000-00-00 00:00:00', 408, 0),
(94, 6, 77, '111', 2, 60.00, 120.00, 0.00, 0.00, 1, '2024-07-05 15:19:14', '0000-00-00 00:00:00', 408, 0),
(95, 6, 87, '111', 3, 5.00, 15.00, 0.00, 0.00, 1, '2024-07-05 15:19:14', '0000-00-00 00:00:00', 408, 0),
(96, 6, 137, '111', 2, 55.00, 110.00, 0.00, 0.00, 1, '2024-07-05 15:19:14', '0000-00-00 00:00:00', 408, 0),
(97, 6, 79, '111', 2, 200.00, 400.00, 0.00, 0.00, 1, '2024-07-05 15:19:14', '0000-00-00 00:00:00', 408, 0),
(98, 6, 109, '111', 1, 280.00, 280.00, 0.00, 0.00, 1, '2024-07-05 15:19:14', '0000-00-00 00:00:00', 408, 0),
(99, 6, 162, '111', 1, 100.00, 100.00, 0.00, 0.00, 1, '2024-07-05 15:19:14', '0000-00-00 00:00:00', 408, 0),
(100, 6, 12, '111', 1, 140.00, 140.00, 0.00, 0.00, 1, '2024-07-05 15:19:14', '0000-00-00 00:00:00', 408, 0),
(101, 6, 61, '111', 4, 1.15, 4.60, 0.00, 0.00, 1, '2024-07-05 15:19:14', '0000-00-00 00:00:00', 408, 0),
(102, 6, 158, '', 1, 32.00, 32.00, 0.00, 0.00, 1, '2024-07-05 15:19:14', '0000-00-00 00:00:00', 408, 0),
(103, 7, 58, '111', 2, 87.00, 174.00, 0.00, 0.00, 1, '2024-07-05 15:29:33', '0000-00-00 00:00:00', 408, 0),
(104, 7, 132, '111', 1, 500.00, 500.00, 0.00, 0.00, 1, '2024-07-05 15:29:33', '0000-00-00 00:00:00', 408, 0),
(105, 7, 9, '111', 7, 90.00, 630.00, 0.00, 0.00, 1, '2024-07-05 15:29:33', '0000-00-00 00:00:00', 408, 0),
(106, 7, 90, '111', 1, 30.00, 30.00, 0.00, 0.00, 1, '2024-07-05 15:29:33', '0000-00-00 00:00:00', 408, 0),
(107, 7, 94, '111', 1, 30.00, 30.00, 0.00, 0.00, 1, '2024-07-05 15:29:33', '0000-00-00 00:00:00', 408, 0),
(108, 7, 83, '111', 1, 30.00, 30.00, 0.00, 0.00, 1, '2024-07-05 15:29:33', '0000-00-00 00:00:00', 408, 0),
(109, 7, 89, '111', 1, 60.00, 60.00, 0.00, 0.00, 1, '2024-07-05 15:29:33', '0000-00-00 00:00:00', 408, 0),
(110, 7, 81, '111', 1, 60.00, 60.00, 0.00, 0.00, 1, '2024-07-05 15:29:33', '0000-00-00 00:00:00', 408, 0),
(111, 7, 77, '', 1, 60.00, 60.00, 0.00, 0.00, 1, '2024-07-05 15:29:33', '0000-00-00 00:00:00', 408, 0),
(112, 7, 180, '111', 1, 9.00, 9.00, 0.00, 0.00, 1, '2024-07-05 15:29:33', '0000-00-00 00:00:00', 408, 0),
(113, 7, 171, '111', 2, 22.00, 44.00, 0.00, 0.00, 1, '2024-07-05 15:29:33', '0000-00-00 00:00:00', 408, 0),
(114, 7, 47, '111', 1, 60.00, 60.00, 0.00, 0.00, 1, '2024-07-05 15:29:33', '0000-00-00 00:00:00', 408, 0),
(115, 7, 5, '111', 6, 300.00, 1800.00, 0.00, 0.00, 1, '2024-07-05 15:29:33', '0000-00-00 00:00:00', 408, 0),
(116, 7, 40, '111', 6, 95.00, 570.00, 0.00, 0.00, 1, '2024-07-05 15:29:33', '0000-00-00 00:00:00', 408, 0),
(117, 7, 48, '111', 9, 85.00, 765.00, 0.00, 0.00, 1, '2024-07-05 15:29:33', '0000-00-00 00:00:00', 408, 0),
(118, 7, 20, '111', 10, 15.00, 150.00, 0.00, 0.00, 1, '2024-07-05 15:29:33', '0000-00-00 00:00:00', 408, 0),
(119, 7, 69, '111', 1, 100.00, 100.00, 0.00, 0.00, 1, '2024-07-05 15:29:33', '0000-00-00 00:00:00', 408, 0),
(120, 7, 95, '111', 2, 5.00, 10.00, 0.00, 0.00, 1, '2024-07-05 15:29:33', '0000-00-00 00:00:00', 408, 0),
(121, 7, 82, '111', 1, 0.00, 0.00, 0.00, 0.00, 1, '2024-07-05 15:29:33', '0000-00-00 00:00:00', 408, 0),
(122, 7, 120, '111', 1, 30.00, 30.00, 0.00, 0.00, 1, '2024-07-05 15:29:33', '0000-00-00 00:00:00', 408, 0),
(123, 7, 183, '111', 4, 5.00, 20.00, 0.00, 0.00, 1, '2024-07-05 15:29:33', '0000-00-00 00:00:00', 408, 0),
(124, 7, 88, '111', 1, 65.00, 65.00, 0.00, 0.00, 1, '2024-07-05 15:29:33', '0000-00-00 00:00:00', 408, 0),
(125, 7, 84, '111', 1, 375.00, 375.00, 0.00, 0.00, 1, '2024-07-05 15:29:33', '0000-00-00 00:00:00', 408, 0),
(126, 7, 87, '111', 6, 5.00, 30.00, 0.00, 0.00, 1, '2024-07-05 15:29:33', '0000-00-00 00:00:00', 408, 0),
(127, 7, 145, '111', 1, 30.00, 30.00, 0.00, 0.00, 1, '2024-07-05 15:29:33', '0000-00-00 00:00:00', 408, 0),
(128, 8, 90, '111', 3, 30.00, 90.00, 0.00, 0.00, 1, '2024-07-05 15:37:59', '0000-00-00 00:00:00', 408, 0),
(129, 8, 94, '111', 2, 30.00, 60.00, 0.00, 0.00, 1, '2024-07-05 15:37:59', '0000-00-00 00:00:00', 408, 0),
(130, 8, 83, '111', 1, 30.00, 30.00, 0.00, 0.00, 1, '2024-07-05 15:37:59', '0000-00-00 00:00:00', 408, 0),
(131, 8, 158, '', 1, 32.00, 32.00, 0.00, 0.00, 1, '2024-07-05 15:37:59', '0000-00-00 00:00:00', 408, 0),
(132, 8, 180, '111', 1, 9.00, 9.00, 0.00, 0.00, 1, '2024-07-05 15:37:59', '0000-00-00 00:00:00', 408, 0),
(133, 8, 14, '111', 6, 250.00, 1500.00, 0.00, 0.00, 1, '2024-07-05 15:37:59', '0000-00-00 00:00:00', 408, 0),
(134, 8, 138, '111', 6, 45.00, 270.00, 0.00, 0.00, 1, '2024-07-05 15:37:59', '0000-00-00 00:00:00', 408, 0),
(135, 8, 9, '111', 6, 90.00, 540.00, 0.00, 0.00, 1, '2024-07-05 15:37:59', '0000-00-00 00:00:00', 408, 0),
(136, 8, 48, '111', 6, 85.00, 510.00, 0.00, 0.00, 1, '2024-07-05 15:37:59', '0000-00-00 00:00:00', 408, 0),
(137, 8, 104, '111', 4, 30.00, 120.00, 0.00, 0.00, 1, '2024-07-05 15:37:59', '0000-00-00 00:00:00', 408, 0),
(138, 8, 20, '111', 9, 15.00, 135.00, 0.00, 0.00, 1, '2024-07-05 15:37:59', '0000-00-00 00:00:00', 408, 0),
(139, 8, 69, '111', 1, 100.00, 100.00, 0.00, 0.00, 1, '2024-07-05 15:37:59', '0000-00-00 00:00:00', 408, 0),
(140, 8, 95, '111', 2, 5.00, 10.00, 0.00, 0.00, 1, '2024-07-05 15:37:59', '0000-00-00 00:00:00', 408, 0),
(141, 8, 82, '111', 1, 0.00, 0.00, 0.00, 0.00, 1, '2024-07-05 15:37:59', '0000-00-00 00:00:00', 408, 0),
(142, 8, 120, '111', 1, 30.00, 30.00, 0.00, 0.00, 1, '2024-07-05 15:37:59', '0000-00-00 00:00:00', 408, 0),
(143, 8, 183, '111', 4, 5.00, 20.00, 0.00, 0.00, 1, '2024-07-05 15:37:59', '0000-00-00 00:00:00', 408, 0),
(144, 8, 88, '111', 1, 65.00, 65.00, 0.00, 0.00, 1, '2024-07-05 15:37:59', '0000-00-00 00:00:00', 408, 0),
(145, 8, 77, '', 1, 60.00, 60.00, 0.00, 0.00, 1, '2024-07-05 15:37:59', '0000-00-00 00:00:00', 408, 0),
(146, 8, 87, '111', 4, 5.00, 20.00, 0.00, 0.00, 1, '2024-07-05 15:37:59', '0000-00-00 00:00:00', 408, 0),
(147, 9, 86, '111', 2, 30.00, 60.00, 0.00, 0.00, 1, '2024-07-05 15:53:22', '0000-00-00 00:00:00', 408, 0),
(148, 9, 48, '111', 2, 85.00, 170.00, 0.00, 0.00, 1, '2024-07-05 15:53:22', '0000-00-00 00:00:00', 408, 0),
(149, 9, 138, '111', 2, 45.00, 90.00, 0.00, 0.00, 1, '2024-07-05 15:53:22', '0000-00-00 00:00:00', 408, 0),
(150, 9, 76, '111', 9, 25.00, 225.00, 0.00, 0.00, 1, '2024-07-05 15:53:22', '0000-00-00 00:00:00', 408, 0),
(151, 9, 46, '111', 1, 20.00, 20.00, 0.00, 0.00, 1, '2024-07-05 15:53:22', '0000-00-00 00:00:00', 408, 0),
(152, 9, 184, '111', 1, 20.00, 20.00, 0.00, 0.00, 1, '2024-07-05 15:53:22', '0000-00-00 00:00:00', 408, 0),
(153, 9, 75, '111', 1, 20.00, 20.00, 0.00, 0.00, 1, '2024-07-05 15:53:22', '0000-00-00 00:00:00', 408, 0),
(154, 9, 152, '111', 1, 275.00, 275.00, 0.00, 0.00, 1, '2024-07-05 15:53:22', '0000-00-00 00:00:00', 408, 0),
(155, 9, 183, '111', 4, 5.00, 20.00, 0.00, 0.00, 1, '2024-07-05 15:53:22', '0000-00-00 00:00:00', 408, 0),
(156, 9, 80, '111', 2, 350.00, 700.00, 0.00, 0.00, 1, '2024-07-05 15:53:22', '0000-00-00 00:00:00', 408, 0),
(157, 10, 58, '111', 3, 87.00, 261.00, 0.00, 0.00, 1, '2024-07-05 16:05:50', '0000-00-00 00:00:00', 408, 0),
(158, 10, 90, '111', 2, 30.00, 60.00, 0.00, 0.00, 1, '2024-07-05 16:05:50', '0000-00-00 00:00:00', 408, 0),
(159, 10, 94, '111', 2, 30.00, 60.00, 0.00, 0.00, 1, '2024-07-05 16:05:50', '0000-00-00 00:00:00', 408, 0),
(160, 10, 83, '111', 1, 30.00, 30.00, 0.00, 0.00, 1, '2024-07-05 16:05:50', '0000-00-00 00:00:00', 408, 0),
(161, 10, 89, '111', 1, 60.00, 60.00, 0.00, 0.00, 1, '2024-07-05 16:05:50', '0000-00-00 00:00:00', 408, 0),
(162, 10, 81, '111', 1, 60.00, 60.00, 0.00, 0.00, 1, '2024-07-05 16:05:50', '0000-00-00 00:00:00', 408, 0),
(163, 10, 9, '111', 7, 90.00, 630.00, 0.00, 0.00, 1, '2024-07-05 16:05:50', '0000-00-00 00:00:00', 408, 0),
(164, 10, 86, '111', 1, 30.00, 30.00, 0.00, 0.00, 1, '2024-07-05 16:05:50', '0000-00-00 00:00:00', 408, 0),
(165, 10, 152, '111', 1, 275.00, 275.00, 0.00, 0.00, 1, '2024-07-05 16:05:50', '0000-00-00 00:00:00', 408, 0),
(166, 10, 155, '111', 1, 110.00, 110.00, 0.00, 0.00, 1, '2024-07-05 16:05:50', '0000-00-00 00:00:00', 408, 0),
(167, 10, 180, '111', 1, 9.00, 9.00, 0.00, 0.00, 1, '2024-07-05 16:05:50', '0000-00-00 00:00:00', 408, 0),
(168, 10, 47, '111', 1, 60.00, 60.00, 0.00, 0.00, 1, '2024-07-05 16:05:50', '0000-00-00 00:00:00', 408, 0),
(169, 10, 76, '111', 15, 25.00, 375.00, 0.00, 0.00, 1, '2024-07-05 16:05:50', '0000-00-00 00:00:00', 408, 0),
(170, 10, 40, '111', 6, 95.00, 570.00, 0.00, 0.00, 1, '2024-07-05 16:05:50', '0000-00-00 00:00:00', 408, 0),
(171, 10, 48, '111', 9, 85.00, 765.00, 0.00, 0.00, 1, '2024-07-05 16:05:50', '0000-00-00 00:00:00', 408, 0),
(172, 10, 20, '111', 9, 15.00, 135.00, 0.00, 0.00, 1, '2024-07-05 16:05:50', '0000-00-00 00:00:00', 408, 0),
(173, 10, 69, '111', 1, 100.00, 100.00, 0.00, 0.00, 1, '2024-07-05 16:05:50', '0000-00-00 00:00:00', 408, 0),
(174, 10, 95, '111', 2, 5.00, 10.00, 0.00, 0.00, 1, '2024-07-05 16:05:50', '0000-00-00 00:00:00', 408, 0),
(175, 10, 82, '111', 1, 0.00, 0.00, 0.00, 0.00, 1, '2024-07-05 16:05:50', '0000-00-00 00:00:00', 408, 0),
(176, 10, 120, '111', 1, 30.00, 30.00, 0.00, 0.00, 1, '2024-07-05 16:05:50', '0000-00-00 00:00:00', 408, 0),
(177, 10, 183, '111', 6, 5.00, 30.00, 0.00, 0.00, 1, '2024-07-05 16:05:50', '0000-00-00 00:00:00', 408, 0),
(178, 10, 88, '111', 1, 65.00, 65.00, 0.00, 0.00, 1, '2024-07-05 16:05:50', '0000-00-00 00:00:00', 408, 0),
(179, 10, 87, '111', 6, 5.00, 30.00, 0.00, 0.00, 1, '2024-07-05 16:05:50', '0000-00-00 00:00:00', 408, 0),
(180, 10, 84, '111', 1, 375.00, 375.00, 0.00, 0.00, 1, '2024-07-05 16:05:50', '0000-00-00 00:00:00', 408, 0),
(181, 10, 137, '111', 1, 55.00, 55.00, 0.00, 0.00, 1, '2024-07-05 16:05:50', '0000-00-00 00:00:00', 408, 0),
(182, 10, 21, '111', 6, 490.00, 2940.00, 0.00, 0.00, 1, '2024-07-05 16:05:50', '0000-00-00 00:00:00', 408, 0),
(183, 10, 128, '111', 6, 3.00, 18.00, 0.00, 0.00, 1, '2024-07-05 16:05:50', '0000-00-00 00:00:00', 408, 0),
(184, 10, 10, '111', 1, 10.00, 10.00, 0.00, 0.00, 1, '2024-07-05 16:05:50', '0000-00-00 00:00:00', 408, 0),
(185, 10, 61, '111', 4, 1.15, 4.60, 0.00, 0.00, 1, '2024-07-05 16:05:50', '0000-00-00 00:00:00', 408, 0),
(186, 10, 75, '111', 2, 20.00, 40.00, 0.00, 0.00, 1, '2024-07-05 16:05:50', '0000-00-00 00:00:00', 408, 0),
(187, 11, 58, '111', 2, 87.00, 174.00, 0.00, 0.00, 1, '2024-07-05 16:17:38', '0000-00-00 00:00:00', 408, 0),
(188, 11, 9, '111', 1, 90.00, 90.00, 0.00, 0.00, 1, '2024-07-05 16:17:38', '0000-00-00 00:00:00', 408, 0),
(189, 11, 104, '111', 1, 30.00, 30.00, 0.00, 0.00, 1, '2024-07-05 16:17:38', '0000-00-00 00:00:00', 408, 0),
(190, 11, 90, '111', 2, 30.00, 60.00, 0.00, 0.00, 1, '2024-07-05 16:17:38', '0000-00-00 00:00:00', 408, 0),
(191, 11, 94, '111', 2, 30.00, 60.00, 0.00, 0.00, 1, '2024-07-05 16:17:38', '0000-00-00 00:00:00', 408, 0),
(192, 11, 83, '111', 1, 30.00, 30.00, 0.00, 0.00, 1, '2024-07-05 16:17:38', '0000-00-00 00:00:00', 408, 0),
(193, 11, 89, '111', 1, 60.00, 60.00, 0.00, 0.00, 1, '2024-07-05 16:17:38', '0000-00-00 00:00:00', 408, 0),
(194, 11, 81, '111', 1, 60.00, 60.00, 0.00, 0.00, 1, '2024-07-05 16:17:38', '0000-00-00 00:00:00', 408, 0),
(195, 11, 176, '111', 1, 20.00, 20.00, 0.00, 0.00, 1, '2024-07-05 16:17:38', '0000-00-00 00:00:00', 408, 0),
(196, 11, 175, '111', 1, 10.00, 10.00, 0.00, 0.00, 1, '2024-07-05 16:17:38', '0000-00-00 00:00:00', 408, 0),
(197, 11, 152, '111', 1, 275.00, 275.00, 0.00, 0.00, 1, '2024-07-05 16:17:38', '0000-00-00 00:00:00', 408, 0),
(198, 11, 75, '111', 1, 20.00, 20.00, 0.00, 0.00, 1, '2024-07-05 16:17:38', '0000-00-00 00:00:00', 408, 0),
(199, 11, 86, '111', 1, 30.00, 30.00, 0.00, 0.00, 1, '2024-07-05 16:17:38', '0000-00-00 00:00:00', 408, 0),
(200, 11, 183, '111', 2, 5.00, 10.00, 0.00, 0.00, 1, '2024-07-05 16:17:38', '0000-00-00 00:00:00', 408, 0),
(201, 11, 155, '111', 2, 110.00, 220.00, 0.00, 0.00, 1, '2024-07-05 16:17:38', '0000-00-00 00:00:00', 408, 0),
(202, 11, 128, '111', 6, 3.00, 18.00, 0.00, 0.00, 1, '2024-07-05 16:17:38', '0000-00-00 00:00:00', 408, 0),
(203, 12, 36, '111', 1, 190.00, 190.00, 0.00, 0.00, 1, '2024-07-05 16:40:04', '0000-00-00 00:00:00', 408, 0),
(204, 12, 9, '111', 1, 90.00, 90.00, 0.00, 0.00, 1, '2024-07-05 16:40:04', '0000-00-00 00:00:00', 408, 0),
(205, 12, 20, '111', 2, 15.00, 30.00, 0.00, 0.00, 1, '2024-07-05 16:40:04', '0000-00-00 00:00:00', 408, 0),
(206, 12, 137, '111', 1, 55.00, 55.00, 0.00, 0.00, 1, '2024-07-05 16:40:04', '0000-00-00 00:00:00', 408, 0),
(207, 12, 40, '111', 1, 95.00, 95.00, 0.00, 0.00, 1, '2024-07-05 16:40:04', '0000-00-00 00:00:00', 408, 0),
(208, 13, 58, '111', 5, 87.00, 435.00, 0.00, 0.00, 1, '2024-07-05 17:01:10', '0000-00-00 00:00:00', 408, 0),
(209, 13, 90, '111', 1, 30.00, 30.00, 0.00, 0.00, 1, '2024-07-05 17:01:10', '0000-00-00 00:00:00', 408, 0),
(210, 13, 94, '111', 1, 30.00, 30.00, 0.00, 0.00, 1, '2024-07-05 17:01:10', '0000-00-00 00:00:00', 408, 0),
(211, 13, 83, '111', 1, 30.00, 30.00, 0.00, 0.00, 1, '2024-07-05 17:01:10', '0000-00-00 00:00:00', 408, 0),
(212, 13, 14, '', 1, 250.00, 250.00, 0.00, 0.00, 1, '2024-07-05 17:01:10', '0000-00-00 00:00:00', 408, 0),
(213, 13, 159, '111', 1, 30.00, 30.00, 0.00, 0.00, 1, '2024-07-05 17:01:10', '0000-00-00 00:00:00', 408, 0),
(214, 13, 149, '111', 3, 15.00, 45.00, 0.00, 0.00, 1, '2024-07-05 17:01:10', '0000-00-00 00:00:00', 408, 0),
(215, 13, 95, '111', 3, 5.00, 15.00, 0.00, 0.00, 1, '2024-07-05 17:01:10', '0000-00-00 00:00:00', 408, 0),
(216, 13, 9, '111', 7, 90.00, 630.00, 0.00, 0.00, 1, '2024-07-05 17:01:10', '0000-00-00 00:00:00', 408, 0),
(217, 13, 104, '111', 2, 30.00, 60.00, 0.00, 0.00, 1, '2024-07-05 17:01:10', '0000-00-00 00:00:00', 408, 0),
(218, 13, 67, '111', 1, 0.00, 0.00, 0.00, 0.00, 1, '2024-07-05 17:01:10', '0000-00-00 00:00:00', 408, 0),
(219, 13, 181, '111', 1, 40.00, 40.00, 0.00, 0.00, 1, '2024-07-05 17:01:10', '0000-00-00 00:00:00', 408, 0),
(220, 13, 89, '111', 1, 60.00, 60.00, 0.00, 0.00, 1, '2024-07-05 17:01:10', '0000-00-00 00:00:00', 408, 0),
(221, 13, 81, '111', 1, 60.00, 60.00, 0.00, 0.00, 1, '2024-07-05 17:01:10', '0000-00-00 00:00:00', 408, 0),
(222, 13, 176, '111', 1, 20.00, 20.00, 0.00, 0.00, 1, '2024-07-05 17:01:10', '0000-00-00 00:00:00', 408, 0),
(223, 13, 175, '111', 1, 10.00, 10.00, 0.00, 0.00, 1, '2024-07-05 17:01:10', '0000-00-00 00:00:00', 408, 0),
(224, 13, 75, '111', 1, 20.00, 20.00, 0.00, 0.00, 1, '2024-07-05 17:01:10', '0000-00-00 00:00:00', 408, 0),
(225, 13, 86, '111', 1, 30.00, 30.00, 0.00, 0.00, 1, '2024-07-05 17:01:10', '0000-00-00 00:00:00', 408, 0),
(226, 13, 155, '111', 2, 110.00, 220.00, 0.00, 0.00, 1, '2024-07-05 17:01:10', '0000-00-00 00:00:00', 408, 0),
(227, 13, 183, '111', 8, 5.00, 40.00, 0.00, 0.00, 1, '2024-07-05 17:01:10', '0000-00-00 00:00:00', 408, 0),
(228, 13, 180, '111', 2, 9.00, 18.00, 0.00, 0.00, 1, '2024-07-05 17:01:10', '0000-00-00 00:00:00', 408, 0),
(229, 13, 47, '111', 1, 60.00, 60.00, 0.00, 0.00, 1, '2024-07-05 17:01:10', '0000-00-00 00:00:00', 408, 0),
(230, 13, 76, '111', 15, 25.00, 375.00, 0.00, 0.00, 1, '2024-07-05 17:01:10', '0000-00-00 00:00:00', 408, 0),
(231, 13, 132, '111', 6, 500.00, 3000.00, 0.00, 0.00, 1, '2024-07-05 17:01:10', '0000-00-00 00:00:00', 408, 0),
(232, 13, 40, '111', 6, 95.00, 570.00, 0.00, 0.00, 1, '2024-07-05 17:01:10', '0000-00-00 00:00:00', 408, 0),
(233, 13, 48, '111', 9, 85.00, 765.00, 0.00, 0.00, 1, '2024-07-05 17:01:10', '0000-00-00 00:00:00', 408, 0),
(234, 13, 20, '111', 9, 15.00, 135.00, 0.00, 0.00, 1, '2024-07-05 17:01:10', '0000-00-00 00:00:00', 408, 0),
(235, 13, 69, '111', 1, 100.00, 100.00, 0.00, 0.00, 1, '2024-07-05 17:01:10', '0000-00-00 00:00:00', 408, 0),
(236, 13, 82, '111', 1, 0.00, 0.00, 0.00, 0.00, 1, '2024-07-05 17:01:10', '0000-00-00 00:00:00', 408, 0),
(237, 13, 120, '111', 1, 30.00, 30.00, 0.00, 0.00, 1, '2024-07-05 17:01:10', '0000-00-00 00:00:00', 408, 0),
(238, 13, 88, '111', 1, 65.00, 65.00, 0.00, 0.00, 1, '2024-07-05 17:01:10', '0000-00-00 00:00:00', 408, 0),
(239, 13, 87, '111', 6, 5.00, 30.00, 0.00, 0.00, 1, '2024-07-05 17:01:10', '0000-00-00 00:00:00', 408, 0),
(240, 13, 84, '111', 1, 375.00, 375.00, 0.00, 0.00, 1, '2024-07-05 17:01:10', '0000-00-00 00:00:00', 408, 0),
(241, 13, 46, '111', 1, 20.00, 20.00, 0.00, 0.00, 1, '2024-07-05 17:01:10', '0000-00-00 00:00:00', 408, 0),
(242, 13, 79, '111', 1, 200.00, 200.00, 0.00, 0.00, 1, '2024-07-05 17:01:10', '0000-00-00 00:00:00', 408, 0),
(243, 13, 109, '', 1, 280.00, 280.00, 0.00, 0.00, 1, '2024-07-05 17:01:10', '0000-00-00 00:00:00', 408, 0),
(244, 13, 162, '111', 1, 100.00, 100.00, 0.00, 0.00, 1, '2024-07-05 17:01:10', '0000-00-00 00:00:00', 408, 0),
(245, 13, 156, '111', 10, 3.00, 30.00, 0.00, 0.00, 1, '2024-07-05 17:01:10', '0000-00-00 00:00:00', 408, 0),
(246, 13, 30, '111', 14, 4.00, 56.00, 0.00, 0.00, 1, '2024-07-05 17:01:10', '0000-00-00 00:00:00', 408, 0),
(247, 13, 64, '111', 2, 7.00, 14.00, 0.00, 0.00, 1, '2024-07-05 17:01:10', '0000-00-00 00:00:00', 408, 0),
(248, 13, 151, '111', 1, 300.00, 300.00, 0.00, 0.00, 1, '2024-07-05 17:01:10', '0000-00-00 00:00:00', 408, 0),
(249, 14, 95, '111', 1, 5.00, 5.00, 0.00, 0.00, 1, '2024-07-05 21:08:15', '0000-00-00 00:00:00', 210, 0),
(250, 14, 20, '111', 9, 15.00, 135.00, 0.00, 0.00, 1, '2024-07-05 21:08:15', '0000-00-00 00:00:00', 210, 0),
(251, 14, 45, '111', 2, 2.00, 4.00, 0.00, 0.00, 1, '2024-07-05 21:08:15', '0000-00-00 00:00:00', 210, 0),
(252, 14, 128, '111', 2, 3.00, 6.00, 0.00, 0.00, 1, '2024-07-05 21:08:15', '0000-00-00 00:00:00', 210, 0),
(253, 14, 167, '111', 1, 50.00, 50.00, 0.00, 0.00, 1, '2024-07-05 21:08:15', '0000-00-00 00:00:00', 210, 0),
(254, 14, 87, '111', 8, 5.00, 40.00, 0.00, 0.00, 1, '2024-07-05 21:08:15', '0000-00-00 00:00:00', 210, 0),
(255, 14, 125, '111', 1, 35.00, 35.00, 0.00, 0.00, 1, '2024-07-05 21:08:15', '0000-00-00 00:00:00', 210, 0),
(256, 14, 120, '111', 1, 30.00, 30.00, 0.00, 0.00, 1, '2024-07-05 21:08:15', '0000-00-00 00:00:00', 210, 0),
(257, 14, 164, '111', 1, 10.00, 10.00, 0.00, 0.00, 1, '2024-07-05 21:08:15', '0000-00-00 00:00:00', 210, 0),
(258, 14, 155, '111', 1, 110.00, 110.00, 0.00, 0.00, 1, '2024-07-05 21:08:15', '0000-00-00 00:00:00', 210, 0),
(259, 14, 3, '111', 14, 60.00, 840.00, 0.00, 0.00, 1, '2024-07-05 21:08:15', '0000-00-00 00:00:00', 210, 0),
(260, 14, 78, '111', 12, 12.00, 144.00, 0.00, 0.00, 1, '2024-07-05 21:08:15', '0000-00-00 00:00:00', 210, 0),
(261, 14, 66, '111', 3, 9.00, 27.00, 0.00, 0.00, 1, '2024-07-05 21:08:15', '0000-00-00 00:00:00', 210, 0),
(262, 14, 6, '111', 14, 10.00, 140.00, 0.00, 0.00, 1, '2024-07-05 21:08:15', '0000-00-00 00:00:00', 210, 0),
(263, 14, 17, '111', 2, 15.00, 30.00, 0.00, 0.00, 1, '2024-07-05 21:08:15', '0000-00-00 00:00:00', 210, 0),
(264, 14, 154, '111', 1, 6.00, 6.00, 0.00, 0.00, 1, '2024-07-05 21:08:15', '0000-00-00 00:00:00', 210, 0),
(265, 15, 66, '111', 11, 9.00, 99.00, 0.00, 0.00, 1, '2024-07-06 16:14:11', '0000-00-00 00:00:00', 408, 0),
(266, 15, 32, '111', 28, 60.00, 1680.00, 0.00, 0.00, 1, '2024-07-06 16:14:11', '0000-00-00 00:00:00', 408, 0),
(267, 15, 78, '111', 40, 12.00, 480.00, 0.00, 0.00, 1, '2024-07-06 16:14:11', '0000-00-00 00:00:00', 408, 0),
(268, 15, 23, '111', 14, 20.00, 280.00, 0.00, 0.00, 1, '2024-07-06 16:14:11', '0000-00-00 00:00:00', 408, 0),
(269, 15, 6, '111', 30, 10.00, 300.00, 0.00, 0.00, 1, '2024-07-06 16:14:11', '0000-00-00 00:00:00', 408, 0),
(270, 15, 12, '111', 1, 140.00, 140.00, 0.00, 0.00, 1, '2024-07-06 16:14:11', '0000-00-00 00:00:00', 408, 0),
(271, 15, 183, '111', 4, 5.00, 20.00, 0.00, 0.00, 1, '2024-07-06 16:14:11', '0000-00-00 00:00:00', 408, 0),
(272, 15, 87, '111', 4, 5.00, 20.00, 0.00, 0.00, 1, '2024-07-06 16:14:11', '0000-00-00 00:00:00', 408, 0),
(273, 15, 97, '111', 1, 65.00, 65.00, 0.00, 0.00, 1, '2024-07-06 16:14:11', '0000-00-00 00:00:00', 408, 0),
(274, 15, 82, '111', 1, 0.00, 0.00, 0.00, 0.00, 1, '2024-07-06 16:14:11', '0000-00-00 00:00:00', 408, 0),
(275, 15, 124, '111', 2, 20.00, 40.00, 0.00, 0.00, 1, '2024-07-06 16:14:11', '0000-00-00 00:00:00', 408, 0),
(276, 15, 95, '111', 1, 5.00, 5.00, 0.00, 0.00, 1, '2024-07-06 16:14:11', '0000-00-00 00:00:00', 408, 0),
(277, 15, 167, '111', 1, 50.00, 50.00, 0.00, 0.00, 1, '2024-07-06 16:14:11', '0000-00-00 00:00:00', 408, 0),
(278, 15, 160, '111', 2, 170.00, 340.00, 0.00, 0.00, 1, '2024-07-06 16:14:11', '0000-00-00 00:00:00', 408, 0),
(279, 16, 58, '111', 4, 87.00, 348.00, 0.00, 0.00, 1, '2024-07-06 16:25:17', '0000-00-00 00:00:00', 408, 0),
(280, 16, 90, '111', 1, 30.00, 30.00, 0.00, 0.00, 1, '2024-07-06 16:25:17', '0000-00-00 00:00:00', 408, 0),
(281, 16, 94, '111', 1, 30.00, 30.00, 0.00, 0.00, 1, '2024-07-06 16:25:17', '0000-00-00 00:00:00', 408, 0),
(282, 16, 83, '111', 1, 30.00, 30.00, 0.00, 0.00, 1, '2024-07-06 16:25:17', '0000-00-00 00:00:00', 408, 0),
(283, 16, 89, '111', 1, 60.00, 60.00, 0.00, 0.00, 1, '2024-07-06 16:25:17', '0000-00-00 00:00:00', 408, 0),
(284, 16, 81, '111', 1, 60.00, 60.00, 0.00, 0.00, 1, '2024-07-06 16:25:17', '0000-00-00 00:00:00', 408, 0),
(285, 16, 176, '111', 1, 20.00, 20.00, 0.00, 0.00, 1, '2024-07-06 16:25:17', '0000-00-00 00:00:00', 408, 0),
(286, 16, 175, '111', 1, 10.00, 10.00, 0.00, 0.00, 1, '2024-07-06 16:25:17', '0000-00-00 00:00:00', 408, 0),
(287, 16, 152, '111', 1, 275.00, 275.00, 0.00, 0.00, 1, '2024-07-06 16:25:17', '0000-00-00 00:00:00', 408, 0),
(288, 16, 75, '111', 1, 20.00, 20.00, 0.00, 0.00, 1, '2024-07-06 16:25:17', '0000-00-00 00:00:00', 408, 0),
(289, 16, 86, '111', 1, 30.00, 30.00, 0.00, 0.00, 1, '2024-07-06 16:25:17', '0000-00-00 00:00:00', 408, 0),
(290, 16, 155, '111', 1, 110.00, 110.00, 0.00, 0.00, 1, '2024-07-06 16:25:17', '0000-00-00 00:00:00', 408, 0),
(291, 16, 77, '111', 4, 60.00, 240.00, 0.00, 0.00, 1, '2024-07-06 16:25:17', '0000-00-00 00:00:00', 408, 0),
(292, 16, 87, '111', 8, 5.00, 40.00, 0.00, 0.00, 1, '2024-07-06 16:25:17', '0000-00-00 00:00:00', 408, 0),
(293, 16, 180, '111', 1, 9.00, 9.00, 0.00, 0.00, 1, '2024-07-06 16:25:17', '0000-00-00 00:00:00', 408, 0),
(294, 16, 76, '111', 15, 25.00, 375.00, 0.00, 0.00, 1, '2024-07-06 16:25:17', '0000-00-00 00:00:00', 408, 0),
(295, 16, 40, '111', 6, 95.00, 570.00, 0.00, 0.00, 1, '2024-07-06 16:25:17', '0000-00-00 00:00:00', 408, 0),
(296, 16, 48, '111', 8, 85.00, 680.00, 0.00, 0.00, 1, '2024-07-06 16:25:17', '0000-00-00 00:00:00', 408, 0),
(297, 16, 9, '111', 6, 90.00, 540.00, 0.00, 0.00, 1, '2024-07-06 16:25:17', '0000-00-00 00:00:00', 408, 0),
(298, 16, 158, '111', 1, 32.00, 32.00, 0.00, 0.00, 1, '2024-07-06 16:25:17', '0000-00-00 00:00:00', 408, 0),
(299, 16, 20, '111', 8, 15.00, 120.00, 0.00, 0.00, 1, '2024-07-06 16:25:17', '0000-00-00 00:00:00', 408, 0),
(300, 16, 69, '111', 1, 100.00, 100.00, 0.00, 0.00, 1, '2024-07-06 16:25:17', '0000-00-00 00:00:00', 408, 0),
(301, 16, 95, '111', 2, 5.00, 10.00, 0.00, 0.00, 1, '2024-07-06 16:25:17', '0000-00-00 00:00:00', 408, 0),
(302, 16, 82, '111', 1, 0.00, 0.00, 0.00, 0.00, 1, '2024-07-06 16:25:17', '0000-00-00 00:00:00', 408, 0),
(303, 16, 120, '111', 1, 30.00, 30.00, 0.00, 0.00, 1, '2024-07-06 16:25:17', '0000-00-00 00:00:00', 408, 0),
(304, 16, 183, '111', 6, 5.00, 30.00, 0.00, 0.00, 1, '2024-07-06 16:25:17', '0000-00-00 00:00:00', 408, 0),
(305, 16, 88, '111', 1, 65.00, 65.00, 0.00, 0.00, 1, '2024-07-06 16:25:17', '0000-00-00 00:00:00', 408, 0),
(306, 16, 84, '111', 1, 375.00, 375.00, 0.00, 0.00, 1, '2024-07-06 16:25:17', '0000-00-00 00:00:00', 408, 0),
(307, 16, 97, '111', 1, 65.00, 65.00, 0.00, 0.00, 1, '2024-07-06 16:25:17', '0000-00-00 00:00:00', 408, 0),
(308, 16, 46, '111', 1, 20.00, 20.00, 0.00, 0.00, 1, '2024-07-06 16:25:17', '0000-00-00 00:00:00', 408, 0),
(309, 16, 79, '111', 2, 200.00, 400.00, 0.00, 0.00, 1, '2024-07-06 16:25:17', '0000-00-00 00:00:00', 408, 0),
(310, 16, 10, '111', 1, 10.00, 10.00, 0.00, 0.00, 1, '2024-07-06 16:25:17', '0000-00-00 00:00:00', 408, 0),
(311, 16, 66, '111', 1, 9.00, 9.00, 0.00, 0.00, 1, '2024-07-06 16:25:17', '0000-00-00 00:00:00', 408, 0),
(312, 16, 156, '111', 6, 3.00, 18.00, 0.00, 0.00, 1, '2024-07-06 16:25:17', '0000-00-00 00:00:00', 408, 0),
(313, 16, 63, '111', 6, 4.00, 24.00, 0.00, 0.00, 1, '2024-07-06 16:25:17', '0000-00-00 00:00:00', 408, 0),
(314, 16, 80, '111', 6, 350.00, 2100.00, 0.00, 0.00, 1, '2024-07-06 16:25:17', '0000-00-00 00:00:00', 408, 0),
(315, 17, 10, '111', 4, 10.00, 40.00, 0.00, 0.00, 1, '2024-07-07 16:59:06', '0000-00-00 00:00:00', 408, 0),
(316, 17, 30, '111', 2, 4.00, 8.00, 0.00, 0.00, 1, '2024-07-07 16:59:06', '0000-00-00 00:00:00', 408, 0),
(317, 17, 2, '111', 1, 5.00, 5.00, 0.00, 0.00, 1, '2024-07-07 16:59:06', '0000-00-00 00:00:00', 408, 0),
(318, 17, 17, '111', 1, 15.00, 15.00, 0.00, 0.00, 1, '2024-07-07 16:59:06', '0000-00-00 00:00:00', 408, 0),
(319, 17, 64, '111', 2, 7.00, 14.00, 0.00, 0.00, 1, '2024-07-07 16:59:06', '0000-00-00 00:00:00', 408, 0),
(320, 17, 90, '111', 1, 30.00, 30.00, 0.00, 0.00, 1, '2024-07-07 16:59:06', '0000-00-00 00:00:00', 408, 0),
(321, 17, 143, '111', 4, 10.00, 40.00, 0.00, 0.00, 1, '2024-07-07 16:59:06', '0000-00-00 00:00:00', 408, 0),
(322, 18, 128, '111', 2, 3.00, 6.00, 0.00, 0.00, 1, '2024-07-08 19:42:10', '0000-00-00 00:00:00', 408, 0),
(323, 18, 127, '111', 1, 5.00, 5.00, 0.00, 0.00, 1, '2024-07-08 19:42:10', '0000-00-00 00:00:00', 408, 0),
(324, 18, 172, '111', 1, 140.00, 140.00, 0.00, 0.00, 1, '2024-07-08 19:42:10', '0000-00-00 00:00:00', 408, 0),
(325, 18, 171, '111', 2, 22.00, 44.00, 0.00, 0.00, 1, '2024-07-08 19:42:10', '0000-00-00 00:00:00', 408, 0),
(326, 18, 151, '111', 1, 300.00, 300.00, 0.00, 0.00, 1, '2024-07-08 19:42:10', '0000-00-00 00:00:00', 408, 0),
(327, 18, 87, '111', 5, 5.00, 25.00, 0.00, 0.00, 1, '2024-07-08 19:42:10', '0000-00-00 00:00:00', 408, 0),
(328, 18, 120, '111', 1, 30.00, 30.00, 0.00, 0.00, 1, '2024-07-08 19:42:10', '0000-00-00 00:00:00', 408, 0),
(329, 18, 82, '111', 1, 0.00, 0.00, 0.00, 0.00, 1, '2024-07-08 19:42:10', '0000-00-00 00:00:00', 408, 0),
(330, 18, 88, '111', 1, 65.00, 65.00, 0.00, 0.00, 1, '2024-07-08 19:42:10', '0000-00-00 00:00:00', 408, 0),
(331, 18, 95, '111', 1, 5.00, 5.00, 0.00, 0.00, 1, '2024-07-08 19:42:10', '0000-00-00 00:00:00', 408, 0),
(332, 18, 90, '111', 1, 30.00, 30.00, 0.00, 0.00, 1, '2024-07-08 19:42:10', '0000-00-00 00:00:00', 408, 0),
(333, 18, 94, '111', 1, 30.00, 30.00, 0.00, 0.00, 1, '2024-07-08 19:42:10', '0000-00-00 00:00:00', 408, 0),
(334, 18, 9, '111', 3, 90.00, 270.00, 0.00, 0.00, 1, '2024-07-08 19:42:10', '0000-00-00 00:00:00', 408, 0),
(335, 18, 5, '111', 1, 300.00, 300.00, 0.00, 0.00, 1, '2024-07-08 19:42:10', '0000-00-00 00:00:00', 408, 0),
(336, 18, 159, '111', 3, 30.00, 90.00, 0.00, 0.00, 1, '2024-07-08 19:42:10', '0000-00-00 00:00:00', 408, 0),
(337, 18, 149, '111', 6, 15.00, 90.00, 0.00, 0.00, 1, '2024-07-08 19:42:10', '0000-00-00 00:00:00', 408, 0),
(338, 18, 58, '111', 1, 87.00, 87.00, 0.00, 0.00, 1, '2024-07-08 19:42:10', '0000-00-00 00:00:00', 408, 0),
(339, 18, 83, '111', 1, 30.00, 30.00, 0.00, 0.00, 1, '2024-07-08 19:42:10', '0000-00-00 00:00:00', 408, 0),
(340, 18, 170, '111', 1, 330.00, 330.00, 0.00, 0.00, 1, '2024-07-08 19:42:10', '0000-00-00 00:00:00', 408, 0),
(341, 18, 47, '111', 1, 60.00, 60.00, 0.00, 0.00, 1, '2024-07-08 19:42:10', '0000-00-00 00:00:00', 408, 0),
(342, 19, 58, '111', 2, 87.00, 174.00, 0.00, 0.00, 1, '2024-07-08 20:08:13', '0000-00-00 00:00:00', 408, 0),
(343, 19, 90, '111', 1, 30.00, 30.00, 0.00, 0.00, 1, '2024-07-08 20:08:13', '0000-00-00 00:00:00', 408, 0),
(344, 19, 94, '111', 1, 30.00, 30.00, 0.00, 0.00, 1, '2024-07-08 20:08:13', '0000-00-00 00:00:00', 408, 0),
(345, 19, 83, '111', 1, 30.00, 30.00, 0.00, 0.00, 1, '2024-07-08 20:08:13', '0000-00-00 00:00:00', 408, 0),
(346, 19, 89, '111', 1, 60.00, 60.00, 0.00, 0.00, 1, '2024-07-08 20:08:13', '0000-00-00 00:00:00', 408, 0),
(347, 19, 81, '111', 1, 60.00, 60.00, 0.00, 0.00, 1, '2024-07-08 20:08:13', '0000-00-00 00:00:00', 408, 0),
(348, 19, 176, '111', 1, 20.00, 20.00, 0.00, 0.00, 1, '2024-07-08 20:08:13', '0000-00-00 00:00:00', 408, 0),
(349, 19, 175, '111', 1, 10.00, 10.00, 0.00, 0.00, 1, '2024-07-08 20:08:13', '0000-00-00 00:00:00', 408, 0),
(350, 19, 152, '111', 1, 275.00, 275.00, 0.00, 0.00, 1, '2024-07-08 20:08:13', '0000-00-00 00:00:00', 408, 0),
(351, 19, 75, '111', 2, 20.00, 40.00, 0.00, 0.00, 1, '2024-07-08 20:08:13', '0000-00-00 00:00:00', 408, 0),
(352, 19, 86, '111', 1, 30.00, 30.00, 0.00, 0.00, 1, '2024-07-08 20:08:13', '0000-00-00 00:00:00', 408, 0),
(353, 19, 155, '111', 1, 110.00, 110.00, 0.00, 0.00, 1, '2024-07-08 20:08:13', '0000-00-00 00:00:00', 408, 0),
(354, 19, 183, '111', 8, 5.00, 40.00, 0.00, 0.00, 1, '2024-07-08 20:08:13', '0000-00-00 00:00:00', 408, 0),
(355, 19, 180, '111', 1, 9.00, 9.00, 0.00, 0.00, 1, '2024-07-08 20:08:13', '0000-00-00 00:00:00', 408, 0),
(356, 19, 47, '111', 1, 60.00, 60.00, 0.00, 0.00, 1, '2024-07-08 20:08:13', '0000-00-00 00:00:00', 408, 0),
(357, 19, 76, '111', 15, 25.00, 375.00, 0.00, 0.00, 1, '2024-07-08 20:08:13', '0000-00-00 00:00:00', 408, 0),
(358, 19, 21, '111', 6, 490.00, 2940.00, 0.00, 0.00, 1, '2024-07-08 20:08:13', '0000-00-00 00:00:00', 408, 0),
(359, 19, 40, '111', 6, 95.00, 570.00, 0.00, 0.00, 1, '2024-07-08 20:08:13', '0000-00-00 00:00:00', 408, 0),
(360, 19, 9, '111', 6, 90.00, 540.00, 0.00, 0.00, 1, '2024-07-08 20:08:13', '0000-00-00 00:00:00', 408, 0),
(361, 19, 48, '111', 9, 85.00, 765.00, 0.00, 0.00, 1, '2024-07-08 20:08:13', '0000-00-00 00:00:00', 408, 0),
(362, 19, 104, '111', 1, 30.00, 30.00, 0.00, 0.00, 1, '2024-07-08 20:08:13', '0000-00-00 00:00:00', 408, 0),
(363, 19, 20, '111', 9, 15.00, 135.00, 0.00, 0.00, 1, '2024-07-08 20:08:13', '0000-00-00 00:00:00', 408, 0),
(364, 19, 69, '111', 1, 100.00, 100.00, 0.00, 0.00, 1, '2024-07-08 20:08:13', '0000-00-00 00:00:00', 408, 0),
(365, 19, 95, '111', 2, 5.00, 10.00, 0.00, 0.00, 1, '2024-07-08 20:08:13', '0000-00-00 00:00:00', 408, 0),
(366, 19, 82, '111', 1, 0.00, 0.00, 0.00, 0.00, 1, '2024-07-08 20:08:13', '0000-00-00 00:00:00', 408, 0),
(367, 19, 120, '111', 1, 30.00, 30.00, 0.00, 0.00, 1, '2024-07-08 20:08:13', '0000-00-00 00:00:00', 408, 0),
(368, 19, 88, '111', 1, 65.00, 65.00, 0.00, 0.00, 1, '2024-07-08 20:08:13', '0000-00-00 00:00:00', 408, 0),
(369, 19, 17, '111', 2, 15.00, 30.00, 0.00, 0.00, 1, '2024-07-08 20:08:13', '0000-00-00 00:00:00', 408, 0),
(370, 19, 97, '111', 2, 65.00, 130.00, 0.00, 0.00, 1, '2024-07-08 20:08:13', '0000-00-00 00:00:00', 408, 0),
(371, 19, 30, '111', 6, 4.00, 24.00, 0.00, 0.00, 1, '2024-07-08 20:08:13', '0000-00-00 00:00:00', 408, 0),
(372, 19, 156, '111', 6, 3.00, 18.00, 0.00, 0.00, 1, '2024-07-08 20:08:13', '0000-00-00 00:00:00', 408, 0),
(373, 19, 128, '111', 3, 3.00, 9.00, 0.00, 0.00, 1, '2024-07-08 20:08:13', '0000-00-00 00:00:00', 408, 0),
(374, 19, 141, '111', 1, 140.00, 140.00, 0.00, 0.00, 1, '2024-07-08 20:08:13', '0000-00-00 00:00:00', 408, 0),
(375, 19, 61, '111', 4, 1.15, 4.60, 0.00, 0.00, 1, '2024-07-08 20:08:13', '0000-00-00 00:00:00', 408, 0),
(376, 19, 16, '111', 10, 7.00, 70.00, 0.00, 0.00, 1, '2024-07-08 20:08:13', '0000-00-00 00:00:00', 408, 0),
(377, 19, 63, '111', 10, 4.00, 40.00, 0.00, 0.00, 1, '2024-07-08 20:08:13', '0000-00-00 00:00:00', 408, 0),
(378, 20, 58, '111', 1, 87.00, 87.00, 0.00, 0.00, 1, '2024-07-08 20:13:12', '0000-00-00 00:00:00', 408, 0),
(379, 20, 90, '111', 1, 30.00, 30.00, 0.00, 0.00, 1, '2024-07-08 20:13:12', '0000-00-00 00:00:00', 408, 0),
(380, 20, 94, '111', 1, 30.00, 30.00, 0.00, 0.00, 1, '2024-07-08 20:13:12', '0000-00-00 00:00:00', 408, 0),
(381, 20, 83, '111', 1, 30.00, 30.00, 0.00, 0.00, 1, '2024-07-08 20:13:12', '0000-00-00 00:00:00', 408, 0),
(382, 20, 76, '111', 5, 25.00, 125.00, 0.00, 0.00, 1, '2024-07-08 20:13:12', '0000-00-00 00:00:00', 408, 0),
(383, 20, 155, '111', 1, 110.00, 110.00, 0.00, 0.00, 1, '2024-07-08 20:13:12', '0000-00-00 00:00:00', 408, 0),
(384, 20, 183, '111', 6, 5.00, 30.00, 0.00, 0.00, 1, '2024-07-08 20:13:12', '0000-00-00 00:00:00', 408, 0),
(385, 20, 154, '111', 1, 6.00, 6.00, 0.00, 0.00, 1, '2024-07-08 20:13:12', '0000-00-00 00:00:00', 408, 0),
(386, 20, 36, '111', 1, 190.00, 190.00, 0.00, 0.00, 1, '2024-07-08 20:13:12', '0000-00-00 00:00:00', 408, 0),
(387, 20, 9, '111', 1, 90.00, 90.00, 0.00, 0.00, 1, '2024-07-08 20:13:12', '0000-00-00 00:00:00', 408, 0),
(388, 20, 40, '111', 1, 95.00, 95.00, 0.00, 0.00, 1, '2024-07-08 20:13:12', '0000-00-00 00:00:00', 408, 0),
(389, 21, 58, '111', 1, 87.00, 87.00, 0.00, 0.00, 1, '2024-07-08 20:26:51', '0000-00-00 00:00:00', 408, 0),
(390, 21, 90, '111', 1, 30.00, 30.00, 0.00, 0.00, 1, '2024-07-08 20:26:51', '0000-00-00 00:00:00', 408, 0),
(391, 21, 94, '111', 1, 30.00, 30.00, 0.00, 0.00, 1, '2024-07-08 20:26:51', '0000-00-00 00:00:00', 408, 0),
(392, 21, 83, '111', 1, 30.00, 30.00, 0.00, 0.00, 1, '2024-07-08 20:26:51', '0000-00-00 00:00:00', 408, 0),
(393, 21, 183, '111', 4, 5.00, 20.00, 0.00, 0.00, 1, '2024-07-08 20:26:51', '0000-00-00 00:00:00', 408, 0),
(394, 21, 71, '111', 2, 100.00, 200.00, 0.00, 0.00, 1, '2024-07-08 20:26:51', '0000-00-00 00:00:00', 408, 0),
(395, 21, 36, '111', 1, 190.00, 190.00, 0.00, 0.00, 1, '2024-07-08 20:26:51', '0000-00-00 00:00:00', 408, 0),
(396, 21, 40, '111', 1, 95.00, 95.00, 0.00, 0.00, 1, '2024-07-08 20:26:51', '0000-00-00 00:00:00', 408, 0),
(397, 22, 160, '111', 2, 170.00, 340.00, 0.00, 0.00, 1, '2024-07-09 15:00:33', '0000-00-00 00:00:00', 408, 0),
(398, 22, 167, '111', 1, 50.00, 50.00, 0.00, 0.00, 1, '2024-07-09 15:00:33', '0000-00-00 00:00:00', 408, 0),
(399, 22, 124, '111', 2, 20.00, 40.00, 0.00, 0.00, 1, '2024-07-09 15:00:33', '0000-00-00 00:00:00', 408, 0),
(400, 22, 183, '111', 2, 5.00, 10.00, 0.00, 0.00, 1, '2024-07-09 15:00:33', '0000-00-00 00:00:00', 408, 0),
(401, 22, 12, '111', 1, 140.00, 140.00, 0.00, 0.00, 1, '2024-07-09 15:00:33', '0000-00-00 00:00:00', 408, 0),
(402, 22, 75, '111', 1, 20.00, 20.00, 0.00, 0.00, 1, '2024-07-09 15:00:33', '0000-00-00 00:00:00', 408, 0),
(403, 22, 61, '111', 4, 1.15, 4.60, 0.00, 0.00, 1, '2024-07-09 15:00:33', '0000-00-00 00:00:00', 408, 0),
(404, 22, 188, '11', 3, 25.00, 75.00, 0.00, 0.00, 1, '2024-07-09 15:00:33', '0000-00-00 00:00:00', 408, 0),
(405, 22, 109, '111', 1, 280.00, 280.00, 0.00, 0.00, 1, '2024-07-09 15:00:33', '0000-00-00 00:00:00', 408, 0),
(406, 22, 83, '111', 1, 30.00, 30.00, 0.00, 0.00, 1, '2024-07-09 15:00:33', '0000-00-00 00:00:00', 408, 0),
(407, 23, 58, '111', 2, 87.00, 174.00, 0.00, 0.00, 1, '2024-07-09 15:24:15', '0000-00-00 00:00:00', 408, 0),
(408, 23, 90, '111', 1, 30.00, 30.00, 0.00, 0.00, 1, '2024-07-09 15:24:15', '0000-00-00 00:00:00', 408, 0),
(409, 23, 94, '111', 1, 30.00, 30.00, 0.00, 0.00, 1, '2024-07-09 15:24:15', '0000-00-00 00:00:00', 408, 0),
(410, 23, 83, '111', 1, 30.00, 30.00, 0.00, 0.00, 1, '2024-07-09 15:24:15', '0000-00-00 00:00:00', 408, 0),
(411, 23, 89, '111', 1, 60.00, 60.00, 0.00, 0.00, 1, '2024-07-09 15:24:15', '0000-00-00 00:00:00', 408, 0),
(412, 23, 81, '111', 1, 60.00, 60.00, 0.00, 0.00, 1, '2024-07-09 15:24:15', '0000-00-00 00:00:00', 408, 0),
(413, 23, 75, '111', 2, 20.00, 40.00, 0.00, 0.00, 1, '2024-07-09 15:24:15', '0000-00-00 00:00:00', 408, 0),
(414, 23, 86, '111', 1, 30.00, 30.00, 0.00, 0.00, 1, '2024-07-09 15:24:15', '0000-00-00 00:00:00', 408, 0),
(415, 23, 77, '111', 3, 60.00, 180.00, 0.00, 0.00, 1, '2024-07-09 15:24:15', '0000-00-00 00:00:00', 408, 0),
(416, 23, 183, '111', 7, 5.00, 35.00, 0.00, 0.00, 1, '2024-07-09 15:24:15', '0000-00-00 00:00:00', 408, 0),
(417, 23, 155, '111', 1, 110.00, 110.00, 0.00, 0.00, 1, '2024-07-09 15:24:15', '0000-00-00 00:00:00', 408, 0),
(418, 23, 175, '111', 1, 10.00, 10.00, 0.00, 0.00, 1, '2024-07-09 15:24:15', '0000-00-00 00:00:00', 408, 0),
(419, 23, 176, '111', 1, 20.00, 20.00, 0.00, 0.00, 1, '2024-07-09 15:24:15', '0000-00-00 00:00:00', 408, 0),
(420, 23, 172, '9', 1, 140.00, 140.00, 0.00, 0.00, 1, '2024-07-09 15:24:15', '0000-00-00 00:00:00', 408, 0),
(421, 23, 171, '111', 1, 22.00, 22.00, 0.00, 0.00, 1, '2024-07-09 15:24:15', '0000-00-00 00:00:00', 408, 0),
(422, 23, 186, '', 1, 92.00, 92.00, 0.00, 0.00, 1, '2024-07-09 15:24:15', '0000-00-00 00:00:00', 408, 0),
(423, 23, 56, '', 1, 100.00, 100.00, 0.00, 0.00, 1, '2024-07-09 15:24:15', '0000-00-00 00:00:00', 408, 0),
(424, 23, 180, '111', 1, 9.00, 9.00, 0.00, 0.00, 1, '2024-07-09 15:24:15', '0000-00-00 00:00:00', 408, 0),
(425, 23, 47, '111', 1, 60.00, 60.00, 0.00, 0.00, 1, '2024-07-09 15:24:15', '0000-00-00 00:00:00', 408, 0),
(426, 23, 76, '111', 15, 25.00, 375.00, 0.00, 0.00, 1, '2024-07-09 15:24:15', '0000-00-00 00:00:00', 408, 0),
(427, 23, 21, '111', 6, 490.00, 2940.00, 0.00, 0.00, 1, '2024-07-09 15:24:15', '0000-00-00 00:00:00', 408, 0),
(428, 23, 40, '111', 5, 95.00, 475.00, 0.00, 0.00, 1, '2024-07-09 15:24:15', '0000-00-00 00:00:00', 408, 0),
(429, 23, 9, '111', 6, 90.00, 540.00, 0.00, 0.00, 1, '2024-07-09 15:24:15', '0000-00-00 00:00:00', 408, 0),
(430, 23, 48, '111', 9, 85.00, 765.00, 0.00, 0.00, 1, '2024-07-09 15:24:15', '0000-00-00 00:00:00', 408, 0),
(431, 23, 104, '111', 1, 30.00, 30.00, 0.00, 0.00, 1, '2024-07-09 15:24:15', '0000-00-00 00:00:00', 408, 0),
(432, 23, 79, '111', 1, 200.00, 200.00, 0.00, 0.00, 1, '2024-07-09 15:24:15', '0000-00-00 00:00:00', 408, 0),
(433, 23, 145, '111', 2, 30.00, 60.00, 0.00, 0.00, 1, '2024-07-09 15:24:15', '0000-00-00 00:00:00', 408, 0),
(434, 23, 20, '111', 9, 15.00, 135.00, 0.00, 0.00, 1, '2024-07-09 15:24:15', '0000-00-00 00:00:00', 408, 0),
(435, 23, 69, '111', 1, 100.00, 100.00, 0.00, 0.00, 1, '2024-07-09 15:24:15', '0000-00-00 00:00:00', 408, 0),
(436, 23, 95, '111', 2, 5.00, 10.00, 0.00, 0.00, 1, '2024-07-09 15:24:15', '0000-00-00 00:00:00', 408, 0),
(437, 23, 82, '111', 1, 0.00, 0.00, 0.00, 0.00, 1, '2024-07-09 15:24:15', '0000-00-00 00:00:00', 408, 0),
(438, 23, 120, '111', 1, 30.00, 30.00, 0.00, 0.00, 1, '2024-07-09 15:24:15', '0000-00-00 00:00:00', 408, 0),
(439, 23, 88, '111', 1, 65.00, 65.00, 0.00, 0.00, 1, '2024-07-09 15:24:15', '0000-00-00 00:00:00', 408, 0),
(440, 23, 84, '111', 1, 375.00, 375.00, 0.00, 0.00, 1, '2024-07-09 15:24:15', '0000-00-00 00:00:00', 408, 0),
(441, 23, 97, '111', 2, 65.00, 130.00, 0.00, 0.00, 1, '2024-07-09 15:24:15', '0000-00-00 00:00:00', 408, 0),
(442, 23, 87, '111', 6, 5.00, 30.00, 0.00, 0.00, 1, '2024-07-09 15:24:15', '0000-00-00 00:00:00', 408, 0),
(443, 23, 152, '111', 1, 275.00, 275.00, 0.00, 0.00, 1, '2024-07-09 15:24:15', '0000-00-00 00:00:00', 408, 0),
(444, 23, 61, '111', 4, 1.15, 4.60, 0.00, 0.00, 1, '2024-07-09 15:24:15', '0000-00-00 00:00:00', 408, 0),
(445, 23, 3, '111', 2, 60.00, 120.00, 0.00, 0.00, 1, '2024-07-09 15:24:15', '0000-00-00 00:00:00', 408, 0),
(446, 23, 78, '111', 2, 12.00, 24.00, 0.00, 0.00, 1, '2024-07-09 15:24:15', '0000-00-00 00:00:00', 408, 0),
(447, 23, 23, '111', 2, 20.00, 40.00, 0.00, 0.00, 1, '2024-07-09 15:24:15', '0000-00-00 00:00:00', 408, 0),
(448, 23, 45, '111', 2, 2.00, 4.00, 0.00, 0.00, 1, '2024-07-09 15:24:15', '0000-00-00 00:00:00', 408, 0),
(449, 23, 66, '111', 1, 9.00, 9.00, 0.00, 0.00, 1, '2024-07-09 15:24:15', '0000-00-00 00:00:00', 408, 0),
(450, 23, 64, '111', 1, 7.00, 7.00, 0.00, 0.00, 1, '2024-07-09 15:24:15', '0000-00-00 00:00:00', 408, 0),
(451, 23, 10, '111', 2, 10.00, 20.00, 0.00, 0.00, 1, '2024-07-09 15:24:15', '0000-00-00 00:00:00', 408, 0),
(452, 24, 180, '111', 1, 9.00, 9.00, 0.00, 0.00, 1, '2024-07-09 15:35:24', '0000-00-00 00:00:00', 408, 0),
(453, 24, 135, '111', 6, 320.00, 1920.00, 0.00, 0.00, 1, '2024-07-09 15:35:24', '0000-00-00 00:00:00', 408, 0),
(454, 24, 138, '111', 3, 45.00, 135.00, 0.00, 0.00, 1, '2024-07-09 15:35:24', '0000-00-00 00:00:00', 408, 0),
(455, 24, 9, '111', 5, 90.00, 450.00, 0.00, 0.00, 1, '2024-07-09 15:35:24', '0000-00-00 00:00:00', 408, 0),
(456, 24, 48, '111', 4, 85.00, 340.00, 0.00, 0.00, 1, '2024-07-09 15:35:24', '0000-00-00 00:00:00', 408, 0),
(457, 24, 104, '111', 3, 30.00, 90.00, 0.00, 0.00, 1, '2024-07-09 15:35:24', '0000-00-00 00:00:00', 408, 0),
(458, 24, 69, '111', 1, 100.00, 100.00, 0.00, 0.00, 1, '2024-07-09 15:35:24', '0000-00-00 00:00:00', 408, 0),
(459, 24, 95, '111', 1, 5.00, 5.00, 0.00, 0.00, 1, '2024-07-09 15:35:24', '0000-00-00 00:00:00', 408, 0),
(460, 24, 82, '111', 1, 0.00, 0.00, 0.00, 0.00, 1, '2024-07-09 15:35:24', '0000-00-00 00:00:00', 408, 0),
(461, 24, 120, '111', 1, 30.00, 30.00, 0.00, 0.00, 1, '2024-07-09 15:35:24', '0000-00-00 00:00:00', 408, 0),
(462, 24, 183, '111', 6, 5.00, 30.00, 0.00, 0.00, 1, '2024-07-09 15:35:24', '0000-00-00 00:00:00', 408, 0),
(463, 24, 88, '111', 1, 65.00, 65.00, 0.00, 0.00, 1, '2024-07-09 15:35:24', '0000-00-00 00:00:00', 408, 0),
(464, 24, 87, '111', 4, 5.00, 20.00, 0.00, 0.00, 1, '2024-07-09 15:35:24', '0000-00-00 00:00:00', 408, 0),
(465, 24, 81, '111', 1, 60.00, 60.00, 0.00, 0.00, 1, '2024-07-09 15:35:24', '0000-00-00 00:00:00', 408, 0),
(466, 24, 17, '111', 2, 15.00, 30.00, 0.00, 0.00, 1, '2024-07-09 15:35:24', '0000-00-00 00:00:00', 408, 0),
(467, 25, 58, '111', 3, 87.00, 261.00, 0.00, 0.00, 1, '2024-07-09 15:52:05', '0000-00-00 00:00:00', 408, 0),
(468, 25, 90, '111', 1, 30.00, 30.00, 0.00, 0.00, 1, '2024-07-09 15:52:05', '0000-00-00 00:00:00', 408, 0),
(469, 25, 94, '111', 1, 30.00, 30.00, 0.00, 0.00, 1, '2024-07-09 15:52:05', '0000-00-00 00:00:00', 408, 0),
(470, 25, 83, '111', 1, 30.00, 30.00, 0.00, 0.00, 1, '2024-07-09 15:52:05', '0000-00-00 00:00:00', 408, 0);
INSERT INTO `medicine_invoice_details` (`id`, `invoice_id`, `medicine_id`, `batch_no`, `quantity`, `rate`, `total_rate`, `discount`, `total_discount`, `status`, `created_at`, `modified_at`, `created_by`, `modified_by`) VALUES
(471, 25, 89, '111', 1, 60.00, 60.00, 0.00, 0.00, 1, '2024-07-09 15:52:05', '0000-00-00 00:00:00', 408, 0),
(472, 25, 81, '111', 1, 60.00, 60.00, 0.00, 0.00, 1, '2024-07-09 15:52:05', '0000-00-00 00:00:00', 408, 0),
(473, 25, 176, '111', 1, 20.00, 20.00, 0.00, 0.00, 1, '2024-07-09 15:52:05', '0000-00-00 00:00:00', 408, 0),
(474, 25, 175, '111', 1, 10.00, 10.00, 0.00, 0.00, 1, '2024-07-09 15:52:05', '0000-00-00 00:00:00', 408, 0),
(475, 25, 151, '111', 1, 300.00, 300.00, 0.00, 0.00, 1, '2024-07-09 15:52:05', '0000-00-00 00:00:00', 408, 0),
(476, 25, 75, '111', 2, 20.00, 40.00, 0.00, 0.00, 1, '2024-07-09 15:52:05', '0000-00-00 00:00:00', 408, 0),
(477, 25, 86, '111', 1, 30.00, 30.00, 0.00, 0.00, 1, '2024-07-09 15:52:05', '0000-00-00 00:00:00', 408, 0),
(478, 25, 155, '111', 1, 110.00, 110.00, 0.00, 0.00, 1, '2024-07-09 15:52:05', '0000-00-00 00:00:00', 408, 0),
(479, 25, 183, '111', 8, 5.00, 40.00, 0.00, 0.00, 1, '2024-07-09 15:52:05', '0000-00-00 00:00:00', 408, 0),
(480, 25, 186, '', 1, 92.00, 92.00, 0.00, 0.00, 1, '2024-07-09 15:52:05', '0000-00-00 00:00:00', 408, 0),
(481, 25, 180, '111', 2, 9.00, 18.00, 0.00, 0.00, 1, '2024-07-09 15:52:05', '0000-00-00 00:00:00', 408, 0),
(482, 25, 47, '111', 1, 60.00, 60.00, 0.00, 0.00, 1, '2024-07-09 15:52:05', '0000-00-00 00:00:00', 408, 0),
(483, 25, 76, '111', 15, 25.00, 375.00, 0.00, 0.00, 1, '2024-07-09 15:52:05', '0000-00-00 00:00:00', 408, 0),
(484, 25, 132, '111', 6, 500.00, 3000.00, 0.00, 0.00, 1, '2024-07-09 15:52:05', '0000-00-00 00:00:00', 408, 0),
(485, 25, 9, '111', 6, 90.00, 540.00, 0.00, 0.00, 1, '2024-07-09 15:52:05', '0000-00-00 00:00:00', 408, 0),
(486, 25, 40, '111', 5, 95.00, 475.00, 0.00, 0.00, 1, '2024-07-09 15:52:05', '0000-00-00 00:00:00', 408, 0),
(487, 25, 48, '111', 8, 85.00, 680.00, 0.00, 0.00, 1, '2024-07-09 15:52:05', '0000-00-00 00:00:00', 408, 0),
(488, 25, 20, '111', 9, 15.00, 135.00, 0.00, 0.00, 1, '2024-07-09 15:52:05', '0000-00-00 00:00:00', 408, 0),
(489, 25, 158, '111', 1, 32.00, 32.00, 0.00, 0.00, 1, '2024-07-09 15:52:05', '0000-00-00 00:00:00', 408, 0),
(490, 25, 69, '111', 1, 100.00, 100.00, 0.00, 0.00, 1, '2024-07-09 15:52:05', '0000-00-00 00:00:00', 408, 0),
(491, 25, 95, '111', 2, 5.00, 10.00, 0.00, 0.00, 1, '2024-07-09 15:52:05', '0000-00-00 00:00:00', 408, 0),
(492, 25, 82, '111', 1, 0.00, 0.00, 0.00, 0.00, 1, '2024-07-09 15:52:05', '0000-00-00 00:00:00', 408, 0),
(493, 25, 120, '111', 1, 30.00, 30.00, 0.00, 0.00, 1, '2024-07-09 15:52:05', '0000-00-00 00:00:00', 408, 0),
(494, 25, 88, '111', 1, 65.00, 65.00, 0.00, 0.00, 1, '2024-07-09 15:52:05', '0000-00-00 00:00:00', 408, 0),
(495, 25, 84, '111', 1, 375.00, 375.00, 0.00, 0.00, 1, '2024-07-09 15:52:05', '0000-00-00 00:00:00', 408, 0),
(496, 25, 17, '111', 2, 15.00, 30.00, 0.00, 0.00, 1, '2024-07-09 15:52:05', '0000-00-00 00:00:00', 408, 0),
(497, 25, 87, '111', 4, 5.00, 20.00, 0.00, 0.00, 1, '2024-07-09 15:52:05', '0000-00-00 00:00:00', 408, 0),
(498, 25, 79, '111', 1, 200.00, 200.00, 0.00, 0.00, 1, '2024-07-09 15:52:05', '0000-00-00 00:00:00', 408, 0),
(499, 25, 128, '111', 2, 3.00, 6.00, 0.00, 0.00, 1, '2024-07-09 15:52:05', '0000-00-00 00:00:00', 408, 0),
(500, 25, 141, '111', 1, 140.00, 140.00, 0.00, 0.00, 1, '2024-07-09 15:52:05', '0000-00-00 00:00:00', 408, 0),
(501, 25, 156, '111', 4, 3.00, 12.00, 0.00, 0.00, 1, '2024-07-09 15:52:05', '0000-00-00 00:00:00', 408, 0),
(502, 25, 63, '111', 6, 4.00, 24.00, 0.00, 0.00, 1, '2024-07-09 15:52:05', '0000-00-00 00:00:00', 408, 0),
(503, 25, 13, '111', 3, 2.00, 6.00, 0.00, 0.00, 1, '2024-07-09 15:52:05', '0000-00-00 00:00:00', 408, 0),
(504, 25, 10, '111', 1, 10.00, 10.00, 0.00, 0.00, 1, '2024-07-09 15:52:05', '0000-00-00 00:00:00', 408, 0),
(505, 25, 61, '111', 4, 1.15, 4.60, 0.00, 0.00, 1, '2024-07-09 15:52:05', '0000-00-00 00:00:00', 408, 0),
(506, 26, 149, '111', 3, 15.00, 45.00, 0.00, 0.00, 1, '2024-07-09 16:35:23', '0000-00-00 00:00:00', 408, 0),
(507, 26, 95, '111', 3, 5.00, 15.00, 0.00, 0.00, 1, '2024-07-09 16:35:23', '0000-00-00 00:00:00', 408, 0),
(508, 26, 58, '111', 1, 87.00, 87.00, 0.00, 0.00, 1, '2024-07-09 16:35:23', '0000-00-00 00:00:00', 408, 0),
(509, 26, 104, '111', 2, 30.00, 60.00, 0.00, 0.00, 1, '2024-07-09 16:35:23', '0000-00-00 00:00:00', 408, 0),
(510, 26, 9, '111', 7, 90.00, 630.00, 0.00, 0.00, 1, '2024-07-09 16:35:23', '0000-00-00 00:00:00', 408, 0),
(511, 26, 82, '111', 2, 0.00, 0.00, 0.00, 0.00, 1, '2024-07-09 16:35:23', '0000-00-00 00:00:00', 408, 0),
(512, 26, 90, '111', 2, 30.00, 60.00, 0.00, 0.00, 1, '2024-07-09 16:35:23', '0000-00-00 00:00:00', 408, 0),
(513, 26, 94, '111', 2, 30.00, 60.00, 0.00, 0.00, 1, '2024-07-09 16:35:23', '0000-00-00 00:00:00', 408, 0),
(514, 26, 83, '111', 1, 30.00, 30.00, 0.00, 0.00, 1, '2024-07-09 16:35:23', '0000-00-00 00:00:00', 408, 0),
(515, 26, 89, '111', 1, 60.00, 60.00, 0.00, 0.00, 1, '2024-07-09 16:35:23', '0000-00-00 00:00:00', 408, 0),
(516, 26, 81, '111', 1, 60.00, 60.00, 0.00, 0.00, 1, '2024-07-09 16:35:23', '0000-00-00 00:00:00', 408, 0),
(517, 26, 176, '111', 1, 20.00, 20.00, 0.00, 0.00, 1, '2024-07-09 16:35:23', '0000-00-00 00:00:00', 408, 0),
(518, 26, 175, '111', 1, 10.00, 10.00, 0.00, 0.00, 1, '2024-07-09 16:35:23', '0000-00-00 00:00:00', 408, 0),
(519, 26, 151, '111', 1, 300.00, 300.00, 0.00, 0.00, 1, '2024-07-09 16:35:23', '0000-00-00 00:00:00', 408, 0),
(520, 26, 75, '111', 2, 20.00, 40.00, 0.00, 0.00, 1, '2024-07-09 16:35:23', '0000-00-00 00:00:00', 408, 0),
(521, 26, 86, '111', 1, 30.00, 30.00, 0.00, 0.00, 1, '2024-07-09 16:35:23', '0000-00-00 00:00:00', 408, 0),
(522, 26, 155, '111', 2, 110.00, 220.00, 0.00, 0.00, 1, '2024-07-09 16:35:23', '0000-00-00 00:00:00', 408, 0),
(523, 26, 183, '111', 12, 5.00, 60.00, 0.00, 0.00, 1, '2024-07-09 16:35:23', '0000-00-00 00:00:00', 408, 0),
(524, 26, 57, '12', 1, 92.00, 92.00, 0.00, 0.00, 1, '2024-07-09 16:35:23', '0000-00-00 00:00:00', 408, 0),
(525, 26, 139, '111', 2, 3.00, 6.00, 0.00, 0.00, 1, '2024-07-09 16:35:23', '0000-00-00 00:00:00', 408, 0),
(526, 26, 180, '111', 1, 9.00, 9.00, 0.00, 0.00, 1, '2024-07-09 16:35:23', '0000-00-00 00:00:00', 408, 0),
(527, 26, 47, '111', 1, 60.00, 60.00, 0.00, 0.00, 1, '2024-07-09 16:35:23', '0000-00-00 00:00:00', 408, 0),
(528, 26, 76, '111', 17, 25.00, 425.00, 0.00, 0.00, 1, '2024-07-09 16:35:23', '0000-00-00 00:00:00', 408, 0),
(529, 26, 132, '111', 6, 500.00, 3000.00, 0.00, 0.00, 1, '2024-07-09 16:35:23', '0000-00-00 00:00:00', 408, 0),
(530, 26, 40, '111', 6, 95.00, 570.00, 0.00, 0.00, 1, '2024-07-09 16:35:23', '0000-00-00 00:00:00', 408, 0),
(531, 26, 48, '111', 9, 85.00, 765.00, 0.00, 0.00, 1, '2024-07-09 16:35:23', '0000-00-00 00:00:00', 408, 0),
(532, 26, 20, '111', 10, 15.00, 150.00, 0.00, 0.00, 1, '2024-07-09 16:35:23', '0000-00-00 00:00:00', 408, 0),
(533, 26, 69, '111', 1, 100.00, 100.00, 0.00, 0.00, 1, '2024-07-09 16:35:23', '0000-00-00 00:00:00', 408, 0),
(534, 26, 120, '111', 1, 30.00, 30.00, 0.00, 0.00, 1, '2024-07-09 16:35:23', '0000-00-00 00:00:00', 408, 0),
(535, 26, 88, '111', 1, 65.00, 65.00, 0.00, 0.00, 1, '2024-07-09 16:35:23', '0000-00-00 00:00:00', 408, 0),
(536, 26, 87, '111', 6, 5.00, 30.00, 0.00, 0.00, 1, '2024-07-09 16:35:23', '0000-00-00 00:00:00', 408, 0),
(537, 26, 84, '111', 1, 375.00, 375.00, 0.00, 0.00, 1, '2024-07-09 16:35:23', '0000-00-00 00:00:00', 408, 0),
(538, 26, 162, '111', 1, 100.00, 100.00, 0.00, 0.00, 1, '2024-07-09 16:35:23', '0000-00-00 00:00:00', 408, 0),
(539, 26, 163, '111', 1, 50.00, 50.00, 0.00, 0.00, 1, '2024-07-09 16:35:23', '0000-00-00 00:00:00', 408, 0),
(540, 26, 156, '111', 6, 3.00, 18.00, 0.00, 0.00, 1, '2024-07-09 16:35:23', '0000-00-00 00:00:00', 408, 0),
(541, 26, 63, '111', 6, 4.00, 24.00, 0.00, 0.00, 1, '2024-07-09 16:35:23', '0000-00-00 00:00:00', 408, 0),
(542, 26, 141, '111', 1, 140.00, 140.00, 0.00, 0.00, 1, '2024-07-09 16:35:23', '0000-00-00 00:00:00', 408, 0),
(543, 26, 17, '111', 1, 15.00, 15.00, 0.00, 0.00, 1, '2024-07-09 16:35:23', '0000-00-00 00:00:00', 408, 0),
(544, 26, 137, '111', 1, 55.00, 55.00, 0.00, 0.00, 1, '2024-07-09 16:35:23', '0000-00-00 00:00:00', 408, 0),
(545, 26, 61, '111', 4, 1.15, 4.60, 0.00, 0.00, 1, '2024-07-09 16:35:23', '0000-00-00 00:00:00', 408, 0),
(546, 26, 109, '10', 1, 280.00, 280.00, 0.00, 0.00, 1, '2024-07-09 16:35:23', '0000-00-00 00:00:00', 408, 0),
(547, 27, 58, '111', 3, 87.00, 261.00, 0.00, 0.00, 1, '2024-07-09 17:09:48', '0000-00-00 00:00:00', 408, 0),
(548, 27, 90, '111', 2, 30.00, 60.00, 0.00, 0.00, 1, '2024-07-09 17:09:48', '0000-00-00 00:00:00', 408, 0),
(549, 27, 94, '111', 1, 30.00, 30.00, 0.00, 0.00, 1, '2024-07-09 17:09:48', '0000-00-00 00:00:00', 408, 0),
(550, 27, 83, '111', 1, 30.00, 30.00, 0.00, 0.00, 1, '2024-07-09 17:09:48', '0000-00-00 00:00:00', 408, 0),
(551, 27, 89, '111', 1, 60.00, 60.00, 0.00, 0.00, 1, '2024-07-09 17:09:48', '0000-00-00 00:00:00', 408, 0),
(552, 27, 81, '111', 1, 60.00, 60.00, 0.00, 0.00, 1, '2024-07-09 17:09:48', '0000-00-00 00:00:00', 408, 0),
(553, 27, 176, '111', 1, 20.00, 20.00, 0.00, 0.00, 1, '2024-07-09 17:09:48', '0000-00-00 00:00:00', 408, 0),
(554, 27, 175, '111', 1, 10.00, 10.00, 0.00, 0.00, 1, '2024-07-09 17:09:48', '0000-00-00 00:00:00', 408, 0),
(555, 27, 151, '111', 1, 300.00, 300.00, 0.00, 0.00, 1, '2024-07-09 17:09:48', '0000-00-00 00:00:00', 408, 0),
(556, 27, 75, '111', 1, 20.00, 20.00, 0.00, 0.00, 1, '2024-07-09 17:09:48', '0000-00-00 00:00:00', 408, 0),
(557, 27, 86, '111', 1, 30.00, 30.00, 0.00, 0.00, 1, '2024-07-09 17:09:48', '0000-00-00 00:00:00', 408, 0),
(558, 27, 155, '111', 1, 110.00, 110.00, 0.00, 0.00, 1, '2024-07-09 17:09:48', '0000-00-00 00:00:00', 408, 0),
(559, 27, 183, '111', 8, 5.00, 40.00, 0.00, 0.00, 1, '2024-07-09 17:09:48', '0000-00-00 00:00:00', 408, 0),
(560, 27, 180, '111', 1, 9.00, 9.00, 0.00, 0.00, 1, '2024-07-09 17:09:48', '0000-00-00 00:00:00', 408, 0),
(561, 27, 47, '111', 1, 60.00, 60.00, 0.00, 0.00, 1, '2024-07-09 17:09:48', '0000-00-00 00:00:00', 408, 0),
(562, 27, 76, '111', 15, 25.00, 375.00, 0.00, 0.00, 1, '2024-07-09 17:09:48', '0000-00-00 00:00:00', 408, 0),
(563, 27, 5, '111', 6, 300.00, 1800.00, 0.00, 0.00, 1, '2024-07-09 17:09:48', '0000-00-00 00:00:00', 408, 0),
(564, 27, 40, '111', 6, 95.00, 570.00, 0.00, 0.00, 1, '2024-07-09 17:09:48', '0000-00-00 00:00:00', 408, 0),
(565, 27, 9, '111', 6, 90.00, 540.00, 0.00, 0.00, 1, '2024-07-09 17:09:48', '0000-00-00 00:00:00', 408, 0),
(566, 27, 48, '111', 9, 85.00, 765.00, 0.00, 0.00, 1, '2024-07-09 17:09:48', '0000-00-00 00:00:00', 408, 0),
(567, 27, 20, '111', 9, 15.00, 135.00, 0.00, 0.00, 1, '2024-07-09 17:09:48', '0000-00-00 00:00:00', 408, 0),
(568, 27, 69, '111', 1, 100.00, 100.00, 0.00, 0.00, 1, '2024-07-09 17:09:48', '0000-00-00 00:00:00', 408, 0),
(569, 27, 82, '111', 1, 0.00, 0.00, 0.00, 0.00, 1, '2024-07-09 17:09:48', '0000-00-00 00:00:00', 408, 0),
(570, 27, 120, '111', 1, 30.00, 30.00, 0.00, 0.00, 1, '2024-07-09 17:09:48', '0000-00-00 00:00:00', 408, 0),
(571, 27, 88, '111', 1, 65.00, 65.00, 0.00, 0.00, 1, '2024-07-09 17:09:48', '0000-00-00 00:00:00', 408, 0),
(572, 27, 87, '111', 4, 5.00, 20.00, 0.00, 0.00, 1, '2024-07-09 17:09:48', '0000-00-00 00:00:00', 408, 0),
(573, 27, 84, '111', 1, 375.00, 375.00, 0.00, 0.00, 1, '2024-07-09 17:09:48', '0000-00-00 00:00:00', 408, 0),
(574, 27, 17, '111', 3, 15.00, 45.00, 0.00, 0.00, 1, '2024-07-09 17:09:48', '0000-00-00 00:00:00', 408, 0),
(575, 27, 31, '111', 1, 17.80, 17.80, 0.00, 0.00, 1, '2024-07-09 17:09:48', '0000-00-00 00:00:00', 408, 0),
(576, 27, 66, '111', 1, 9.00, 9.00, 0.00, 0.00, 1, '2024-07-09 17:09:48', '0000-00-00 00:00:00', 408, 0),
(577, 27, 141, '111', 1, 140.00, 140.00, 0.00, 0.00, 1, '2024-07-09 17:09:48', '0000-00-00 00:00:00', 408, 0),
(578, 27, 128, '111', 2, 3.00, 6.00, 0.00, 0.00, 1, '2024-07-09 17:09:48', '0000-00-00 00:00:00', 408, 0),
(579, 27, 62, '111', 1, 46.00, 46.00, 0.00, 0.00, 1, '2024-07-09 17:09:48', '0000-00-00 00:00:00', 408, 0),
(580, 27, 13, '111', 2, 2.00, 4.00, 0.00, 0.00, 1, '2024-07-09 17:09:48', '0000-00-00 00:00:00', 408, 0),
(581, 27, 96, '111', 2, 5.00, 10.00, 0.00, 0.00, 1, '2024-07-09 17:09:48', '0000-00-00 00:00:00', 408, 0),
(582, 28, 155, '111', 1, 110.00, 110.00, 0.00, 0.00, 1, '2024-07-10 19:01:54', '0000-00-00 00:00:00', 408, 0),
(583, 28, 75, '111', 1, 20.00, 20.00, 0.00, 0.00, 1, '2024-07-10 19:01:54', '0000-00-00 00:00:00', 408, 0),
(584, 28, 188, '11', 4, 25.00, 100.00, 0.00, 0.00, 1, '2024-07-10 19:01:54', '0000-00-00 00:00:00', 408, 0),
(585, 28, 183, '111', 4, 5.00, 20.00, 0.00, 0.00, 1, '2024-07-10 19:01:54', '0000-00-00 00:00:00', 408, 0),
(586, 28, 185, '051', 1, 150.00, 150.00, 0.00, 0.00, 1, '2024-07-10 19:01:54', '0000-00-00 00:00:00', 408, 0),
(587, 28, 154, '111', 1, 6.00, 6.00, 0.00, 0.00, 1, '2024-07-10 19:01:54', '0000-00-00 00:00:00', 408, 0),
(588, 28, 92, '111', 2, 30.00, 60.00, 0.00, 0.00, 1, '2024-07-10 19:01:54', '0000-00-00 00:00:00', 408, 0),
(589, 28, 94, '111', 2, 30.00, 60.00, 0.00, 0.00, 1, '2024-07-10 19:01:54', '0000-00-00 00:00:00', 408, 0),
(590, 28, 36, '111', 1, 190.00, 190.00, 0.00, 0.00, 1, '2024-07-10 19:01:54', '0000-00-00 00:00:00', 408, 0),
(591, 28, 32, '111', 8, 60.00, 480.00, 0.00, 0.00, 1, '2024-07-10 19:01:54', '0000-00-00 00:00:00', 408, 0),
(592, 28, 172, '9', 1, 140.00, 140.00, 0.00, 0.00, 1, '2024-07-10 19:01:54', '0000-00-00 00:00:00', 408, 0),
(593, 28, 171, '111', 1, 22.00, 22.00, 0.00, 0.00, 1, '2024-07-10 19:01:54', '0000-00-00 00:00:00', 408, 0),
(594, 28, 47, '111', 1, 60.00, 60.00, 0.00, 0.00, 1, '2024-07-10 19:01:54', '0000-00-00 00:00:00', 408, 0),
(595, 28, 45, '111', 2, 2.00, 4.00, 0.00, 0.00, 1, '2024-07-10 19:01:54', '0000-00-00 00:00:00', 408, 0),
(596, 28, 160, '111', 4, 170.00, 680.00, 0.00, 0.00, 1, '2024-07-10 19:01:54', '0000-00-00 00:00:00', 408, 0),
(597, 28, 167, '111', 2, 50.00, 100.00, 0.00, 0.00, 1, '2024-07-10 19:01:54', '0000-00-00 00:00:00', 408, 0),
(598, 28, 124, '111', 3, 20.00, 60.00, 0.00, 0.00, 1, '2024-07-10 19:01:54', '0000-00-00 00:00:00', 408, 0),
(599, 29, 58, '111', 1, 87.00, 87.00, 0.00, 0.00, 1, '2024-07-10 19:07:12', '0000-00-00 00:00:00', 408, 0),
(600, 29, 90, '111', 1, 30.00, 30.00, 0.00, 0.00, 1, '2024-07-10 19:07:12', '0000-00-00 00:00:00', 408, 0),
(601, 29, 94, '111', 1, 30.00, 30.00, 0.00, 0.00, 1, '2024-07-10 19:07:12', '0000-00-00 00:00:00', 408, 0),
(602, 29, 83, '111', 1, 30.00, 30.00, 0.00, 0.00, 1, '2024-07-10 19:07:12', '0000-00-00 00:00:00', 408, 0),
(603, 29, 89, '111', 1, 60.00, 60.00, 0.00, 0.00, 1, '2024-07-10 19:07:12', '0000-00-00 00:00:00', 408, 0),
(604, 29, 81, '111', 1, 60.00, 60.00, 0.00, 0.00, 1, '2024-07-10 19:07:12', '0000-00-00 00:00:00', 408, 0),
(605, 29, 80, '111', 2, 350.00, 700.00, 0.00, 0.00, 1, '2024-07-10 19:07:12', '0000-00-00 00:00:00', 408, 0),
(606, 29, 20, '111', 2, 15.00, 30.00, 0.00, 0.00, 1, '2024-07-10 19:07:12', '0000-00-00 00:00:00', 408, 0),
(607, 29, 9, '111', 2, 90.00, 180.00, 0.00, 0.00, 1, '2024-07-10 19:07:12', '0000-00-00 00:00:00', 408, 0),
(608, 29, 40, '111', 1, 95.00, 95.00, 0.00, 0.00, 1, '2024-07-10 19:07:12', '0000-00-00 00:00:00', 408, 0),
(609, 29, 48, '111', 2, 85.00, 170.00, 0.00, 0.00, 1, '2024-07-10 19:07:12', '0000-00-00 00:00:00', 408, 0),
(610, 29, 104, '111', 2, 30.00, 60.00, 0.00, 0.00, 1, '2024-07-10 19:07:12', '0000-00-00 00:00:00', 408, 0),
(611, 30, 66, '111', 11, 9.00, 99.00, 0.00, 0.00, 1, '2024-07-11 17:00:38', '0000-00-00 00:00:00', 408, 0),
(612, 30, 31, '111', 1, 17.80, 17.80, 0.00, 0.00, 1, '2024-07-11 17:00:38', '0000-00-00 00:00:00', 408, 0),
(613, 30, 10, '111', 31, 10.00, 310.00, 0.00, 0.00, 1, '2024-07-11 17:00:38', '0000-00-00 00:00:00', 408, 0),
(614, 30, 47, '111', 2, 60.00, 120.00, 0.00, 0.00, 1, '2024-07-11 17:00:38', '0000-00-00 00:00:00', 408, 0),
(615, 30, 12, '111', 2, 140.00, 280.00, 0.00, 0.00, 1, '2024-07-11 17:00:38', '0000-00-00 00:00:00', 408, 0),
(616, 30, 172, '9', 1, 140.00, 140.00, 0.00, 0.00, 1, '2024-07-11 17:00:38', '0000-00-00 00:00:00', 408, 0),
(617, 30, 171, '111', 1, 22.00, 22.00, 0.00, 0.00, 1, '2024-07-11 17:00:38', '0000-00-00 00:00:00', 408, 0),
(618, 30, 149, '111', 1, 15.00, 15.00, 0.00, 0.00, 1, '2024-07-11 17:00:38', '0000-00-00 00:00:00', 408, 0),
(619, 30, 90, '111', 1, 30.00, 30.00, 0.00, 0.00, 1, '2024-07-11 17:00:38', '0000-00-00 00:00:00', 408, 0),
(620, 30, 94, '111', 1, 30.00, 30.00, 0.00, 0.00, 1, '2024-07-11 17:00:38', '0000-00-00 00:00:00', 408, 0),
(621, 30, 162, '111', 1, 100.00, 100.00, 0.00, 0.00, 1, '2024-07-11 17:00:38', '0000-00-00 00:00:00', 408, 0),
(622, 30, 109, '10', 1, 280.00, 280.00, 0.00, 0.00, 1, '2024-07-11 17:00:38', '0000-00-00 00:00:00', 408, 0),
(623, 30, 183, '111', 2, 5.00, 10.00, 0.00, 0.00, 1, '2024-07-11 17:00:38', '0000-00-00 00:00:00', 408, 0),
(624, 30, 87, '111', 1, 5.00, 5.00, 0.00, 0.00, 1, '2024-07-11 17:00:38', '0000-00-00 00:00:00', 408, 0),
(625, 30, 30, '111', 30, 4.00, 120.00, 0.00, 0.00, 1, '2024-07-11 17:00:38', '0000-00-00 00:00:00', 408, 0),
(626, 30, 112, '111', 20, 85.00, 1700.00, 0.00, 0.00, 1, '2024-07-11 17:00:38', '0000-00-00 00:00:00', 408, 0),
(627, 30, 78, '111', 28, 12.00, 336.00, 0.00, 0.00, 1, '2024-07-11 17:00:38', '0000-00-00 00:00:00', 408, 0),
(628, 30, 23, '111', 10, 20.00, 200.00, 0.00, 0.00, 1, '2024-07-11 17:00:38', '0000-00-00 00:00:00', 408, 0),
(629, 30, 45, '111', 14, 2.00, 28.00, 0.00, 0.00, 1, '2024-07-11 17:00:38', '0000-00-00 00:00:00', 408, 0),
(630, 30, 156, '111', 10, 3.00, 30.00, 0.00, 0.00, 1, '2024-07-11 17:00:38', '0000-00-00 00:00:00', 408, 0),
(631, 30, 63, '111', 10, 4.00, 40.00, 0.00, 0.00, 1, '2024-07-11 17:00:38', '0000-00-00 00:00:00', 408, 0),
(632, 30, 17, '111', 2, 15.00, 30.00, 0.00, 0.00, 1, '2024-07-11 17:00:38', '0000-00-00 00:00:00', 408, 0),
(633, 30, 185, '051', 1, 150.00, 150.00, 0.00, 0.00, 1, '2024-07-11 17:00:38', '0000-00-00 00:00:00', 408, 0),
(634, 30, 154, '111', 1, 6.00, 6.00, 0.00, 0.00, 1, '2024-07-11 17:00:38', '0000-00-00 00:00:00', 408, 0),
(635, 30, 188, '11', 1, 25.00, 25.00, 0.00, 0.00, 1, '2024-07-11 17:00:38', '0000-00-00 00:00:00', 408, 0),
(636, 30, 96, '111', 1, 5.00, 5.00, 0.00, 0.00, 1, '2024-07-11 17:00:38', '0000-00-00 00:00:00', 408, 0),
(637, 31, 90, '111', 1, 30.00, 30.00, 0.00, 0.00, 1, '2024-07-11 17:08:15', '0000-00-00 00:00:00', 408, 0),
(638, 31, 94, '111', 2, 30.00, 60.00, 0.00, 0.00, 1, '2024-07-11 17:08:15', '0000-00-00 00:00:00', 408, 0),
(639, 31, 183, '111', 6, 5.00, 30.00, 0.00, 0.00, 1, '2024-07-11 17:08:15', '0000-00-00 00:00:00', 408, 0),
(640, 31, 87, '111', 10, 5.00, 50.00, 0.00, 0.00, 1, '2024-07-11 17:08:15', '0000-00-00 00:00:00', 408, 0),
(641, 31, 88, '111', 2, 65.00, 130.00, 0.00, 0.00, 1, '2024-07-11 17:08:15', '0000-00-00 00:00:00', 408, 0),
(642, 31, 120, '111', 4, 30.00, 120.00, 0.00, 0.00, 1, '2024-07-11 17:08:15', '0000-00-00 00:00:00', 408, 0),
(643, 31, 96, '111', 1, 5.00, 5.00, 0.00, 0.00, 1, '2024-07-11 17:08:15', '0000-00-00 00:00:00', 408, 0),
(644, 31, 9, '111', 1, 90.00, 90.00, 0.00, 0.00, 1, '2024-07-11 17:08:15', '0000-00-00 00:00:00', 408, 0),
(645, 31, 17, '111', 4, 15.00, 60.00, 0.00, 0.00, 1, '2024-07-11 17:08:15', '0000-00-00 00:00:00', 408, 0),
(646, 31, 31, '111', 7, 17.80, 124.60, 0.00, 0.00, 1, '2024-07-11 17:08:15', '0000-00-00 00:00:00', 408, 0),
(647, 31, 125, '111', 3, 35.00, 105.00, 0.00, 0.00, 1, '2024-07-11 17:08:15', '0000-00-00 00:00:00', 408, 0),
(648, 31, 83, '111', 1, 30.00, 30.00, 0.00, 0.00, 1, '2024-07-11 17:08:15', '0000-00-00 00:00:00', 408, 0),
(649, 31, 92, '111', 1, 30.00, 30.00, 0.00, 0.00, 1, '2024-07-11 17:08:15', '0000-00-00 00:00:00', 408, 0),
(650, 32, 58, '', 1, 87.00, 87.00, 0.00, 0.00, 1, '2024-07-11 17:21:43', '0000-00-00 00:00:00', 408, 0),
(651, 32, 104, '111', 1, 30.00, 30.00, 0.00, 0.00, 1, '2024-07-11 17:21:43', '0000-00-00 00:00:00', 408, 0),
(652, 32, 90, '111', 1, 30.00, 30.00, 0.00, 0.00, 1, '2024-07-11 17:21:43', '0000-00-00 00:00:00', 408, 0),
(653, 32, 94, '111', 1, 30.00, 30.00, 0.00, 0.00, 1, '2024-07-11 17:21:43', '0000-00-00 00:00:00', 408, 0),
(654, 32, 83, '111', 1, 30.00, 30.00, 0.00, 0.00, 1, '2024-07-11 17:21:43', '0000-00-00 00:00:00', 408, 0),
(655, 32, 89, '111', 1, 60.00, 60.00, 0.00, 0.00, 1, '2024-07-11 17:21:43', '0000-00-00 00:00:00', 408, 0),
(656, 32, 81, '111', 1, 60.00, 60.00, 0.00, 0.00, 1, '2024-07-11 17:21:43', '0000-00-00 00:00:00', 408, 0),
(657, 32, 82, '111', 2, 0.00, 0.00, 0.00, 0.00, 1, '2024-07-11 17:21:43', '0000-00-00 00:00:00', 408, 0),
(658, 32, 176, '111', 1, 20.00, 20.00, 0.00, 0.00, 1, '2024-07-11 17:21:43', '0000-00-00 00:00:00', 408, 0),
(659, 32, 175, '111', 1, 10.00, 10.00, 0.00, 0.00, 1, '2024-07-11 17:21:43', '0000-00-00 00:00:00', 408, 0),
(660, 32, 151, '111', 1, 300.00, 300.00, 0.00, 0.00, 1, '2024-07-11 17:21:43', '0000-00-00 00:00:00', 408, 0),
(661, 32, 75, '111', 2, 20.00, 40.00, 0.00, 0.00, 1, '2024-07-11 17:21:43', '0000-00-00 00:00:00', 408, 0),
(662, 32, 86, '111', 1, 30.00, 30.00, 0.00, 0.00, 1, '2024-07-11 17:21:43', '0000-00-00 00:00:00', 408, 0),
(663, 32, 155, '111', 3, 110.00, 330.00, 0.00, 0.00, 1, '2024-07-11 17:21:43', '0000-00-00 00:00:00', 408, 0),
(664, 32, 183, '111', 10, 5.00, 50.00, 0.00, 0.00, 1, '2024-07-11 17:21:43', '0000-00-00 00:00:00', 408, 0),
(665, 32, 186, '', 1, 92.00, 92.00, 0.00, 0.00, 1, '2024-07-11 17:21:43', '0000-00-00 00:00:00', 408, 0),
(666, 32, 180, '111', 1, 9.00, 9.00, 0.00, 0.00, 1, '2024-07-11 17:21:43', '0000-00-00 00:00:00', 408, 0),
(667, 32, 47, '111', 1, 60.00, 60.00, 0.00, 0.00, 1, '2024-07-11 17:21:43', '0000-00-00 00:00:00', 408, 0),
(668, 32, 76, '111', 15, 25.00, 375.00, 0.00, 0.00, 1, '2024-07-11 17:21:43', '0000-00-00 00:00:00', 408, 0),
(669, 32, 5, '111', 6, 300.00, 1800.00, 0.00, 0.00, 1, '2024-07-11 17:21:43', '0000-00-00 00:00:00', 408, 0),
(670, 32, 40, '111', 6, 95.00, 570.00, 0.00, 0.00, 1, '2024-07-11 17:21:43', '0000-00-00 00:00:00', 408, 0),
(671, 32, 9, '111', 6, 90.00, 540.00, 0.00, 0.00, 1, '2024-07-11 17:21:43', '0000-00-00 00:00:00', 408, 0),
(672, 32, 48, '111', 8, 85.00, 680.00, 0.00, 0.00, 1, '2024-07-11 17:21:43', '0000-00-00 00:00:00', 408, 0),
(673, 32, 20, '111', 8, 15.00, 120.00, 0.00, 0.00, 1, '2024-07-11 17:21:43', '0000-00-00 00:00:00', 408, 0),
(674, 32, 69, '111', 1, 100.00, 100.00, 0.00, 0.00, 1, '2024-07-11 17:21:43', '0000-00-00 00:00:00', 408, 0),
(675, 32, 96, '111', 2, 5.00, 10.00, 0.00, 0.00, 1, '2024-07-11 17:21:43', '0000-00-00 00:00:00', 408, 0),
(676, 32, 120, '111', 1, 30.00, 30.00, 0.00, 0.00, 1, '2024-07-11 17:21:43', '0000-00-00 00:00:00', 408, 0),
(677, 32, 88, '111', 1, 65.00, 65.00, 0.00, 0.00, 1, '2024-07-11 17:21:43', '0000-00-00 00:00:00', 408, 0),
(678, 32, 84, '111', 1, 375.00, 375.00, 0.00, 0.00, 1, '2024-07-11 17:21:43', '0000-00-00 00:00:00', 408, 0),
(679, 32, 87, '111', 6, 5.00, 30.00, 0.00, 0.00, 1, '2024-07-11 17:21:43', '0000-00-00 00:00:00', 408, 0),
(680, 32, 67, '111', 1, 0.00, 0.00, 0.00, 0.00, 1, '2024-07-11 17:21:43', '0000-00-00 00:00:00', 408, 0),
(681, 32, 181, '111', 1, 40.00, 40.00, 0.00, 0.00, 1, '2024-07-11 17:21:43', '0000-00-00 00:00:00', 408, 0),
(682, 32, 141, '111', 1, 140.00, 140.00, 0.00, 0.00, 1, '2024-07-11 17:21:43', '0000-00-00 00:00:00', 408, 0),
(683, 32, 63, '111', 4, 4.00, 16.00, 0.00, 0.00, 1, '2024-07-11 17:21:43', '0000-00-00 00:00:00', 408, 0),
(684, 32, 156, '111', 4, 3.00, 12.00, 0.00, 0.00, 1, '2024-07-11 17:21:43', '0000-00-00 00:00:00', 408, 0),
(685, 32, 13, '111', 2, 2.00, 4.00, 0.00, 0.00, 1, '2024-07-11 17:21:43', '0000-00-00 00:00:00', 408, 0),
(686, 32, 136, '111', 1, 300.00, 300.00, 0.00, 0.00, 1, '2024-07-11 17:21:43', '0000-00-00 00:00:00', 408, 0),
(687, 32, 61, '111', 4, 1.15, 4.60, 0.00, 0.00, 1, '2024-07-11 17:21:43', '0000-00-00 00:00:00', 408, 0),
(688, 33, 90, '111', 1, 30.00, 30.00, 0.00, 0.00, 1, '2024-07-11 17:32:48', '0000-00-00 00:00:00', 408, 0),
(689, 33, 94, '111', 1, 30.00, 30.00, 0.00, 0.00, 1, '2024-07-11 17:32:48', '0000-00-00 00:00:00', 408, 0),
(690, 33, 83, '111', 1, 30.00, 30.00, 0.00, 0.00, 1, '2024-07-11 17:32:48', '0000-00-00 00:00:00', 408, 0),
(691, 33, 89, '111', 1, 60.00, 60.00, 0.00, 0.00, 1, '2024-07-11 17:32:48', '0000-00-00 00:00:00', 408, 0),
(692, 33, 81, '111', 1, 60.00, 60.00, 0.00, 0.00, 1, '2024-07-11 17:32:48', '0000-00-00 00:00:00', 408, 0),
(693, 33, 176, '111', 1, 20.00, 20.00, 0.00, 0.00, 1, '2024-07-11 17:32:48', '0000-00-00 00:00:00', 408, 0),
(694, 33, 175, '111', 1, 10.00, 10.00, 0.00, 0.00, 1, '2024-07-11 17:32:48', '0000-00-00 00:00:00', 408, 0),
(695, 33, 180, '111', 1, 9.00, 9.00, 0.00, 0.00, 1, '2024-07-11 17:32:48', '0000-00-00 00:00:00', 408, 0),
(696, 33, 47, '111', 1, 60.00, 60.00, 0.00, 0.00, 1, '2024-07-11 17:32:48', '0000-00-00 00:00:00', 408, 0),
(697, 33, 76, '111', 15, 25.00, 375.00, 0.00, 0.00, 1, '2024-07-11 17:32:48', '0000-00-00 00:00:00', 408, 0),
(698, 33, 5, '111', 6, 300.00, 1800.00, 0.00, 0.00, 1, '2024-07-11 17:32:48', '0000-00-00 00:00:00', 408, 0),
(699, 33, 40, '111', 6, 95.00, 570.00, 0.00, 0.00, 1, '2024-07-11 17:32:48', '0000-00-00 00:00:00', 408, 0),
(700, 33, 9, '111', 6, 90.00, 540.00, 0.00, 0.00, 1, '2024-07-11 17:32:48', '0000-00-00 00:00:00', 408, 0),
(701, 33, 48, '111', 8, 85.00, 680.00, 0.00, 0.00, 1, '2024-07-11 17:32:48', '0000-00-00 00:00:00', 408, 0),
(702, 33, 75, '111', 2, 20.00, 40.00, 0.00, 0.00, 1, '2024-07-11 17:32:48', '0000-00-00 00:00:00', 408, 0),
(703, 33, 86, '111', 1, 30.00, 30.00, 0.00, 0.00, 1, '2024-07-11 17:32:48', '0000-00-00 00:00:00', 408, 0),
(704, 33, 155, '111', 1, 110.00, 110.00, 0.00, 0.00, 1, '2024-07-11 17:32:48', '0000-00-00 00:00:00', 408, 0),
(705, 33, 20, '111', 1, 15.00, 15.00, 0.00, 0.00, 1, '2024-07-11 17:32:48', '0000-00-00 00:00:00', 408, 0),
(706, 33, 69, '111', 1, 100.00, 100.00, 0.00, 0.00, 1, '2024-07-11 17:32:48', '0000-00-00 00:00:00', 408, 0),
(707, 33, 82, '111', 1, 0.00, 0.00, 0.00, 0.00, 1, '2024-07-11 17:32:48', '0000-00-00 00:00:00', 408, 0),
(708, 33, 120, '111', 1, 30.00, 30.00, 0.00, 0.00, 1, '2024-07-11 17:32:48', '0000-00-00 00:00:00', 408, 0),
(709, 33, 183, '111', 4, 5.00, 20.00, 0.00, 0.00, 1, '2024-07-11 17:32:48', '0000-00-00 00:00:00', 408, 0),
(710, 33, 88, '111', 1, 65.00, 65.00, 0.00, 0.00, 1, '2024-07-11 17:32:48', '0000-00-00 00:00:00', 408, 0),
(711, 33, 87, '111', 6, 5.00, 30.00, 0.00, 0.00, 1, '2024-07-11 17:32:48', '0000-00-00 00:00:00', 408, 0),
(712, 33, 84, '3', 1, 375.00, 375.00, 0.00, 0.00, 1, '2024-07-11 17:32:48', '0000-00-00 00:00:00', 408, 0),
(713, 33, 153, '111', 1, 235.00, 235.00, 0.00, 0.00, 1, '2024-07-11 17:32:48', '0000-00-00 00:00:00', 408, 0),
(714, 33, 17, '111', 1, 15.00, 15.00, 0.00, 0.00, 1, '2024-07-11 17:32:48', '0000-00-00 00:00:00', 408, 0),
(715, 33, 156, '111', 2, 3.00, 6.00, 0.00, 0.00, 1, '2024-07-11 17:32:48', '0000-00-00 00:00:00', 408, 0),
(716, 33, 30, '111', 2, 4.00, 8.00, 0.00, 0.00, 1, '2024-07-11 17:32:48', '0000-00-00 00:00:00', 408, 0),
(717, 33, 149, '111', 1, 15.00, 15.00, 0.00, 0.00, 1, '2024-07-11 17:32:48', '0000-00-00 00:00:00', 408, 0),
(718, 33, 19, '111', 2, 15.00, 30.00, 0.00, 0.00, 1, '2024-07-11 17:32:48', '0000-00-00 00:00:00', 408, 0),
(719, 33, 61, '111', 4, 1.15, 4.60, 0.00, 0.00, 1, '2024-07-11 17:32:48', '0000-00-00 00:00:00', 408, 0),
(720, 33, 66, '111', 4, 9.00, 36.00, 0.00, 0.00, 1, '2024-07-11 17:32:48', '0000-00-00 00:00:00', 408, 0),
(721, 34, 30, '111', 32, 4.00, 128.00, 0.00, 0.00, 1, '2024-07-12 18:58:59', '0000-00-00 00:00:00', 408, 0),
(722, 34, 10, '111', 1, 10.00, 10.00, 0.00, 0.00, 1, '2024-07-12 18:58:59', '0000-00-00 00:00:00', 408, 0),
(723, 34, 188, '11', 4, 25.00, 100.00, 0.00, 0.00, 1, '2024-07-12 18:58:59', '0000-00-00 00:00:00', 408, 0),
(724, 34, 154, '111', 7, 6.00, 42.00, 0.00, 0.00, 1, '2024-07-12 18:58:59', '0000-00-00 00:00:00', 408, 0),
(725, 34, 187, '15', 10, 40.00, 400.00, 0.00, 0.00, 1, '2024-07-12 18:58:59', '0000-00-00 00:00:00', 408, 0),
(726, 34, 184, '111', 46, 20.00, 920.00, 0.00, 0.00, 1, '2024-07-12 18:58:59', '0000-00-00 00:00:00', 408, 0),
(727, 34, 96, '111', 240, 5.00, 1200.00, 0.00, 0.00, 1, '2024-07-12 18:58:59', '0000-00-00 00:00:00', 408, 0),
(728, 34, 169, '111', 2, 150.00, 300.00, 0.00, 0.00, 1, '2024-07-12 18:58:59', '0000-00-00 00:00:00', 408, 0),
(729, 34, 182, '111', 5, 130.00, 650.00, 0.00, 0.00, 1, '2024-07-12 18:58:59', '0000-00-00 00:00:00', 408, 0),
(730, 34, 183, '4', 6, 5.00, 30.00, 0.00, 0.00, 1, '2024-07-12 18:58:59', '0000-00-00 00:00:00', 408, 0),
(731, 34, 88, '111', 2, 65.00, 130.00, 0.00, 0.00, 1, '2024-07-12 18:58:59', '0000-00-00 00:00:00', 408, 0),
(732, 34, 82, '111', 3, 0.00, 0.00, 0.00, 0.00, 1, '2024-07-12 18:58:59', '0000-00-00 00:00:00', 408, 0),
(733, 34, 13, '111', 1, 2.00, 2.00, 0.00, 0.00, 1, '2024-07-12 18:58:59', '0000-00-00 00:00:00', 408, 0),
(734, 34, 58, '3', 1, 87.00, 87.00, 0.00, 0.00, 1, '2024-07-12 18:58:59', '0000-00-00 00:00:00', 408, 0),
(735, 34, 36, '111', 1, 190.00, 190.00, 0.00, 0.00, 1, '2024-07-12 18:58:59', '0000-00-00 00:00:00', 408, 0),
(736, 34, 9, '111', 1, 90.00, 90.00, 0.00, 0.00, 1, '2024-07-12 18:58:59', '0000-00-00 00:00:00', 408, 0),
(737, 34, 83, '111', 2, 30.00, 60.00, 0.00, 0.00, 1, '2024-07-12 18:58:59', '0000-00-00 00:00:00', 408, 0),
(738, 34, 90, '111', 2, 30.00, 60.00, 0.00, 0.00, 1, '2024-07-12 18:58:59', '0000-00-00 00:00:00', 408, 0),
(739, 34, 94, '111', 2, 30.00, 60.00, 0.00, 0.00, 1, '2024-07-12 18:58:59', '0000-00-00 00:00:00', 408, 0),
(740, 34, 75, '111', 1, 20.00, 20.00, 0.00, 0.00, 1, '2024-07-12 18:58:59', '0000-00-00 00:00:00', 408, 0),
(741, 34, 170, '111', 1, 330.00, 330.00, 0.00, 0.00, 1, '2024-07-12 18:58:59', '0000-00-00 00:00:00', 408, 0),
(742, 34, 171, '10', 1, 22.00, 22.00, 0.00, 0.00, 1, '2024-07-12 18:58:59', '0000-00-00 00:00:00', 408, 0),
(743, 34, 181, '111', 1, 40.00, 40.00, 0.00, 0.00, 1, '2024-07-12 18:58:59', '0000-00-00 00:00:00', 408, 0),
(744, 34, 67, '111', 1, 0.00, 0.00, 0.00, 0.00, 1, '2024-07-12 18:58:59', '0000-00-00 00:00:00', 408, 0),
(745, 34, 120, '111', 2, 30.00, 60.00, 0.00, 0.00, 1, '2024-07-12 18:58:59', '0000-00-00 00:00:00', 408, 0),
(746, 34, 87, '8', 10, 5.00, 50.00, 0.00, 0.00, 1, '2024-07-12 18:58:59', '0000-00-00 00:00:00', 408, 0),
(747, 34, 124, '111', 2, 20.00, 40.00, 0.00, 0.00, 1, '2024-07-12 18:58:59', '0000-00-00 00:00:00', 408, 0),
(748, 34, 119, '111', 1, 850.00, 850.00, 0.00, 0.00, 1, '2024-07-12 18:58:59', '0000-00-00 00:00:00', 408, 0),
(749, 35, 58, '3', 2, 87.00, 174.00, 0.00, 0.00, 1, '2024-07-12 19:10:31', '0000-00-00 00:00:00', 408, 0),
(750, 35, 181, '111', 2, 40.00, 80.00, 0.00, 0.00, 1, '2024-07-12 19:10:31', '0000-00-00 00:00:00', 408, 0),
(751, 35, 67, '111', 2, 0.00, 0.00, 0.00, 0.00, 1, '2024-07-12 19:10:31', '0000-00-00 00:00:00', 408, 0),
(752, 35, 90, '111', 1, 30.00, 30.00, 0.00, 0.00, 1, '2024-07-12 19:10:31', '0000-00-00 00:00:00', 408, 0),
(753, 35, 94, '111', 1, 30.00, 30.00, 0.00, 0.00, 1, '2024-07-12 19:10:31', '0000-00-00 00:00:00', 408, 0),
(754, 35, 83, '111', 1, 30.00, 30.00, 0.00, 0.00, 1, '2024-07-12 19:10:31', '0000-00-00 00:00:00', 408, 0),
(755, 35, 89, '111', 1, 60.00, 60.00, 0.00, 0.00, 1, '2024-07-12 19:10:31', '0000-00-00 00:00:00', 408, 0),
(756, 35, 81, '111', 1, 60.00, 60.00, 0.00, 0.00, 1, '2024-07-12 19:10:31', '0000-00-00 00:00:00', 408, 0),
(757, 35, 176, '111', 1, 20.00, 20.00, 0.00, 0.00, 1, '2024-07-12 19:10:31', '0000-00-00 00:00:00', 408, 0),
(758, 35, 175, '111', 1, 10.00, 10.00, 0.00, 0.00, 1, '2024-07-12 19:10:31', '0000-00-00 00:00:00', 408, 0),
(759, 35, 75, '111', 1, 20.00, 20.00, 0.00, 0.00, 1, '2024-07-12 19:10:31', '0000-00-00 00:00:00', 408, 0),
(760, 35, 47, '111', 1, 60.00, 60.00, 0.00, 0.00, 1, '2024-07-12 19:10:31', '0000-00-00 00:00:00', 408, 0),
(761, 35, 86, '111', 1, 30.00, 30.00, 0.00, 0.00, 1, '2024-07-12 19:10:31', '0000-00-00 00:00:00', 408, 0),
(762, 35, 155, '111', 1, 110.00, 110.00, 0.00, 0.00, 1, '2024-07-12 19:10:31', '0000-00-00 00:00:00', 408, 0),
(763, 35, 183, '4', 4, 5.00, 20.00, 0.00, 0.00, 1, '2024-07-12 19:10:31', '0000-00-00 00:00:00', 408, 0),
(764, 35, 9, '111', 1, 90.00, 90.00, 0.00, 0.00, 1, '2024-07-12 19:10:31', '0000-00-00 00:00:00', 408, 0),
(765, 35, 104, '111', 1, 30.00, 30.00, 0.00, 0.00, 1, '2024-07-12 19:10:31', '0000-00-00 00:00:00', 408, 0),
(766, 36, 58, '3', 1, 87.00, 87.00, 0.00, 0.00, 1, '2024-07-12 20:12:37', '0000-00-00 00:00:00', 408, 0),
(767, 36, 186, '1', 2, 92.00, 184.00, 0.00, 0.00, 1, '2024-07-12 20:12:37', '0000-00-00 00:00:00', 408, 0),
(768, 36, 9, '111', 7, 90.00, 630.00, 0.00, 0.00, 1, '2024-07-12 20:12:37', '0000-00-00 00:00:00', 408, 0),
(769, 36, 104, '111', 2, 30.00, 60.00, 0.00, 0.00, 1, '2024-07-12 20:12:37', '0000-00-00 00:00:00', 408, 0),
(770, 36, 90, '111', 1, 30.00, 30.00, 0.00, 0.00, 1, '2024-07-12 20:12:37', '0000-00-00 00:00:00', 408, 0),
(771, 36, 94, '111', 1, 30.00, 30.00, 0.00, 0.00, 1, '2024-07-12 20:12:37', '0000-00-00 00:00:00', 408, 0),
(772, 36, 83, '111', 1, 30.00, 30.00, 0.00, 0.00, 1, '2024-07-12 20:12:37', '0000-00-00 00:00:00', 408, 0),
(773, 36, 89, '111', 1, 60.00, 60.00, 0.00, 0.00, 1, '2024-07-12 20:12:37', '0000-00-00 00:00:00', 408, 0),
(774, 36, 81, '111', 1, 60.00, 60.00, 0.00, 0.00, 1, '2024-07-12 20:12:37', '0000-00-00 00:00:00', 408, 0),
(775, 36, 82, '111', 1, 0.00, 0.00, 0.00, 0.00, 1, '2024-07-12 20:12:37', '0000-00-00 00:00:00', 408, 0),
(776, 36, 176, '111', 1, 20.00, 20.00, 0.00, 0.00, 1, '2024-07-12 20:12:37', '0000-00-00 00:00:00', 408, 0),
(777, 36, 175, '111', 1, 10.00, 10.00, 0.00, 0.00, 1, '2024-07-12 20:12:37', '0000-00-00 00:00:00', 408, 0),
(778, 36, 151, '111', 1, 300.00, 300.00, 0.00, 0.00, 1, '2024-07-12 20:12:37', '0000-00-00 00:00:00', 408, 0),
(779, 36, 75, '111', 2, 20.00, 40.00, 0.00, 0.00, 1, '2024-07-12 20:12:37', '0000-00-00 00:00:00', 408, 0),
(780, 36, 86, '111', 1, 30.00, 30.00, 0.00, 0.00, 1, '2024-07-12 20:12:37', '0000-00-00 00:00:00', 408, 0),
(781, 36, 155, '111', 3, 110.00, 330.00, 0.00, 0.00, 1, '2024-07-12 20:12:37', '0000-00-00 00:00:00', 408, 0),
(782, 36, 183, '4', 9, 5.00, 45.00, 0.00, 0.00, 1, '2024-07-12 20:12:37', '0000-00-00 00:00:00', 408, 0),
(783, 36, 180, '111', 1, 9.00, 9.00, 0.00, 0.00, 1, '2024-07-12 20:12:37', '0000-00-00 00:00:00', 408, 0),
(784, 36, 76, '111', 15, 25.00, 375.00, 0.00, 0.00, 1, '2024-07-12 20:12:37', '0000-00-00 00:00:00', 408, 0),
(785, 36, 80, '111', 6, 350.00, 2100.00, 0.00, 0.00, 1, '2024-07-12 20:12:37', '0000-00-00 00:00:00', 408, 0),
(786, 36, 40, '111', 6, 95.00, 570.00, 0.00, 0.00, 1, '2024-07-12 20:12:37', '0000-00-00 00:00:00', 408, 0),
(787, 36, 48, '111', 8, 85.00, 680.00, 0.00, 0.00, 1, '2024-07-12 20:12:37', '0000-00-00 00:00:00', 408, 0),
(788, 36, 20, '111', 8, 15.00, 120.00, 0.00, 0.00, 1, '2024-07-12 20:12:37', '0000-00-00 00:00:00', 408, 0),
(789, 36, 84, '3', 1, 375.00, 375.00, 0.00, 0.00, 1, '2024-07-12 20:12:37', '0000-00-00 00:00:00', 408, 0),
(790, 36, 129, '111', 1, 35.00, 35.00, 0.00, 0.00, 1, '2024-07-12 20:12:37', '0000-00-00 00:00:00', 408, 0),
(791, 36, 10, '111', 1, 10.00, 10.00, 0.00, 0.00, 1, '2024-07-12 20:12:37', '0000-00-00 00:00:00', 408, 0),
(792, 36, 141, '111', 1, 140.00, 140.00, 0.00, 0.00, 1, '2024-07-12 20:12:37', '0000-00-00 00:00:00', 408, 0),
(793, 36, 61, '111', 4, 1.15, 4.60, 0.00, 0.00, 1, '2024-07-12 20:12:37', '0000-00-00 00:00:00', 408, 0),
(794, 37, 58, '3', 1, 87.00, 87.00, 0.00, 0.00, 1, '2024-07-12 20:16:33', '0000-00-00 00:00:00', 408, 0),
(795, 37, 14, '111', 1, 250.00, 250.00, 0.00, 0.00, 1, '2024-07-12 20:16:33', '0000-00-00 00:00:00', 408, 0),
(796, 37, 9, '111', 1, 90.00, 90.00, 0.00, 0.00, 1, '2024-07-12 20:16:33', '0000-00-00 00:00:00', 408, 0),
(797, 37, 159, '111', 1, 30.00, 30.00, 0.00, 0.00, 1, '2024-07-12 20:16:33', '0000-00-00 00:00:00', 408, 0),
(798, 37, 149, '111', 3, 15.00, 45.00, 0.00, 0.00, 1, '2024-07-12 20:16:33', '0000-00-00 00:00:00', 408, 0),
(799, 37, 83, '111', 1, 30.00, 30.00, 0.00, 0.00, 1, '2024-07-12 20:16:33', '0000-00-00 00:00:00', 408, 0),
(800, 37, 90, '111', 1, 30.00, 30.00, 0.00, 0.00, 1, '2024-07-12 20:16:33', '0000-00-00 00:00:00', 408, 0),
(801, 37, 94, '111', 1, 30.00, 30.00, 0.00, 0.00, 1, '2024-07-12 20:16:33', '0000-00-00 00:00:00', 408, 0),
(802, 38, 58, '3', 1, 87.00, 87.00, 0.00, 0.00, 1, '2024-07-12 20:42:35', '0000-00-00 00:00:00', 408, 0),
(803, 38, 90, '111', 1, 30.00, 30.00, 0.00, 0.00, 1, '2024-07-12 20:42:35', '0000-00-00 00:00:00', 408, 0),
(804, 38, 94, '111', 1, 30.00, 30.00, 0.00, 0.00, 1, '2024-07-12 20:42:35', '0000-00-00 00:00:00', 408, 0),
(805, 38, 83, '111', 2, 30.00, 60.00, 0.00, 0.00, 1, '2024-07-12 20:42:35', '0000-00-00 00:00:00', 408, 0),
(806, 38, 9, '111', 6, 90.00, 540.00, 0.00, 0.00, 1, '2024-07-12 20:42:35', '0000-00-00 00:00:00', 408, 0),
(807, 38, 186, '1', 1, 92.00, 92.00, 0.00, 0.00, 1, '2024-07-12 20:42:35', '0000-00-00 00:00:00', 408, 0),
(808, 38, 180, '111', 1, 9.00, 9.00, 0.00, 0.00, 1, '2024-07-12 20:42:35', '0000-00-00 00:00:00', 408, 0),
(809, 38, 47, '18', 1, 60.00, 60.00, 0.00, 0.00, 1, '2024-07-12 20:42:35', '0000-00-00 00:00:00', 408, 0),
(810, 38, 36, '111', 6, 190.00, 1140.00, 0.00, 0.00, 1, '2024-07-12 20:42:35', '0000-00-00 00:00:00', 408, 0),
(811, 38, 131, '111', 6, 55.00, 330.00, 0.00, 0.00, 1, '2024-07-12 20:42:35', '0000-00-00 00:00:00', 408, 0),
(812, 38, 48, '111', 6, 85.00, 510.00, 0.00, 0.00, 1, '2024-07-12 20:42:35', '0000-00-00 00:00:00', 408, 0),
(813, 38, 104, '111', 4, 30.00, 120.00, 0.00, 0.00, 1, '2024-07-12 20:42:35', '0000-00-00 00:00:00', 408, 0),
(814, 38, 20, '111', 7, 15.00, 105.00, 0.00, 0.00, 1, '2024-07-12 20:42:35', '0000-00-00 00:00:00', 408, 0),
(815, 38, 69, '111', 1, 100.00, 100.00, 0.00, 0.00, 1, '2024-07-12 20:42:35', '0000-00-00 00:00:00', 408, 0),
(816, 38, 82, '111', 1, 0.00, 0.00, 0.00, 0.00, 1, '2024-07-12 20:42:35', '0000-00-00 00:00:00', 408, 0),
(817, 38, 120, '111', 1, 30.00, 30.00, 0.00, 0.00, 1, '2024-07-12 20:42:35', '0000-00-00 00:00:00', 408, 0),
(818, 38, 88, '111', 1, 65.00, 65.00, 0.00, 0.00, 1, '2024-07-12 20:42:35', '0000-00-00 00:00:00', 408, 0),
(819, 38, 183, '4', 4, 5.00, 20.00, 0.00, 0.00, 1, '2024-07-12 20:42:35', '0000-00-00 00:00:00', 408, 0),
(820, 38, 87, '8', 4, 5.00, 20.00, 0.00, 0.00, 1, '2024-07-12 20:42:35', '0000-00-00 00:00:00', 408, 0),
(821, 38, 181, '111', 2, 40.00, 80.00, 0.00, 0.00, 1, '2024-07-12 20:42:35', '0000-00-00 00:00:00', 408, 0),
(822, 38, 31, '111', 2, 17.80, 35.60, 0.00, 0.00, 1, '2024-07-12 20:42:35', '0000-00-00 00:00:00', 408, 0),
(823, 38, 67, '111', 2, 0.00, 0.00, 0.00, 0.00, 1, '2024-07-12 20:42:35', '0000-00-00 00:00:00', 408, 0),
(824, 39, 58, '3', 3, 87.00, 261.00, 0.00, 0.00, 1, '2024-07-12 21:13:56', '0000-00-00 00:00:00', 408, 0),
(825, 39, 9, '111', 7, 90.00, 630.00, 0.00, 0.00, 1, '2024-07-12 21:13:56', '0000-00-00 00:00:00', 408, 0),
(826, 39, 104, '111', 1, 30.00, 30.00, 0.00, 0.00, 1, '2024-07-12 21:13:56', '0000-00-00 00:00:00', 408, 0),
(827, 39, 90, '111', 1, 30.00, 30.00, 0.00, 0.00, 1, '2024-07-12 21:13:56', '0000-00-00 00:00:00', 408, 0),
(828, 39, 94, '111', 1, 30.00, 30.00, 0.00, 0.00, 1, '2024-07-12 21:13:56', '0000-00-00 00:00:00', 408, 0),
(829, 39, 83, '111', 1, 30.00, 30.00, 0.00, 0.00, 1, '2024-07-12 21:13:56', '0000-00-00 00:00:00', 408, 0),
(830, 39, 89, '111', 1, 60.00, 60.00, 0.00, 0.00, 1, '2024-07-12 21:13:56', '0000-00-00 00:00:00', 408, 0),
(831, 39, 81, '111', 1, 60.00, 60.00, 0.00, 0.00, 1, '2024-07-12 21:13:56', '0000-00-00 00:00:00', 408, 0),
(832, 39, 176, '111', 1, 20.00, 20.00, 0.00, 0.00, 1, '2024-07-12 21:13:56', '0000-00-00 00:00:00', 408, 0),
(833, 39, 175, '111', 1, 10.00, 10.00, 0.00, 0.00, 1, '2024-07-12 21:13:56', '0000-00-00 00:00:00', 408, 0),
(834, 39, 153, '111', 1, 235.00, 235.00, 0.00, 0.00, 1, '2024-07-12 21:13:56', '0000-00-00 00:00:00', 408, 0),
(835, 39, 75, '111', 2, 20.00, 40.00, 0.00, 0.00, 1, '2024-07-12 21:13:56', '0000-00-00 00:00:00', 408, 0),
(836, 39, 86, '111', 1, 30.00, 30.00, 0.00, 0.00, 1, '2024-07-12 21:13:56', '0000-00-00 00:00:00', 408, 0),
(837, 39, 155, '111', 1, 110.00, 110.00, 0.00, 0.00, 1, '2024-07-12 21:13:56', '0000-00-00 00:00:00', 408, 0),
(838, 39, 183, '4', 8, 5.00, 40.00, 0.00, 0.00, 1, '2024-07-12 21:13:56', '0000-00-00 00:00:00', 408, 0),
(839, 39, 186, '1', 1, 92.00, 92.00, 0.00, 0.00, 1, '2024-07-12 21:13:56', '0000-00-00 00:00:00', 408, 0),
(840, 39, 180, '111', 1, 9.00, 9.00, 0.00, 0.00, 1, '2024-07-12 21:13:56', '0000-00-00 00:00:00', 408, 0),
(841, 39, 47, '18', 1, 60.00, 60.00, 0.00, 0.00, 1, '2024-07-12 21:13:56', '0000-00-00 00:00:00', 408, 0),
(842, 39, 76, '111', 15, 25.00, 375.00, 0.00, 0.00, 1, '2024-07-12 21:13:56', '0000-00-00 00:00:00', 408, 0),
(843, 39, 132, '11', 6, 500.00, 3000.00, 0.00, 0.00, 1, '2024-07-12 21:13:56', '0000-00-00 00:00:00', 408, 0),
(844, 39, 40, '111', 6, 95.00, 570.00, 0.00, 0.00, 1, '2024-07-12 21:13:56', '0000-00-00 00:00:00', 408, 0),
(845, 39, 48, '111', 9, 85.00, 765.00, 0.00, 0.00, 1, '2024-07-12 21:13:56', '0000-00-00 00:00:00', 408, 0),
(846, 39, 20, '111', 9, 15.00, 135.00, 0.00, 0.00, 1, '2024-07-12 21:13:56', '0000-00-00 00:00:00', 408, 0),
(847, 39, 69, '111', 1, 100.00, 100.00, 0.00, 0.00, 1, '2024-07-12 21:13:56', '0000-00-00 00:00:00', 408, 0),
(848, 39, 82, '111', 1, 0.00, 0.00, 0.00, 0.00, 1, '2024-07-12 21:13:56', '0000-00-00 00:00:00', 408, 0),
(849, 39, 120, '2', 1, 30.00, 30.00, 0.00, 0.00, 1, '2024-07-12 21:13:56', '0000-00-00 00:00:00', 408, 0),
(850, 39, 88, '111', 1, 65.00, 65.00, 0.00, 0.00, 1, '2024-07-12 21:13:56', '0000-00-00 00:00:00', 408, 0),
(851, 39, 84, '3', 1, 375.00, 375.00, 0.00, 0.00, 1, '2024-07-12 21:13:56', '0000-00-00 00:00:00', 408, 0),
(852, 39, 87, '8', 6, 5.00, 30.00, 0.00, 0.00, 1, '2024-07-12 21:13:56', '0000-00-00 00:00:00', 408, 0),
(853, 39, 109, '10', 1, 280.00, 280.00, 0.00, 0.00, 1, '2024-07-12 21:13:56', '0000-00-00 00:00:00', 408, 0),
(854, 39, 162, '111', 1, 100.00, 100.00, 0.00, 0.00, 1, '2024-07-12 21:13:56', '0000-00-00 00:00:00', 408, 0),
(855, 39, 163, '111', 1, 50.00, 50.00, 0.00, 0.00, 1, '2024-07-12 21:13:56', '0000-00-00 00:00:00', 408, 0),
(856, 39, 156, '111', 6, 3.00, 18.00, 0.00, 0.00, 1, '2024-07-12 21:13:56', '0000-00-00 00:00:00', 408, 0),
(857, 39, 30, '111', 6, 4.00, 24.00, 0.00, 0.00, 1, '2024-07-12 21:13:56', '0000-00-00 00:00:00', 408, 0),
(858, 39, 61, '111', 4, 1.15, 4.60, 0.00, 0.00, 1, '2024-07-12 21:13:56', '0000-00-00 00:00:00', 408, 0),
(859, 39, 3, '111', 14, 60.00, 840.00, 0.00, 0.00, 1, '2024-07-12 21:13:56', '0000-00-00 00:00:00', 408, 0),
(860, 39, 78, '111', 28, 12.00, 336.00, 0.00, 0.00, 1, '2024-07-12 21:13:56', '0000-00-00 00:00:00', 408, 0),
(861, 39, 23, '111', 14, 20.00, 280.00, 0.00, 0.00, 1, '2024-07-12 21:13:56', '0000-00-00 00:00:00', 408, 0),
(862, 39, 45, '111', 14, 2.00, 28.00, 0.00, 0.00, 1, '2024-07-12 21:13:56', '0000-00-00 00:00:00', 408, 0),
(863, 39, 66, '111', 7, 9.00, 63.00, 0.00, 0.00, 1, '2024-07-12 21:13:56', '0000-00-00 00:00:00', 408, 0),
(864, 39, 10, '111', 14, 10.00, 140.00, 0.00, 0.00, 1, '2024-07-12 21:13:56', '0000-00-00 00:00:00', 408, 0),
(865, 39, 141, '111', 1, 140.00, 140.00, 0.00, 0.00, 1, '2024-07-12 21:13:56', '0000-00-00 00:00:00', 408, 0),
(866, 39, 12, '111', 1, 140.00, 140.00, 0.00, 0.00, 1, '2024-07-12 21:13:56', '0000-00-00 00:00:00', 408, 0),
(867, 40, 58, '3', 2, 87.00, 174.00, 0.00, 0.00, 1, '2024-07-12 21:29:09', '0000-00-00 00:00:00', 408, 0),
(868, 40, 104, '111', 1, 30.00, 30.00, 0.00, 0.00, 1, '2024-07-12 21:29:09', '0000-00-00 00:00:00', 408, 0),
(869, 40, 90, '111', 2, 30.00, 60.00, 0.00, 0.00, 1, '2024-07-12 21:29:09', '0000-00-00 00:00:00', 408, 0),
(870, 40, 94, '111', 2, 30.00, 60.00, 0.00, 0.00, 1, '2024-07-12 21:29:09', '0000-00-00 00:00:00', 408, 0),
(871, 40, 89, '111', 1, 60.00, 60.00, 0.00, 0.00, 1, '2024-07-12 21:29:09', '0000-00-00 00:00:00', 408, 0),
(872, 40, 81, '111', 1, 60.00, 60.00, 0.00, 0.00, 1, '2024-07-12 21:29:09', '0000-00-00 00:00:00', 408, 0),
(873, 40, 176, '111', 1, 20.00, 20.00, 0.00, 0.00, 1, '2024-07-12 21:29:09', '0000-00-00 00:00:00', 408, 0),
(874, 40, 175, '111', 1, 10.00, 10.00, 0.00, 0.00, 1, '2024-07-12 21:29:09', '0000-00-00 00:00:00', 408, 0),
(875, 40, 47, '111', 2, 60.00, 120.00, 0.00, 0.00, 1, '2024-07-12 21:29:09', '0000-00-00 00:00:00', 408, 0),
(876, 40, 83, '111', 1, 30.00, 30.00, 0.00, 0.00, 1, '2024-07-12 21:29:09', '0000-00-00 00:00:00', 408, 0),
(877, 40, 132, '11', 6, 500.00, 3000.00, 0.00, 0.00, 1, '2024-07-12 21:29:09', '0000-00-00 00:00:00', 408, 0),
(878, 40, 9, '111', 6, 90.00, 540.00, 0.00, 0.00, 1, '2024-07-12 21:29:09', '0000-00-00 00:00:00', 408, 0),
(879, 40, 48, '111', 8, 85.00, 680.00, 0.00, 0.00, 1, '2024-07-12 21:29:09', '0000-00-00 00:00:00', 408, 0),
(880, 40, 79, '111', 4, 200.00, 800.00, 0.00, 0.00, 1, '2024-07-12 21:29:09', '0000-00-00 00:00:00', 408, 0),
(881, 40, 20, '111', 8, 15.00, 120.00, 0.00, 0.00, 1, '2024-07-12 21:29:09', '0000-00-00 00:00:00', 408, 0),
(882, 40, 69, '111', 1, 100.00, 100.00, 0.00, 0.00, 1, '2024-07-12 21:29:09', '0000-00-00 00:00:00', 408, 0),
(883, 40, 82, '111', 1, 0.00, 0.00, 0.00, 0.00, 1, '2024-07-12 21:29:09', '0000-00-00 00:00:00', 408, 0),
(884, 40, 120, '2', 1, 30.00, 30.00, 0.00, 0.00, 1, '2024-07-12 21:29:09', '0000-00-00 00:00:00', 408, 0),
(885, 40, 183, '4', 8, 5.00, 40.00, 0.00, 0.00, 1, '2024-07-12 21:29:09', '0000-00-00 00:00:00', 408, 0),
(886, 40, 88, '111', 1, 65.00, 65.00, 0.00, 0.00, 1, '2024-07-12 21:29:09', '0000-00-00 00:00:00', 408, 0),
(887, 40, 84, '3', 1, 375.00, 375.00, 0.00, 0.00, 1, '2024-07-12 21:29:09', '0000-00-00 00:00:00', 408, 0),
(888, 40, 87, '8', 6, 5.00, 30.00, 0.00, 0.00, 1, '2024-07-12 21:29:09', '0000-00-00 00:00:00', 408, 0),
(889, 40, 17, '111', 1, 15.00, 15.00, 0.00, 0.00, 1, '2024-07-12 21:29:09', '0000-00-00 00:00:00', 408, 0),
(890, 41, 183, '4', 4, 5.00, 20.00, 0.00, 0.00, 1, '2024-07-13 19:40:25', '0000-00-00 00:00:00', 408, 0),
(891, 41, 90, '111', 2, 30.00, 60.00, 0.00, 0.00, 1, '2024-07-13 19:40:25', '0000-00-00 00:00:00', 408, 0),
(892, 41, 94, '111', 2, 30.00, 60.00, 0.00, 0.00, 1, '2024-07-13 19:40:25', '0000-00-00 00:00:00', 408, 0),
(893, 41, 87, '8', 3, 5.00, 15.00, 0.00, 0.00, 1, '2024-07-13 19:40:25', '0000-00-00 00:00:00', 408, 0),
(894, 41, 40, '111', 1, 95.00, 95.00, 0.00, 0.00, 1, '2024-07-13 19:40:25', '0000-00-00 00:00:00', 408, 0),
(895, 41, 58, '3', 1, 87.00, 87.00, 0.00, 0.00, 1, '2024-07-13 19:40:25', '0000-00-00 00:00:00', 408, 0),
(896, 41, 83, '111', 1, 30.00, 30.00, 0.00, 0.00, 1, '2024-07-13 19:40:25', '0000-00-00 00:00:00', 408, 0),
(897, 41, 156, '111', 10, 3.00, 30.00, 0.00, 0.00, 1, '2024-07-13 19:40:25', '0000-00-00 00:00:00', 408, 0),
(898, 41, 30, '111', 14, 4.00, 56.00, 0.00, 0.00, 1, '2024-07-13 19:40:25', '0000-00-00 00:00:00', 408, 0),
(899, 41, 184, '4', 1, 20.00, 20.00, 0.00, 0.00, 1, '2024-07-13 19:40:25', '0000-00-00 00:00:00', 408, 0),
(900, 42, 58, '3', 1, 87.00, 87.00, 0.00, 0.00, 1, '2024-07-13 19:49:01', '0000-00-00 00:00:00', 408, 0),
(901, 42, 92, '111', 1, 30.00, 30.00, 0.00, 0.00, 1, '2024-07-13 19:49:01', '0000-00-00 00:00:00', 408, 0),
(902, 42, 94, '111', 1, 30.00, 30.00, 0.00, 0.00, 1, '2024-07-13 19:49:01', '0000-00-00 00:00:00', 408, 0),
(903, 42, 83, '111', 1, 30.00, 30.00, 0.00, 0.00, 1, '2024-07-13 19:49:01', '0000-00-00 00:00:00', 408, 0),
(904, 42, 104, '111', 1, 30.00, 30.00, 0.00, 0.00, 1, '2024-07-13 19:49:01', '0000-00-00 00:00:00', 408, 0),
(905, 42, 9, '111', 1, 90.00, 90.00, 0.00, 0.00, 1, '2024-07-13 19:49:01', '0000-00-00 00:00:00', 408, 0),
(906, 43, 90, '111', 1, 30.00, 30.00, 0.00, 0.00, 1, '2024-07-14 17:05:12', '0000-00-00 00:00:00', 408, 0),
(907, 43, 94, '111', 1, 30.00, 30.00, 0.00, 0.00, 1, '2024-07-14 17:05:12', '0000-00-00 00:00:00', 408, 0),
(908, 43, 95, '6', 5, 5.00, 25.00, 0.00, 0.00, 1, '2024-07-14 17:05:12', '0000-00-00 00:00:00', 408, 0),
(909, 43, 5, '111', 5, 300.00, 1500.00, 0.00, 0.00, 1, '2024-07-14 17:05:12', '0000-00-00 00:00:00', 408, 0),
(910, 43, 9, '111', 4, 90.00, 360.00, 0.00, 0.00, 1, '2024-07-14 17:05:12', '0000-00-00 00:00:00', 408, 0),
(911, 43, 127, '111', 3, 5.00, 15.00, 0.00, 0.00, 1, '2024-07-14 17:05:12', '0000-00-00 00:00:00', 408, 0),
(912, 43, 188, '11', 3, 25.00, 75.00, 0.00, 0.00, 1, '2024-07-14 17:05:12', '0000-00-00 00:00:00', 408, 0),
(913, 43, 155, '111', 1, 110.00, 110.00, 0.00, 0.00, 1, '2024-07-14 17:05:12', '0000-00-00 00:00:00', 408, 0),
(914, 43, 13, '111', 2, 2.00, 4.00, 0.00, 0.00, 1, '2024-07-14 17:05:12', '0000-00-00 00:00:00', 408, 0),
(915, 43, 160, '111', 2, 170.00, 340.00, 0.00, 0.00, 1, '2024-07-14 17:05:12', '0000-00-00 00:00:00', 408, 0),
(916, 43, 167, '111', 1, 50.00, 50.00, 0.00, 0.00, 1, '2024-07-14 17:05:12', '0000-00-00 00:00:00', 408, 0),
(917, 43, 124, '111', 2, 20.00, 40.00, 0.00, 0.00, 1, '2024-07-14 17:05:12', '0000-00-00 00:00:00', 408, 0),
(918, 43, 183, '4', 2, 5.00, 10.00, 0.00, 0.00, 1, '2024-07-14 17:05:12', '0000-00-00 00:00:00', 408, 0),
(919, 43, 40, '111', 1, 95.00, 95.00, 0.00, 0.00, 1, '2024-07-14 17:05:12', '0000-00-00 00:00:00', 408, 0),
(920, 43, 10, '111', 1, 10.00, 10.00, 0.00, 0.00, 1, '2024-07-14 17:05:12', '0000-00-00 00:00:00', 408, 0),
(921, 43, 32, '111', 2, 60.00, 120.00, 0.00, 0.00, 1, '2024-07-14 17:05:12', '0000-00-00 00:00:00', 408, 0),
(922, 43, 128, '111', 6, 3.00, 18.00, 0.00, 0.00, 1, '2024-07-14 17:05:12', '0000-00-00 00:00:00', 408, 0),
(923, 43, 156, '111', 10, 3.00, 30.00, 0.00, 0.00, 1, '2024-07-14 17:05:12', '0000-00-00 00:00:00', 408, 0),
(924, 43, 30, '111', 14, 4.00, 56.00, 0.00, 0.00, 1, '2024-07-14 17:05:12', '0000-00-00 00:00:00', 408, 0),
(925, 43, 48, '', 1, 85.00, 85.00, 0.00, 0.00, 1, '2024-07-14 17:05:12', '0000-00-00 00:00:00', 408, 0),
(926, 44, 31, '111', 10, 17.80, 178.00, 0.00, 0.00, 1, '2024-09-10 15:21:37', '0000-00-00 00:00:00', 211, 0),
(927, 45, 69, '232', 1, 100.00, 100.00, 0.00, 0.00, 1, '2024-12-23 20:26:15', '0000-00-00 00:00:00', 1, 0),
(928, 46, 181, '32', 1, 40.00, 40.00, 0.00, 0.00, 1, '2024-12-23 20:27:58', '0000-00-00 00:00:00', 1, 0);

-- --------------------------------------------------------

--
